66.249.77.229 - - [17/Oct/2024:21:07:56 -0400] "GET /WTznkvXI1swprFIR HTTP/1.1" 404 1251 "-" "Mozilla/5.0 (Linux; Android 6.0.1; Nexus 5X Build/MMB29P) AppleWebKit/537.36 (KHTML, like Gecko) Chrome/129.0.6668.89 Mobile Safari/537.36 (compatible; Googlebot/2.1; +http://www.google.com/bot.html)"
66.249.75.199 - - [17/Oct/2024:21:10:14 -0400] "GET /hehehehehe.php?dir=%2Fhome%2Fantommvy%2Flscache%2F9 HTTP/1.1" 200 1565 "-" "Mozilla/5.0 (Linux; Android 6.0.1; Nexus 5X Build/MMB29P) AppleWebKit/537.36 (KHTML, like Gecko) Chrome/129.0.6668.89 Mobile Safari/537.36 (compatible; Googlebot/2.1; +http://www.google.com/bot.html)"
103.28.52.66 - - [17/Oct/2024:21:12:56 -0400] "POST /wp-login.php HTTP/1.1" 302 0 "-" "Mozilla/5.0 (Windows NT 6.1) AppleWebKit/537.36 (KHTML, like Gecko) Chrome/65.0.3325.181 Safari/537.36"
103.28.52.66 - - [17/Oct/2024:21:12:59 -0400] "GET /wp-admin/install.php HTTP/1.1" 200 0 "-" "Mozilla/5.0 (Windows NT 6.1) AppleWebKit/537.36 (KHTML, like Gecko) Chrome/65.0.3325.181 Safari/537.36"
66.249.75.199 - - [17/Oct/2024:21:15:30 -0400] "GET /hehehehehe.php?dir=%2Fhome HTTP/1.1" 200 1755 "-" "Mozilla/5.0 (Linux; Android 6.0.1; Nexus 5X Build/MMB29P) AppleWebKit/537.36 (KHTML, like Gecko) Chrome/129.0.6668.89 Mobile Safari/537.36 (compatible; Googlebot/2.1; +http://www.google.com/bot.html)"
66.249.75.198 - - [17/Oct/2024:21:18:37 -0400] "GET /hehehehehe.php?dir=%2Fhome%2Fantommvy%2Fpublic_html HTTP/1.1" 200 3453 "-" "Mozilla/5.0 (Linux; Android 6.0.1; Nexus 5X Build/MMB29P) AppleWebKit/537.36 (KHTML, like Gecko) Chrome/129.0.6668.89 Mobile Safari/537.36 (compatible; Googlebot/2.1; +http://www.google.com/bot.html)"
66.249.75.199 - - [17/Oct/2024:21:18:38 -0400] "GET /hehehehehe.php?dir=%2Fhome%2Fantommvy%2Flscache%2Fc HTTP/1.1" 200 1565 "-" "Mozilla/5.0 (Linux; Android 6.0.1; Nexus 5X Build/MMB29P) AppleWebKit/537.36 (KHTML, like Gecko) Chrome/129.0.6668.89 Mobile Safari/537.36 (compatible; Googlebot/2.1; +http://www.google.com/bot.html)"
66.249.75.200 - - [17/Oct/2024:21:18:40 -0400] "GET /hehehehehe.php?dir=%2Fhome%2Fantommvy%2Flscache%2F7 HTTP/1.1" 200 1566 "-" "Mozilla/5.0 (Linux; Android 6.0.1; Nexus 5X Build/MMB29P) AppleWebKit/537.36 (KHTML, like Gecko) Chrome/129.0.6668.89 Mobile Safari/537.36 (compatible; Googlebot/2.1; +http://www.google.com/bot.html)"
66.249.75.200 - - [17/Oct/2024:21:24:50 -0400] "GET /hehehehehe.php?dir=%2Fhome%2Fantommvy%2Fpublic_html%2Fwp-content%2Fplugins%2Fwp-reviews-plugin-for-google%2Fstatic HTTP/1.1" 200 2069 "-" "Mozilla/5.0 (Linux; Android 6.0.1; Nexus 5X Build/MMB29P) AppleWebKit/537.36 (KHTML, like Gecko) Chrome/129.0.6668.89 Mobile Safari/537.36 (compatible; GoogleOther)"
66.249.75.200 - - [17/Oct/2024:21:30:11 -0400] "GET /hehehehehe.php?dir=%2Fhome%2Fantommvy%2Fpublic_html%2Fwp-content%2Fuploads%2F2017%2F06 HTTP/1.1" 200 4441 "-" "Mozilla/5.0 (Linux; Android 6.0.1; Nexus 5X Build/MMB29P) AppleWebKit/537.36 (KHTML, like Gecko) Chrome/129.0.6668.89 Mobile Safari/537.36 (compatible; Googlebot/2.1; +http://www.google.com/bot.html)"
66.249.75.199 - - [17/Oct/2024:21:15:30 -0400] "GET /hehehehehe.php?dir=%2Fhome%2Fantommvy%2F.softaculous%2Fstatus HTTP/1.1" 200 1575 "-" "Mozilla/5.0 (Linux; Android 6.0.1; Nexus 5X Build/MMB29P) AppleWebKit/537.36 (KHTML, like Gecko) Chrome/129.0.6668.89 Mobile Safari/537.36 (compatible; Googlebot/2.1; +http://www.google.com/bot.html)"
66.249.75.199 - - [17/Oct/2024:21:23:57 -0400] "GET /hehehehehe.php?dir=%2Fhome%2Fantommvy%2Fpublic_html%2Fwp-content%2Fuploads%2F2017%2F10 HTTP/1.1" 200 2903 "-" "Mozilla/5.0 (Linux; Android 6.0.1; Nexus 5X Build/MMB29P) AppleWebKit/537.36 (KHTML, like Gecko) Chrome/129.0.6668.89 Mobile Safari/537.36 (compatible; Googlebot/2.1; +http://www.google.com/bot.html)"
162.240.104.99 - - [17/Oct/2024:21:25:03 -0400] "POST /wp-login.php HTTP/1.1" 302 0 "-" "Mozilla/5.0 (Windows NT 6.1; Win64; x64) AppleWebKit/537.36 (KHTML, like Gecko) Chrome/78.0.3904.97 Safari/537.36"
162.240.104.99 - - [17/Oct/2024:21:25:06 -0400] "GET /wp-admin/install.php HTTP/1.1" 200 0 "-" "Mozilla/5.0 (Windows NT 6.1; Win64; x64) AppleWebKit/537.36 (KHTML, like Gecko) Chrome/78.0.3904.97 Safari/537.36"
66.249.77.229 - - [17/Oct/2024:21:26:33 -0400] "GET //IYoVd7i5A HTTP/1.1" 404 1251 "-" "Mozilla/5.0 (Linux; Android 6.0.1; Nexus 5X Build/MMB29P) AppleWebKit/537.36 (KHTML, like Gecko) Chrome/129.0.6668.89 Mobile Safari/537.36 (compatible; Googlebot/2.1; +http://www.google.com/bot.html)"
66.249.75.198 - - [17/Oct/2024:21:27:05 -0400] "GET /hehehehehe.php?dir=%2Fhome%2Fantommvy%2Fpublic_html%2Fwp-content%2Fuploads%2F2017%2F01 HTTP/1.1" 200 1926 "-" "Mozilla/5.0 (Linux; Android 6.0.1; Nexus 5X Build/MMB29P) AppleWebKit/537.36 (KHTML, like Gecko) Chrome/129.0.6668.89 Mobile Safari/537.36 (compatible; Googlebot/2.1; +http://www.google.com/bot.html)"
52.167.144.218 - - [17/Oct/2024:21:32:52 -0400] "GET /hehehehehe.php?dir=%2Fhome%2Fantommvy%2Fpublic_html%2Ffonts HTTP/1.1" 200 2158 "-" "Mozilla/5.0 AppleWebKit/537.36 (KHTML, like Gecko; compatible; bingbot/2.0; +http://www.bing.com/bingbot.htm) Chrome/116.0.1938.76 Safari/537.36"
68.183.9.16 - - [17/Oct/2024:21:33:40 -0400] "GET / HTTP/1.1" 200 9062 "-" "-"
68.183.9.16 - - [17/Oct/2024:21:33:40 -0400] "GET /server HTTP/1.1" 404 1251 "-" "Go-http-client/1.1"
68.183.9.16 - - [17/Oct/2024:21:33:40 -0400] "GET /.vscode/sftp.json HTTP/1.1" 404 1251 "-" "Go-http-client/1.1"
68.183.9.16 - - [17/Oct/2024:21:33:40 -0400] "GET /about HTTP/1.1" 404 1251 "-" "Go-http-client/1.1"
68.183.9.16 - - [17/Oct/2024:21:33:40 -0400] "GET /debug/default/view?panel=config HTTP/1.1" 404 1251 "-" "Go-http-client/1.1"
68.183.9.16 - - [17/Oct/2024:21:33:41 -0400] "GET /v2/_catalog HTTP/1.1" 404 1251 "-" "Go-http-client/1.1"
68.183.9.16 - - [17/Oct/2024:21:33:41 -0400] "GET /ecp/Current/exporttool/microsoft.exchange.ediscovery.exporttool.application HTTP/1.1" 404 1251 "-" "Go-http-client/1.1"
68.183.9.16 - - [17/Oct/2024:21:33:41 -0400] "GET /login.action HTTP/1.1" 404 1251 "-" "Go-http-client/1.1"
68.183.9.16 - - [17/Oct/2024:21:33:41 -0400] "GET /.git/config HTTP/1.1" 403 1242 "-" "Go-http-client/1.1"
68.183.9.16 - - [17/Oct/2024:21:33:41 -0400] "GET /s/4343e2535313e21363e2538313/_/;/META-INF/maven/com.atlassian.jira/jira-webapp-dist/pom.properties HTTP/1.1" 404 1251 "-" "Go-http-client/1.1"
68.183.9.16 - - [17/Oct/2024:21:33:41 -0400] "GET /config.json HTTP/1.1" 404 1251 "-" "Go-http-client/1.1"
68.183.9.16 - - [17/Oct/2024:21:33:41 -0400] "GET /?rest_route=/wp/v2/users/ HTTP/1.1" 200 2067 "-" "Go-http-client/1.1"
139.59.27.59 - - [17/Oct/2024:21:37:15 -0400] "POST /wp-login.php HTTP/1.1" 302 0 "-" "Mozilla/5.0 (Windows NT 6.1; Win64; x64) AppleWebKit/537.36 (KHTML, like Gecko) Chrome/60.0.3112.113 Safari/537.36"
66.249.77.229 - - [17/Oct/2024:21:38:01 -0400] "GET /SUGEo2Nja3RL HTTP/1.1" 404 1251 "-" "Mozilla/5.0 (Linux; Android 6.0.1; Nexus 5X Build/MMB29P) AppleWebKit/537.36 (KHTML, like Gecko) Chrome/129.0.6668.89 Mobile Safari/537.36 (compatible; Googlebot/2.1; +http://www.google.com/bot.html)"
66.181.42.139 - - [17/Oct/2024:21:38:22 -0400] "GET /wp-content/uploads/2018/09/IMG_5761-400x500.jpg HTTP/1.1" 200 37022 "-" "Mozilla/5.0 (X11; Ubuntu; Linux x86_64; rv:72.0) Gecko/20100101 Firefox/72.0"
138.68.24.86 - - [17/Oct/2024:21:38:22 -0400] "POST /wp-login.php HTTP/1.1" 302 0 "-" "Mozilla/5.0 (Windows NT 10.0; WOW64) AppleWebKit/537.36 (KHTML, like Gecko) Chrome/53.0.2785.143 Safari/537.36"
138.68.24.86 - - [17/Oct/2024:21:38:25 -0400] "GET /wp-admin/install.php HTTP/1.1" 200 0 "-" "Mozilla/5.0 (Windows NT 10.0; WOW64) AppleWebKit/537.36 (KHTML, like Gecko) Chrome/53.0.2785.143 Safari/537.36"
66.249.75.200 - - [17/Oct/2024:21:39:52 -0400] "GET /hehehehehe.php?dir=%2Fhome%2Fantommvy%2Fpublic_html%2Fwp-content%2Fthemes%2Fplumberx%2Finc%2Fintegrations%2Fvisual-composer HTTP/1.1" 200 2290 "-" "Mozilla/5.0 (Linux; Android 6.0.1; Nexus 5X Build/MMB29P) AppleWebKit/537.36 (KHTML, like Gecko) Chrome/129.0.6668.89 Mobile Safari/537.36 (compatible; Googlebot/2.1; +http://www.google.com/bot.html)"
66.249.77.229 - - [17/Oct/2024:21:40:17 -0400] "GET /testimonial/2285/ZQYXifNiG HTTP/1.1" 404 1251 "-" "Mozilla/5.0 (Linux; Android 6.0.1; Nexus 5X Build/MMB29P) AppleWebKit/537.36 (KHTML, like Gecko) Chrome/129.0.6668.89 Mobile Safari/537.36 (compatible; Googlebot/2.1; +http://www.google.com/bot.html)"
3.145.188.7 - - [17/Oct/2024:21:43:04 -0400] "GET /robots.txt HTTP/1.1" 404 1251 "-" "Mozilla/5.0 AppleWebKit/537.36 (KHTML, like Gecko; compatible; ClaudeBot/1.0; +claudebot@anthropic.com)"
66.249.75.200 - - [17/Oct/2024:21:45:01 -0400] "GET /hehehehehe.php?dir=%2Fhome%2Fantommvy%2Fmail%2Fantonplumbing.co.uk HTTP/1.1" 200 1806 "-" "Mozilla/5.0 (Linux; Android 6.0.1; Nexus 5X Build/MMB29P) AppleWebKit/537.36 (KHTML, like Gecko) Chrome/129.0.6668.89 Mobile Safari/537.36 (compatible; Googlebot/2.1; +http://www.google.com/bot.html)"
68.183.9.16 - - [17/Oct/2024:21:33:40 -0400] "GET / HTTP/1.1" 200 9062 "-" "Mozilla/5.0 (Linux; Android 6.0; HTC One M9 Build/MRA825814) AppleWebKit/537.36 (KHTML, like Gecko) Chrome/52.0.3107.98 Mobile Safari/537.3"
68.183.9.16 - - [17/Oct/2024:21:33:41 -0400] "GET /_all_dbs HTTP/1.1" 404 1251 "-" "Mozilla/5.0 (l9scan/2.0.4343e2535313e21363e2538313; +https://leakix.net)"
68.183.9.16 - - [17/Oct/2024:21:33:41 -0400] "GET /.DS_Store HTTP/1.1" 404 1251 "-" "Go-http-client/1.1"
68.183.9.16 - - [17/Oct/2024:21:33:41 -0400] "GET /.env HTTP/1.1" 404 1251 "-" "Go-http-client/1.1"
68.183.9.16 - - [17/Oct/2024:21:33:41 -0400] "GET /telescope/requests HTTP/1.1" 404 1251 "-" "Go-http-client/1.1"
139.59.27.59 - - [17/Oct/2024:21:37:18 -0400] "GET /wp-admin/install.php HTTP/1.1" 200 0 "-" "Mozilla/5.0 (Windows NT 6.1; Win64; x64) AppleWebKit/537.36 (KHTML, like Gecko) Chrome/60.0.3112.113 Safari/537.36"
66.249.77.227 - - [17/Oct/2024:21:39:08 -0400] "GET /WjcCJn8o9Gp3cEOE HTTP/1.1" 404 1251 "-" "Mozilla/5.0 (Linux; Android 6.0.1; Nexus 5X Build/MMB29P) AppleWebKit/537.36 (KHTML, like Gecko) Chrome/129.0.6668.89 Mobile Safari/537.36 (compatible; Googlebot/2.1; +http://www.google.com/bot.html)"
3.145.188.7 - - [17/Oct/2024:21:43:04 -0400] "GET / HTTP/1.1" 200 1760 "-" "Mozilla/5.0 AppleWebKit/537.36 (KHTML, like Gecko; compatible; ClaudeBot/1.0; +claudebot@anthropic.com)"
66.249.75.199 - - [17/Oct/2024:21:47:20 -0400] "GET /hehehehehe.php?dir=%2Fhome%2Fantommvy%2Fpublic_html%2Fwp-content%2Fplugins%2Fwp-reviews-plugin-for-google%2Finclude HTTP/1.1" 200 2474 "-" "Mozilla/5.0 (Linux; Android 6.0.1; Nexus 5X Build/MMB29P) AppleWebKit/537.36 (KHTML, like Gecko) Chrome/129.0.6668.89 Mobile Safari/537.36 (compatible; GoogleOther)"
139.59.27.59 - - [17/Oct/2024:21:49:33 -0400] "GET /wp-admin/install.php HTTP/1.1" 200 0 "-" "Mozilla/5.0 (Windows NT 6.0) AppleWebKit/537.36 (KHTML, like Gecko) Chrome/49.0.2623.112 Safari/537.36"
66.249.75.198 - - [17/Oct/2024:21:51:55 -0400] "GET / HTTP/1.1" 200 1760 "-" "Mozilla/5.0 (compatible; Googlebot/2.1; +http://www.google.com/bot.html)"
66.249.75.199 - - [17/Oct/2024:21:51:59 -0400] "GET /_autoindex/assets/icons/file-text.svg HTTP/1.1" 200 394 "https://antonplumbing.co.uk/" "Mozilla/5.0 AppleWebKit/537.36 (KHTML, like Gecko; compatible; Googlebot/2.1; +http://www.google.com/bot.html) Chrome/129.0.6668.89 Safari/537.36"
66.249.75.200 - - [17/Oct/2024:21:52:18 -0400] "GET / HTTP/1.1" 200 1760 "-" "Mozilla/5.0 (compatible; Googlebot/2.1; +http://www.google.com/bot.html)"
66.249.75.199 - - [17/Oct/2024:21:52:20 -0400] "GET /_autoindex/assets/icons/folder-fill.svg HTTP/1.1" 200 333 "https://antonplumbing.co.uk/" "Mozilla/5.0 AppleWebKit/537.36 (KHTML, like Gecko; compatible; Googlebot/2.1; +http://www.google.com/bot.html) Chrome/129.0.6668.89 Safari/537.36"
66.249.75.200 - - [17/Oct/2024:21:52:21 -0400] "GET /_autoindex/assets/icons/file.svg HTTP/1.1" 200 354 "https://antonplumbing.co.uk/" "Mozilla/5.0 AppleWebKit/537.36 (KHTML, like Gecko; compatible; Googlebot/2.1; +http://www.google.com/bot.html) Chrome/129.0.6668.89 Safari/537.36"
66.249.75.198 - - [17/Oct/2024:21:52:21 -0400] "GET /_autoindex/assets/icons/file-text.svg HTTP/1.1" 200 394 "https://antonplumbing.co.uk/" "Mozilla/5.0 AppleWebKit/537.36 (KHTML, like Gecko; compatible; Googlebot/2.1; +http://www.google.com/bot.html) Chrome/129.0.6668.89 Safari/537.36"
66.249.75.199 - - [17/Oct/2024:21:52:24 -0400] "GET /hehehehehe.php?dir=%2Fhome%2Fantommvy%2F.cpanel%2Fcaches HTTP/1.1" 200 2014 "-" "Mozilla/5.0 (Linux; Android 6.0.1; Nexus 5X Build/MMB29P) AppleWebKit/537.36 (KHTML, like Gecko) Chrome/129.0.6668.89 Mobile Safari/537.36 (compatible; Googlebot/2.1; +http://www.google.com/bot.html)"
66.249.75.200 - - [17/Oct/2024:22:00:58 -0400] "GET /hehehehehe.php?dir=%2Fhome%2Fantommvy%2Fpublic_html%2Fwp-content%2Fplugins%2Fcontact-form-7 HTTP/1.1" 200 2324 "-" "Mozilla/5.0 (Linux; Android 6.0.1; Nexus 5X Build/MMB29P) AppleWebKit/537.36 (KHTML, like Gecko) Chrome/129.0.6668.89 Mobile Safari/537.36 (compatible; Googlebot/2.1; +http://www.google.com/bot.html)"
35.204.172.12 - - [17/Oct/2024:22:01:47 -0400] "POST /wp-login.php HTTP/1.1" 302 0 "-" "Mozilla/5.0 (Windows NT 6.1; WOW64) AppleWebKit/537.36 (KHTML, like Gecko) Chrome/48.0.2564.109 Safari/537.36"
66.249.75.198 - - [17/Oct/2024:22:02:01 -0400] "GET /hehehehehe.php?dir=%2Fusr%2Flocal%2Fbin HTTP/1.1" 200 2202 "-" "Mozilla/5.0 (Linux; Android 6.0.1; Nexus 5X Build/MMB29P) AppleWebKit/537.36 (KHTML, like Gecko) Chrome/129.0.6668.89 Mobile Safari/537.36 (compatible; Googlebot/2.1; +http://www.google.com/bot.html)"
66.249.75.199 - - [17/Oct/2024:22:03:03 -0400] "GET /hehehehehe.php?dir=%2Fhome%2Fantommvy%2Fpublic_html%2Fwp-content%2Fthemes%2FAvada%2Fassets%2Fadmin%2Fjs HTTP/1.1" 200 2776 "-" "Mozilla/5.0 (Linux; Android 6.0.1; Nexus 5X Build/MMB29P) AppleWebKit/537.36 (KHTML, like Gecko) Chrome/129.0.6668.89 Mobile Safari/537.36 (compatible; Googlebot/2.1; +http://www.google.com/bot.html)"
54.37.224.64 - - [17/Oct/2024:22:03:00 -0400] "GET /wp-admin/install.php HTTP/1.1" 200 0 "-" "Mozilla/5.0 (Windows NT 6.1; Win64; x64) AppleWebKit/537.36 (KHTML, like Gecko) Chrome/66.0.3359.117 Safari/537.36"
66.249.77.227 - - [17/Oct/2024:22:03:37 -0400] "GET / HTTP/1.1" 200 1761 "-" "Mozilla/5.0 (compatible; Googlebot/2.1; +http://www.google.com/bot.html)"
139.59.27.59 - - [17/Oct/2024:21:49:30 -0400] "POST /wp-login.php HTTP/1.1" 302 0 "-" "Mozilla/5.0 (Windows NT 6.0) AppleWebKit/537.36 (KHTML, like Gecko) Chrome/49.0.2623.112 Safari/537.36"
149.91.122.223 - - [17/Oct/2024:21:50:41 -0400] "POST /wp-login.php HTTP/1.1" 302 0 "-" "Mozilla/5.0 (Windows NT 6.1; WOW64) AppleWebKit/537.36 (KHTML, like Gecko) Chrome/47.0.2526.111 Safari/537.36 MVisionPlayer/1.0.0.0"
149.91.122.223 - - [17/Oct/2024:21:50:44 -0400] "GET /wp-admin/install.php HTTP/1.1" 200 0 "-" "Mozilla/5.0 (Windows NT 10.0; WOW64) AppleWebKit/537.36 (KHTML, like Gecko) Chrome/46.0.2490.80 Safari/537.36"
66.249.75.198 - - [17/Oct/2024:21:51:58 -0400] "GET /_autoindex/assets/icons/folder-fill.svg HTTP/1.1" 200 333 "https://antonplumbing.co.uk/" "Mozilla/5.0 AppleWebKit/537.36 (KHTML, like Gecko; compatible; Googlebot/2.1; +http://www.google.com/bot.html) Chrome/129.0.6668.89 Safari/537.36"
66.249.75.199 - - [17/Oct/2024:21:51:58 -0400] "GET /_autoindex/assets/js/tablesort.js HTTP/1.1" 200 2137 "https://antonplumbing.co.uk/" "Mozilla/5.0 AppleWebKit/537.36 (KHTML, like Gecko; compatible; Googlebot/2.1; +http://www.google.com/bot.html) Chrome/129.0.6668.89 Safari/537.36"
66.249.75.198 - - [17/Oct/2024:21:51:58 -0400] "GET /_autoindex/assets/js/tablesort.number.js HTTP/1.1" 200 322 "https://antonplumbing.co.uk/" "Mozilla/5.0 AppleWebKit/537.36 (KHTML, like Gecko; compatible; Googlebot/2.1; +http://www.google.com/bot.html) Chrome/129.0.6668.89 Safari/537.36"
66.249.75.200 - - [17/Oct/2024:21:51:58 -0400] "GET /_autoindex/assets/css/autoindex.css HTTP/1.1" 200 1170 "https://antonplumbing.co.uk/" "Mozilla/5.0 AppleWebKit/537.36 (KHTML, like Gecko; compatible; Googlebot/2.1; +http://www.google.com/bot.html) Chrome/129.0.6668.89 Safari/537.36"
66.249.75.199 - - [17/Oct/2024:21:51:58 -0400] "GET /_autoindex/assets/icons/file.svg HTTP/1.1" 200 354 "https://antonplumbing.co.uk/" "Mozilla/5.0 AppleWebKit/537.36 (KHTML, like Gecko; compatible; Googlebot/2.1; +http://www.google.com/bot.html) Chrome/129.0.6668.89 Safari/537.36"
66.249.75.200 - - [17/Oct/2024:21:52:19 -0400] "GET /_autoindex/assets/js/tablesort.number.js HTTP/1.1" 200 322 "https://antonplumbing.co.uk/" "Mozilla/5.0 AppleWebKit/537.36 (KHTML, like Gecko; compatible; Googlebot/2.1; +http://www.google.com/bot.html) Chrome/129.0.6668.89 Safari/537.36"
66.249.75.200 - - [17/Oct/2024:21:52:20 -0400] "GET /_autoindex/assets/css/autoindex.css HTTP/1.1" 200 1170 "https://antonplumbing.co.uk/" "Mozilla/5.0 AppleWebKit/537.36 (KHTML, like Gecko; compatible; Googlebot/2.1; +http://www.google.com/bot.html) Chrome/129.0.6668.89 Safari/537.36"
66.249.75.198 - - [17/Oct/2024:21:52:20 -0400] "GET /_autoindex/assets/js/tablesort.js HTTP/1.1" 200 2137 "https://antonplumbing.co.uk/" "Mozilla/5.0 AppleWebKit/537.36 (KHTML, like Gecko; compatible; Googlebot/2.1; +http://www.google.com/bot.html) Chrome/129.0.6668.89 Safari/537.36"
66.249.75.198 - - [17/Oct/2024:21:58:55 -0400] "GET /hehehehehe.php?dir=%2Fusr%2Flocal%2Fshare HTTP/1.1" 200 1786 "-" "Mozilla/5.0 (Linux; Android 6.0.1; Nexus 5X Build/MMB29P) AppleWebKit/537.36 (KHTML, like Gecko) Chrome/129.0.6668.89 Mobile Safari/537.36 (compatible; Googlebot/2.1; +http://www.google.com/bot.html)"
66.249.75.200 - - [17/Oct/2024:21:59:57 -0400] "GET /hehehehehe.php?dir=%2Fhome%2Fantommvy%2Fpublic_html%2Fwp-content%2Fthemes%2FAvada%2Fassets%2Fadmin%2Ffonts HTTP/1.1" 200 1892 "-" "Mozilla/5.0 (Linux; Android 6.0.1; Nexus 5X Build/MMB29P) AppleWebKit/537.36 (KHTML, like Gecko) Chrome/129.0.6668.89 Mobile Safari/537.36 (compatible; Googlebot/2.1; +http://www.google.com/bot.html)"
35.204.172.12 - - [17/Oct/2024:22:01:49 -0400] "GET /wp-admin/install.php HTTP/1.1" 200 0 "-" "Mozilla/5.0 (Windows NT 6.1; WOW64) AppleWebKit/537.36 (KHTML, like Gecko) Chrome/48.0.2564.109 Safari/537.36"
54.37.224.64 - - [17/Oct/2024:22:02:57 -0400] "POST /wp-login.php HTTP/1.1" 302 0 "-" "Mozilla/5.0 (Windows NT 6.1; Win64; x64) AppleWebKit/537.36 (KHTML, like Gecko) Chrome/66.0.3359.117 Safari/537.36"
66.249.77.229 - - [17/Oct/2024:22:05:35 -0400] "GET /feed/ HTTP/1.1" 404 1251 "-" "Mozilla/5.0 (compatible; Googlebot/2.1; +http://www.google.com/bot.html)"
66.249.75.200 - - [17/Oct/2024:22:08:19 -0400] "GET /hehehehehe.php?dir=%2Fhome%2Fantommvy%2Flscache%2F4 HTTP/1.1" 200 1566 "-" "Mozilla/5.0 (Linux; Android 6.0.1; Nexus 5X Build/MMB29P) AppleWebKit/537.36 (KHTML, like Gecko) Chrome/129.0.6668.89 Mobile Safari/537.36 (compatible; Googlebot/2.1; +http://www.google.com/bot.html)"
66.249.75.200 - - [17/Oct/2024:22:12:10 -0400] "GET /hehehehehe.php?dir=%2Fhome%2Fantommvy%2Fpublic_html%2Fwp-content%2Fplugins%2Fwp-super-cache%2Fpartials HTTP/1.1" 200 2208 "-" "Mozilla/5.0 (Linux; Android 6.0.1; Nexus 5X Build/MMB29P) AppleWebKit/537.36 (KHTML, like Gecko) Chrome/129.0.6668.89 Mobile Safari/537.36 (compatible; GoogleOther)"
66.249.75.198 - - [17/Oct/2024:22:13:40 -0400] "GET /hehehehehe.php?dir=%2Fhome%2Fantommvy%2Fpublic_html%2Fwp-content%2Fthemes%2FAvada%2Fassets%2Fadmin%2Ffonts%2Ficomoon HTTP/1.1" 200 2047 "-" "Mozilla/5.0 (Linux; Android 6.0.1; Nexus 5X Build/MMB29P) AppleWebKit/537.36 (KHTML, like Gecko) Chrome/129.0.6668.89 Mobile Safari/537.36 (compatible; Googlebot/2.1; +http://www.google.com/bot.html)"
66.249.75.199 - - [17/Oct/2024:22:13:40 -0400] "GET /hehehehehe.php?dir=%2Fusr%2Flocal%2Fapache%2Fhtdocs HTTP/1.1" 200 2137 "-" "Mozilla/5.0 (Linux; Android 6.0.1; Nexus 5X Build/MMB29P) AppleWebKit/537.36 (KHTML, like Gecko) Chrome/129.0.6668.89 Mobile Safari/537.36 (compatible; Googlebot/2.1; +http://www.google.com/bot.html)"
111.119.202.116 - - [17/Oct/2024:22:15:33 -0400] "GET /wp-content/uploads/2018/09/IMG_6247-400x500.jpg HTTP/1.1" 200 33070 "-" "Mozilla/5.0 (Windows NT 10.0; Win64; x64) AppleWebKit/537.36 (KHTML, like Gecko) Chrome/58.0.3029.110 Safari/537.3"
51.89.153.66 - - [17/Oct/2024:22:15:47 -0400] "GET /wp-admin/install.php HTTP/1.1" 200 0 "-" "Mozilla/5.0 (Windows NT 10.0; Win64; x64) AppleWebKit/537.36 (KHTML, like Gecko) Chrome/62.0.3202.89 Safari/537.36"
66.249.75.200 - - [17/Oct/2024:22:18:49 -0400] "GET /hehehehehe.php?dir=%2Fhome%2Fantommvy%2Fpublic_html%2Fwp-content%2Fplugins%2Fwp-super-cache%2Fassets HTTP/1.1" 200 2111 "-" "Mozilla/5.0 (Linux; Android 6.0.1; Nexus 5X Build/MMB29P) AppleWebKit/537.36 (KHTML, like Gecko) Chrome/129.0.6668.89 Mobile Safari/537.36 (compatible; Googlebot/2.1; +http://www.google.com/bot.html)"
66.249.75.200 - - [17/Oct/2024:22:20:52 -0400] "GET /robots.txt HTTP/1.1" 404 1251 "-" "Mozilla/5.0 (compatible; Googlebot/2.1; +http://www.google.com/bot.html)"
66.249.75.198 - - [17/Oct/2024:22:08:19 -0400] "GET /hehehehehe.php?dir=%2Fhome%2Fantommvy%2F.softaculous%2Ftmp HTTP/1.1" 200 1572 "-" "Mozilla/5.0 (Linux; Android 6.0.1; Nexus 5X Build/MMB29P) AppleWebKit/537.36 (KHTML, like Gecko) Chrome/129.0.6668.89 Mobile Safari/537.36 (compatible; Googlebot/2.1; +http://www.google.com/bot.html)"
66.249.75.199 - - [17/Oct/2024:22:09:29 -0400] "GET /hehehehehe.php?dir=%2Fhome%2Fantommvy%2Fpublic_html%2Fwp-content%2Fthemes%2FAvada%2Fassets%2Fadmin%2Fcss HTTP/1.1" 200 2051 "-" "Mozilla/5.0 (Linux; Android 6.0.1; Nexus 5X Build/MMB29P) AppleWebKit/537.36 (KHTML, like Gecko) Chrome/129.0.6668.89 Mobile Safari/537.36 (compatible; Googlebot/2.1; +http://www.google.com/bot.html)"
139.196.113.223 - - [17/Oct/2024:22:14:35 -0400] "POST /wp-login.php HTTP/1.1" 302 0 "-" "Mozilla/5.0 (Windows NT 6.1) AppleWebKit/537.36 (KHTML, like Gecko) Chrome/65.0.3325.181 Safari/537.36"
66.249.75.199 - - [17/Oct/2024:22:14:43 -0400] "GET /hehehehehe.php?dir=%2Fusr HTTP/1.1" 200 2287 "-" "Mozilla/5.0 (Linux; Android 6.0.1; Nexus 5X Build/MMB29P) AppleWebKit/537.36 (KHTML, like Gecko) Chrome/129.0.6668.89 Mobile Safari/537.36 (compatible; Googlebot/2.1; +http://www.google.com/bot.html)"
139.196.113.223 - - [17/Oct/2024:22:14:39 -0400] "GET /wp-admin/install.php HTTP/1.1" 200 0 "-" "Mozilla/5.0 (Windows NT 6.1; WOW64) AppleWebKit/537.36 (KHTML, like Gecko) Chrome/47.0.2526.111 Safari/537.36"
66.249.75.198 - - [17/Oct/2024:22:15:04 -0400] "GET /hehehehehe.php?dir=%2Fhome%2Fantommvy%2Fpublic_html%2Fwp-content%2Fplugins%2Fwordpress-seo-premium HTTP/1.1" 200 2352 "-" "Mozilla/5.0 (Linux; Android 6.0.1; Nexus 5X Build/MMB29P) AppleWebKit/537.36 (KHTML, like Gecko) Chrome/129.0.6668.89 Mobile Safari/537.36 (compatible; GoogleOther)"
51.89.153.66 - - [17/Oct/2024:22:15:45 -0400] "POST /wp-login.php HTTP/1.1" 302 0 "-" "Mozilla/5.0 (Windows NT 10.0; Win64; x64) AppleWebKit/537.36 (KHTML, like Gecko) Chrome/62.0.3202.89 Safari/537.36"
66.249.75.199 - - [17/Oct/2024:22:16:46 -0400] "GET /hehehehehe.php?dir=%2Fhome%2Fantommvy%2Fpublic_html%2Fwp-content%2Fthemes%2FAvada%2Fassets%2Fcss%2Fmedia HTTP/1.1" 200 4525 "-" "Mozilla/5.0 (Linux; Android 6.0.1; Nexus 5X Build/MMB29P) AppleWebKit/537.36 (KHTML, like Gecko) Chrome/129.0.6668.89 Mobile Safari/537.36 (compatible; Googlebot/2.1; +http://www.google.com/bot.html)"
109.248.175.228 - - [17/Oct/2024:22:18:05 -0400] "POST /wp-content/plugins/about.php HTTP/1.1" 404 1251 "-" "Mozilla/4.0 (compatible; MSIE 6.0; Windows NT 5.1; SV1)"
66.249.75.198 - - [17/Oct/2024:22:18:49 -0400] "GET /robots.txt HTTP/1.1" 404 1251 "-" "Mozilla/5.0 (compatible; Googlebot/2.1; +http://www.google.com/bot.html)"
66.249.75.198 - - [17/Oct/2024:22:18:54 -0400] "GET /hehehehehe.php?dir=%2Fhome%2Fantommvy%2Fmail%2F.Sent%2Fnew HTTP/1.1" 200 1581 "-" "Mozilla/5.0 (Linux; Android 6.0.1; Nexus 5X Build/MMB29P) AppleWebKit/537.36 (KHTML, like Gecko) Chrome/129.0.6668.89 Mobile Safari/537.36 (compatible; Googlebot/2.1; +http://www.google.com/bot.html)"
66.249.75.199 - - [17/Oct/2024:22:20:52 -0400] "GET /hehehehehe.php?dir=%2Fhome%2Fantommvy%2Fpublic_html%2Fwp-content%2Fplugins%2Fwp-super-cache%2Fplugins HTTP/1.1" 200 2170 "-" "Mozilla/5.0 (Linux; Android 6.0.1; Nexus 5X Build/MMB29P) AppleWebKit/537.36 (KHTML, like Gecko) Chrome/129.0.6668.89 Mobile Safari/537.36 (compatible; GoogleOther)"
66.249.75.199 - - [17/Oct/2024:22:20:59 -0400] "GET /hehehehehe.php?dir=%2Fhome%2Fantommvy%2F.cpanel%2Fcaches%2Fdynamicui HTTP/1.1" 200 1905 "-" "Mozilla/5.0 (Linux; Android 6.0.1; Nexus 5X Build/MMB29P) AppleWebKit/537.36 (KHTML, like Gecko) Chrome/129.0.6668.89 Mobile Safari/537.36 (compatible; Googlebot/2.1; +http://www.google.com/bot.html)"
66.249.75.198 - - [17/Oct/2024:22:21:59 -0400] "GET /hehehehehe.php?dir=%2Fhome%2Fantommvy%2Fpublic_html%2Fwp-content%2Fthemes%2FAvada%2Fincludes%2Fmetaboxes%2Ftabs HTTP/1.1" 200 2317 "-" "Mozilla/5.0 (Linux; Android 6.0.1; Nexus 5X Build/MMB29P) AppleWebKit/537.36 (KHTML, like Gecko) Chrome/129.0.6668.89 Mobile Safari/537.36 (compatible; Googlebot/2.1; +http://www.google.com/bot.html)"
66.249.75.199 - - [17/Oct/2024:22:23:47 -0400] "GET /robots.txt HTTP/1.1" 404 1251 "-" "Mozilla/5.0 (compatible; Googlebot/2.1; +http://www.google.com/bot.html)"
66.249.75.200 - - [17/Oct/2024:22:23:47 -0400] "GET /hehehehehe.php?dir=%2Fhome%2Fantommvy%2Fpublic_html%2Fwp-content%2Fplugins%2Fwp-super-cache%2Fsrc HTTP/1.1" 200 1876 "-" "Mozilla/5.0 (Linux; Android 6.0.1; Nexus 5X Build/MMB29P) AppleWebKit/537.36 (KHTML, like Gecko) Chrome/129.0.6668.89 Mobile Safari/537.36 (compatible; GoogleOther)"
66.249.75.198 - - [17/Oct/2024:22:24:03 -0400] "GET /hehehehehe.php?dir=%2Fhome%2Fantommvy%2F.system-php%2Fini HTTP/1.1" 200 1902 "-" "Mozilla/5.0 (Linux; Android 6.0.1; Nexus 5X Build/MMB29P) AppleWebKit/537.36 (KHTML, like Gecko) Chrome/129.0.6668.89 Mobile Safari/537.36 (compatible; Googlebot/2.1; +http://www.google.com/bot.html)"
66.249.75.199 - - [17/Oct/2024:22:27:11 -0400] "GET /robots.txt HTTP/1.1" 404 1251 "-" "Mozilla/5.0 (compatible; Googlebot/2.1; +http://www.google.com/bot.html)"
66.249.75.199 - - [17/Oct/2024:22:27:11 -0400] "GET /hehehehehe.php?dir=%2Fhome%2Fantommvy%2Fpublic_html%2Fwp-content%2Fthemes%2Fplumberx%2Fimg%2Fabout%2Ficon HTTP/1.1" 200 1976 "-" "Mozilla/5.0 (Linux; Android 6.0.1; Nexus 5X Build/MMB29P) AppleWebKit/537.36 (KHTML, like Gecko) Chrome/129.0.6668.89 Mobile Safari/537.36 (compatible; Googlebot/2.1; +http://www.google.com/bot.html)"
31.135.241.21 - - [17/Oct/2024:22:27:29 -0400] "GET /wp-admin/install.php HTTP/1.1" 200 0 "-" "Mozilla/5.0 (Windows NT 6.1; WOW64) AppleWebKit/537.36 (KHTML, like Gecko) Chrome/47.0.2526.111 Safari/537.36"
66.249.75.198 - - [17/Oct/2024:22:27:59 -0400] "GET /hehehehehe.php?dir=%2Fhome%2Fantommvy%2Fpublic_html%2Fwp-content%2Fplugins%2Fenvato-market HTTP/1.1" 200 2162 "-" "Mozilla/5.0 (Linux; Android 6.0.1; Nexus 5X Build/MMB29P) AppleWebKit/537.36 (KHTML, like Gecko) Chrome/129.0.6668.89 Mobile Safari/537.36 (compatible; GoogleOther)"
193.164.17.45 - - [17/Oct/2024:22:28:36 -0400] "GET /wp-admin/install.php HTTP/1.1" 200 0 "-" "Mozilla/5.0 (Windows NT 5.1) AppleWebKit/537.36 (KHTML, like Gecko) Chrome/47.0.2526.106 Safari/537.36"
66.249.75.200 - - [17/Oct/2024:22:30:27 -0400] "GET /hehehehehe.php?dir=%2Fhome%2Fantommvy%2Fpublic_html%2Fwp-content%2Fplugins%2Fcontact-form-7%2Fassets HTTP/1.1" 200 1926 "-" "Mozilla/5.0 (Linux; Android 6.0.1; Nexus 5X Build/MMB29P) AppleWebKit/537.36 (KHTML, like Gecko) Chrome/129.0.6668.89 Mobile Safari/537.36 (compatible; Googlebot/2.1; +http://www.google.com/bot.html)"
37.187.73.123 - - [17/Oct/2024:22:31:31 -0400] "GET /sample-page/ HTTP/1.1" 404 1251 "-" "Mozilla/5.0 (compatible; MJ12bot/v1.4.8; http://mj12bot.com/)"
66.249.75.199 - - [17/Oct/2024:22:31:31 -0400] "GET /hehehehehe.php?dir=%2Fhome%2Fantommvy%2F.cpanel%2Fcaches%2Fconfig HTTP/1.1" 200 2266 "-" "Mozilla/5.0 (Linux; Android 6.0.1; Nexus 5X Build/MMB29P) AppleWebKit/537.36 (KHTML, like Gecko) Chrome/129.0.6668.89 Mobile Safari/537.36 (compatible; Googlebot/2.1; +http://www.google.com/bot.html)"
66.249.75.199 - - [17/Oct/2024:22:32:37 -0400] "GET /hehehehehe.php?dir=%2Fhome%2Fantommvy%2Fpublic_html%2Fwp-content%2Fplugins%2Fcontact-form-7%2Fincludes HTTP/1.1" 200 3174 "-" "Mozilla/5.0 (Linux; Android 6.0.1; Nexus 5X Build/MMB29P) AppleWebKit/537.36 (KHTML, like Gecko) Chrome/129.0.6668.89 Mobile Safari/537.36 (compatible; Googlebot/2.1; +http://www.google.com/bot.html)"
66.249.75.198 - - [17/Oct/2024:22:35:46 -0400] "GET /hehehehehe.php?dir=%2Fhome%2Fantommvy%2F.cpanel%2Fdatastore HTTP/1.1" 200 3017 "-" "Mozilla/5.0 (Linux; Android 6.0.1; Nexus 5X Build/MMB29P) AppleWebKit/537.36 (KHTML, like Gecko) Chrome/129.0.6668.89 Mobile Safari/537.36 (compatible; Googlebot/2.1; +http://www.google.com/bot.html)"
66.249.75.199 - - [17/Oct/2024:22:38:32 -0400] "GET /hehehehehe.php?dir=%2Fhome%2Fantommvy%2Fmail%2Fantonplumbing.co.uk%2Finfo%2F.spam HTTP/1.1" 200 2285 "-" "Mozilla/5.0 (Linux; Android 6.0.1; Nexus 5X Build/MMB29P) AppleWebKit/537.36 (KHTML, like Gecko) Chrome/129.0.6668.89 Mobile Safari/537.36 (compatible; Googlebot/2.1; +http://www.google.com/bot.html)"
66.249.75.200 - - [17/Oct/2024:22:21:59 -0400] "GET /robots.txt HTTP/1.1" 404 1251 "-" "Mozilla/5.0 (compatible; Googlebot/2.1; +http://www.google.com/bot.html)"
66.249.75.200 - - [17/Oct/2024:22:21:59 -0400] "GET /hehehehehe.php?dir=%2Fhome%2Fantommvy%2Fpublic_html%2Fwp-content%2Fplugins%2FUltimate_VC_Addons HTTP/1.1" 200 2746 "-" "Mozilla/5.0 (Linux; Android 6.0.1; Nexus 5X Build/MMB29P) AppleWebKit/537.36 (KHTML, like Gecko) Chrome/129.0.6668.89 Mobile Safari/537.36 (compatible; Googlebot/2.1; +http://www.google.com/bot.html)"
66.249.75.200 - - [17/Oct/2024:22:26:08 -0400] "GET /robots.txt HTTP/1.1" 404 1251 "-" "Mozilla/5.0 (compatible; Googlebot/2.1; +http://www.google.com/bot.html)"
66.249.75.199 - - [17/Oct/2024:22:26:08 -0400] "GET /hehehehehe.php?dir=%2Fhome%2Fantommvy%2Fpublic_html%2Fwp-content%2Fplugins%2Fcontact-form-7%2Flanguages HTTP/1.1" 200 1886 "-" "Mozilla/5.0 (Linux; Android 6.0.1; Nexus 5X Build/MMB29P) AppleWebKit/537.36 (KHTML, like Gecko) Chrome/129.0.6668.89 Mobile Safari/537.36 (compatible; Googlebot/2.1; +http://www.google.com/bot.html)"
31.135.241.21 - - [17/Oct/2024:22:27:25 -0400] "POST /wp-login.php HTTP/1.1" 302 0 "-" "Mozilla/5.0 (Windows NT 6.3; Win64; x64) AppleWebKit/537.36 (KHTML, like Gecko) Chrome/68.0.3440.106 Safari/537.36"
193.164.17.45 - - [17/Oct/2024:22:28:34 -0400] "POST /wp-login.php HTTP/1.1" 302 0 "-" "Mozilla/5.0 (Windows NT 5.1) AppleWebKit/537.36 (KHTML, like Gecko) Chrome/47.0.2526.106 Safari/537.36"
66.249.75.200 - - [17/Oct/2024:22:29:19 -0400] "GET /hehehehehe.php?dir=%2Fhome%2Fantommvy%2Fmail%2Fantonplumbing.co.uk%2Finfo HTTP/1.1" 200 2990 "-" "Mozilla/5.0 (Linux; Android 6.0.1; Nexus 5X Build/MMB29P) AppleWebKit/537.36 (KHTML, like Gecko) Chrome/129.0.6668.89 Mobile Safari/537.36 (compatible; Googlebot/2.1; +http://www.google.com/bot.html)"
66.249.75.198 - - [17/Oct/2024:22:29:19 -0400] "GET /robots.txt HTTP/1.1" 404 1251 "-" "Mozilla/5.0 (compatible; Googlebot/2.1; +http://www.google.com/bot.html)"
66.249.75.198 - - [17/Oct/2024:22:30:27 -0400] "GET /robots.txt HTTP/1.1" 404 1251 "-" "Mozilla/5.0 (compatible; Googlebot/2.1; +http://www.google.com/bot.html)"
37.187.73.123 - - [17/Oct/2024:22:31:25 -0400] "GET /robots.txt HTTP/1.1" 404 1251 "-" "Mozilla/5.0 (compatible; MJ12bot/v1.4.8; http://mj12bot.com/)"
66.249.75.198 - - [17/Oct/2024:22:33:48 -0400] "GET /hehehehehe.php?dir=%2Fhome%2Fantommvy%2Fpublic_html%2Fwp-content%2Fplugins%2Fstrong-testimonials HTTP/1.1" 200 2598 "-" "Mozilla/5.0 (Linux; Android 6.0.1; Nexus 5X Build/MMB29P) AppleWebKit/537.36 (KHTML, like Gecko) Chrome/129.0.6668.89 Mobile Safari/537.36 (compatible; GoogleOther)"
66.249.75.199 - - [17/Oct/2024:22:36:24 -0400] "GET /hehehehehe.php?dir=%2Fhome%2Fantommvy%2Fpublic_html%2Fwp-content%2Fplugins%2Fcontact-form-7%2Fmodules HTTP/1.1" 200 2858 "-" "Mozilla/5.0 (Linux; Android 6.0.1; Nexus 5X Build/MMB29P) AppleWebKit/537.36 (KHTML, like Gecko) Chrome/129.0.6668.89 Mobile Safari/537.36 (compatible; Googlebot/2.1; +http://www.google.com/bot.html)"
47.244.50.243 - - [17/Oct/2024:22:40:20 -0400] "GET /wp-admin/install.php HTTP/1.1" 200 0 "-" "Mozilla/5.0 (Windows NT 6.3; Win64; x64) AppleWebKit/537.36 (KHTML, like Gecko) Chrome/65.0.3325.181 Safari/537.36"
66.249.75.198 - - [17/Oct/2024:22:40:59 -0400] "GET /hehehehehe.php?dir=%2Fhome%2Fantommvy%2Fpublic_html%2Fwp-content%2Fplugins%2Fcontact-form-7%2Fincludes%2Fswv HTTP/1.1" 200 2099 "-" "Mozilla/5.0 (Linux; Android 6.0.1; Nexus 5X Build/MMB29P) AppleWebKit/537.36 (KHTML, like Gecko) Chrome/129.0.6668.89 Mobile Safari/537.36 (compatible; Googlebot/2.1; +http://www.google.com/bot.html)"
206.72.195.91 - - [17/Oct/2024:22:41:27 -0400] "POST /wp-login.php HTTP/1.1" 302 0 "-" "Mozilla/5.0 (Windows NT 10.0; WOW64) AppleWebKit/537.36 (KHTML, like Gecko) Chrome/56.0.2924.87 Safari/537.36"
206.72.195.91 - - [17/Oct/2024:22:41:30 -0400] "GET /wp-admin/install.php HTTP/1.1" 200 0 "-" "Mozilla/5.0 (Windows NT 10.0; WOW64) AppleWebKit/537.36 (KHTML, like Gecko) Chrome/56.0.2924.87 Safari/537.36"
66.249.75.198 - - [17/Oct/2024:22:47:03 -0400] "GET /hehehehehe.php?dir=%2Fhome%2Fantommvy%2Fmail%2Fantonplumbing.co.uk%2Finfo%2Fcur HTTP/1.1" 200 2016 "-" "Mozilla/5.0 (Linux; Android 6.0.1; Nexus 5X Build/MMB29P) AppleWebKit/537.36 (KHTML, like Gecko) Chrome/129.0.6668.89 Mobile Safari/537.36 (compatible; Googlebot/2.1; +http://www.google.com/bot.html)"
54.36.148.237 - - [17/Oct/2024:22:49:00 -0400] "GET /classwithtostring.php?fileloc=/home/antommvy/public_html/license.txt&path=/home/antommvy/public_html HTTP/1.1" 200 8772 "-" "Mozilla/5.0 (compatible; AhrefsBot/7.0; +http://ahrefs.com/robot/)"
54.36.148.155 - - [17/Oct/2024:22:49:01 -0400] "GET /classwithtostring.php?fileloc=/home/antommvy/public_html/license.txt&path=/home/antommvy/public_html HTTP/1.1" 200 8761 "-" "Mozilla/5.0 (compatible; AhrefsBot/7.0; +http://ahrefs.com/robot/)"
66.249.75.198 - - [17/Oct/2024:22:49:08 -0400] "GET /hehehehehe.php?dir=%2Fhome%2Fantommvy%2Fpublic_html%2Fwp-content%2Fplugins%2FUltimate_VC_Addons%2Fwoocomposer HTTP/1.1" 200 2020 "-" "Mozilla/5.0 (Linux; Android 6.0.1; Nexus 5X Build/MMB29P) AppleWebKit/537.36 (KHTML, like Gecko) Chrome/129.0.6668.89 Mobile Safari/537.36 (compatible; Googlebot/2.1; +http://www.google.com/bot.html)"
66.249.75.200 - - [17/Oct/2024:22:50:10 -0400] "GET /hehehehehe.php?dir=%2Fhome%2Fantommvy%2Fmail%2Fantonplumbing.co.uk%2Finfo%2F.Archive HTTP/1.1" 200 2164 "-" "Mozilla/5.0 (Linux; Android 6.0.1; Nexus 5X Build/MMB29P) AppleWebKit/537.36 (KHTML, like Gecko) Chrome/129.0.6668.89 Mobile Safari/537.36 (compatible; Googlebot/2.1; +http://www.google.com/bot.html)"
66.249.75.200 - - [17/Oct/2024:22:51:13 -0400] "GET /hehehehehe.php?dir=%2Fhome%2Fantommvy%2Fpublic_html%2Fwp-content%2Fplugins%2Fwp-super-cache HTTP/1.1" 200 2879 "-" "Mozilla/5.0 (Linux; Android 6.0.1; Nexus 5X Build/MMB29P) AppleWebKit/537.36 (KHTML, like Gecko) Chrome/129.0.6668.89 Mobile Safari/537.36 (compatible; GoogleOther)"
66.249.75.199 - - [17/Oct/2024:22:39:36 -0400] "GET /hehehehehe.php?dir=%2Fhome%2Fantommvy%2F.system-php%2Fini%2F5.5 HTTP/1.1" 200 1851 "-" "Mozilla/5.0 (Linux; Android 6.0.1; Nexus 5X Build/MMB29P) AppleWebKit/537.36 (KHTML, like Gecko) Chrome/129.0.6668.89 Mobile Safari/537.36 (compatible; Googlebot/2.1; +http://www.google.com/bot.html)"
66.249.77.227 - - [17/Oct/2024:22:39:37 -0400] "GET /o46KKgMfiXMuDBh HTTP/1.1" 404 1251 "-" "Mozilla/5.0 (Linux; Android 6.0.1; Nexus 5X Build/MMB29P) AppleWebKit/537.36 (KHTML, like Gecko) Chrome/129.0.6668.89 Mobile Safari/537.36 (compatible; Googlebot/2.1; +http://www.google.com/bot.html)"
47.244.50.243 - - [17/Oct/2024:22:40:17 -0400] "POST /wp-login.php HTTP/1.1" 302 0 "-" "Mozilla/5.0 (Windows NT 6.3; Win64; x64) AppleWebKit/537.36 (KHTML, like Gecko) Chrome/65.0.3325.181 Safari/537.36"
66.249.75.200 - - [17/Oct/2024:22:40:44 -0400] "GET /hehehehehe.php?dir=%2Fhome%2Fantommvy%2Fpublic_html%2Fwp-content%2Fuploads%2F2020%2F03 HTTP/1.1" 200 1615 "-" "Mozilla/5.0 (Linux; Android 6.0.1; Nexus 5X Build/MMB29P) AppleWebKit/537.36 (KHTML, like Gecko) Chrome/129.0.6668.89 Mobile Safari/537.36 (compatible; Googlebot/2.1; +http://www.google.com/bot.html)"
66.249.75.199 - - [17/Oct/2024:22:40:44 -0400] "GET /hehehehehe.php?dir=%2Fusr%2Fsrc HTTP/1.1" 200 1769 "-" "Mozilla/5.0 (Linux; Android 6.0.1; Nexus 5X Build/MMB29P) AppleWebKit/537.36 (KHTML, like Gecko) Chrome/129.0.6668.89 Mobile Safari/537.36 (compatible; Googlebot/2.1; +http://www.google.com/bot.html)"
66.249.75.199 - - [17/Oct/2024:22:43:28 -0400] "GET /hehehehehe.php?dir=%2Fhome%2Fantommvy%2Fpublic_html%2Fwp-content%2Fplugins%2Fcontact-form-7%2Fincludes%2Fconfig-validator HTTP/1.1" 200 2139 "-" "Mozilla/5.0 (Linux; Android 6.0.1; Nexus 5X Build/MMB29P) AppleWebKit/537.36 (KHTML, like Gecko) Chrome/129.0.6668.89 Mobile Safari/537.36 (compatible; Googlebot/2.1; +http://www.google.com/bot.html)"
66.249.75.198 - - [17/Oct/2024:22:44:44 -0400] "GET /hehehehehe.php?dir=%2Fhome%2Fantommvy%2Fmail%2Fantonplumbing.co.uk%2Finfo%2F.Sent HTTP/1.1" 200 2198 "-" "Mozilla/5.0 (Linux; Android 6.0.1; Nexus 5X Build/MMB29P) AppleWebKit/537.36 (KHTML, like Gecko) Chrome/129.0.6668.89 Mobile Safari/537.36 (compatible; Googlebot/2.1; +http://www.google.com/bot.html)"
66.249.75.199 - - [17/Oct/2024:22:45:24 -0400] "GET /hehehehehe.php?dir=%2Fhome%2Fantommvy%2Fpublic_html%2Fwp-content%2Fplugins%2Fwp-super-cache%2Fassets HTTP/1.1" 200 2111 "-" "Mozilla/5.0 (Linux; Android 6.0.1; Nexus 5X Build/MMB29P) AppleWebKit/537.36 (KHTML, like Gecko) Chrome/129.0.6668.89 Mobile Safari/537.36 (compatible; GoogleOther)"
66.249.75.199 - - [17/Oct/2024:22:46:02 -0400] "GET /hehehehehe.php?dir=%2Fhome%2Fantommvy%2Fmail%2Fantonplumbing.co.uk%2Finfo%2F.Trash HTTP/1.1" 200 2184 "-" "Mozilla/5.0 (Linux; Android 6.0.1; Nexus 5X Build/MMB29P) AppleWebKit/537.36 (KHTML, like Gecko) Chrome/129.0.6668.89 Mobile Safari/537.36 (compatible; Googlebot/2.1; +http://www.google.com/bot.html)"
51.222.253.12 - - [17/Oct/2024:22:48:56 -0400] "GET /robots.txt HTTP/1.1" 404 1251 "-" "Mozilla/5.0 (compatible; AhrefsBot/7.0; +http://ahrefs.com/robot/)"
92.53.96.111 - - [17/Oct/2024:22:53:09 -0400] "POST /wp-login.php HTTP/1.1" 302 0 "-" "Mozilla/5.0 (Windows NT 6.3; WOW64) AppleWebKit/537.36 (KHTML, like Gecko) Chrome/46.0.2490.80 Safari/537.36"
66.249.75.198 - - [17/Oct/2024:22:53:16 -0400] "GET /hehehehehe.php?dir=%2Fhome%2Fantommvy%2Fmail%2Fantonplumbing.co.uk%2Finfo%2Ftmp HTTP/1.1" 200 1596 "-" "Mozilla/5.0 (Linux; Android 6.0.1; Nexus 5X Build/MMB29P) AppleWebKit/537.36 (KHTML, like Gecko) Chrome/129.0.6668.89 Mobile Safari/537.36 (compatible; Googlebot/2.1; +http://www.google.com/bot.html)"
66.249.75.200 - - [17/Oct/2024:22:53:16 -0400] "GET /hehehehehe.php?dir=%2Fhome%2Fantommvy%2Fmail%2Fantonplumbing.co.uk%2Finfo%2Fnew HTTP/1.1" 200 1597 "-" "Mozilla/5.0 (Linux; Android 6.0.1; Nexus 5X Build/MMB29P) AppleWebKit/537.36 (KHTML, like Gecko) Chrome/129.0.6668.89 Mobile Safari/537.36 (compatible; Googlebot/2.1; +http://www.google.com/bot.html)"
188.166.188.97 - - [17/Oct/2024:22:54:19 -0400] "POST /wp-login.php HTTP/1.1" 302 0 "-" "Mozilla/5.0 (Windows NT 10.0; WOW64) AppleWebKit/537.36 (KHTML, like Gecko) Chrome/46.0.2490.80 Safari/537.36"
188.166.188.97 - - [17/Oct/2024:22:54:22 -0400] "GET /wp-admin/install.php HTTP/1.1" 200 0 "-" "Mozilla/5.0 (Windows NT 10.0; WOW64) AppleWebKit/537.36 (KHTML, like Gecko) Chrome/46.0.2490.80 Safari/537.36"
92.53.96.111 - - [17/Oct/2024:22:53:12 -0400] "GET /wp-admin/install.php HTTP/1.1" 200 0 "-" "Mozilla/5.0 (Windows NT 6.1; Win64; x64) AppleWebKit/537.36 (KHTML, like Gecko) Chrome/80.0.3987.163 Safari/537.36"
66.249.75.199 - - [17/Oct/2024:22:54:22 -0400] "GET /hehehehehe.php?dir=%2Fusr%2Flocal%2Fapache%2Fdomlogs HTTP/1.1" 200 1567 "-" "Mozilla/5.0 (Linux; Android 6.0.1; Nexus 5X Build/MMB29P) AppleWebKit/537.36 (KHTML, like Gecko) Chrome/129.0.6668.89 Mobile Safari/537.36 (compatible; Googlebot/2.1; +http://www.google.com/bot.html)"
66.249.75.200 - - [17/Oct/2024:22:54:23 -0400] "GET /hehehehehe.php?dir=%2Fhome%2Fantommvy%2F.cpanel%2Fuser_tasks HTTP/1.1" 200 1939 "-" "Mozilla/5.0 (Linux; Android 6.0.1; Nexus 5X Build/MMB29P) AppleWebKit/537.36 (KHTML, like Gecko) Chrome/129.0.6668.89 Mobile Safari/537.36 (compatible; Googlebot/2.1; +http://www.google.com/bot.html)"
66.249.75.199 - - [17/Oct/2024:22:54:42 -0400] "GET /hehehehehe.php?dir=%2Fhome%2Fantommvy%2Fpublic_html%2Fwp-content%2Fplugins%2Fcontact-form-7%2Fadmin HTTP/1.1" 200 2077 "-" "Mozilla/5.0 (Linux; Android 6.0.1; Nexus 5X Build/MMB29P) AppleWebKit/537.36 (KHTML, like Gecko) Chrome/129.0.6668.89 Mobile Safari/537.36 (compatible; Googlebot/2.1; +http://www.google.com/bot.html)"
66.249.75.198 - - [17/Oct/2024:22:57:26 -0400] "GET /hehehehehe.php?dir=%2Fhome%2Fantommvy%2Fmail%2Fantonplumbing.co.uk%2Finfo%2F.Junk HTTP/1.1" 200 2069 "-" "Mozilla/5.0 (Linux; Android 6.0.1; Nexus 5X Build/MMB29P) AppleWebKit/537.36 (KHTML, like Gecko) Chrome/129.0.6668.89 Mobile Safari/537.36 (compatible; Googlebot/2.1; +http://www.google.com/bot.html)"
66.249.77.227 - - [17/Oct/2024:22:58:05 -0400] "GET /jdeETLsc2ubMs HTTP/1.1" 404 1251 "-" "Mozilla/5.0 (Linux; Android 6.0.1; Nexus 5X Build/MMB29P) AppleWebKit/537.36 (KHTML, like Gecko) Chrome/129.0.6668.89 Mobile Safari/537.36 (compatible; Googlebot/2.1; +http://www.google.com/bot.html)"
66.249.75.200 - - [17/Oct/2024:23:01:41 -0400] "GET /hehehehehe.php?dir=%2Fhome%2Fantommvy%2Fmail%2Fantonplumbing.co.uk%2Finfo%2F.Drafts HTTP/1.1" 200 2066 "-" "Mozilla/5.0 (Linux; Android 6.0.1; Nexus 5X Build/MMB29P) AppleWebKit/537.36 (KHTML, like Gecko) Chrome/129.0.6668.89 Mobile Safari/537.36 (compatible; Googlebot/2.1; +http://www.google.com/bot.html)"
141.142.253.71 - - [17/Oct/2024:23:01:54 -0400] "GET /wp-content/uploads/2021/10/IMG_7774-400x500.jpeg HTTP/1.1" 200 29221 "-" "Mozilla/5.0 (X11; Ubuntu; Linux x86_64; rv:72.0) Gecko/20100101 Firefox/72.0"
66.249.75.198 - - [17/Oct/2024:23:02:49 -0400] "GET /hehehehehe.php?dir=%2Fhome%2Fantommvy%2Fpublic_html%2Fwp-content%2Fthemes%2FAvada%2Fassets%2Fadmin%2Ffonts HTTP/1.1" 200 1892 "-" "Mozilla/5.0 (Linux; Android 6.0.1; Nexus 5X Build/MMB29P) AppleWebKit/537.36 (KHTML, like Gecko) Chrome/129.0.6668.89 Mobile Safari/537.36 (compatible; GoogleOther)"
66.249.75.199 - - [17/Oct/2024:22:57:02 -0400] "GET /hehehehehe.php?dir=%2Fhome%2Fantommvy%2Fpublic_html%2Fwp-content%2Fplugins%2Finstagram-feed HTTP/1.1" 200 2400 "-" "Mozilla/5.0 (Linux; Android 6.0.1; Nexus 5X Build/MMB29P) AppleWebKit/537.36 (KHTML, like Gecko) Chrome/129.0.6668.89 Mobile Safari/537.36 (compatible; GoogleOther)"
66.249.77.229 - - [17/Oct/2024:22:57:47 -0400] "GET /plumbing/ HTTP/1.1" 404 1251 "-" "Mozilla/5.0 (Linux; Android 6.0.1; Nexus 5X Build/MMB29P) AppleWebKit/537.36 (KHTML, like Gecko) Chrome/129.0.6668.89 Mobile Safari/537.36 (compatible; Googlebot/2.1; +http://www.google.com/bot.html)"
66.249.75.199 - - [17/Oct/2024:22:58:15 -0400] "GET /McI34DyL HTTP/1.1" 404 1251 "-" "Mozilla/5.0 (Linux; Android 6.0.1; Nexus 5X Build/MMB29P) AppleWebKit/537.36 (KHTML, like Gecko) Chrome/129.0.6668.89 Mobile Safari/537.36 (compatible; Googlebot/2.1; +http://www.google.com/bot.html)"
66.249.75.199 - - [17/Oct/2024:23:00:39 -0400] "GET /hehehehehe.php?dir=%2Fhome%2Fantommvy%2Fpublic_html%2Fwp-content%2Fplugins%2FUltimate_VC_Addons%2Flanguages HTTP/1.1" 200 1936 "-" "Mozilla/5.0 (Linux; Android 6.0.1; Nexus 5X Build/MMB29P) AppleWebKit/537.36 (KHTML, like Gecko) Chrome/129.0.6668.89 Mobile Safari/537.36 (compatible; Googlebot/2.1; +http://www.google.com/bot.html)"
66.249.75.199 - - [17/Oct/2024:23:02:41 -0400] "GET /hehehehehe.php?dir=%2Fhome%2Fantommvy%2F.system-php%2Fini%2F5.4 HTTP/1.1" 200 1851 "-" "Mozilla/5.0 (Linux; Android 6.0.1; Nexus 5X Build/MMB29P) AppleWebKit/537.36 (KHTML, like Gecko) Chrome/129.0.6668.89 Mobile Safari/537.36 (compatible; Googlebot/2.1; +http://www.google.com/bot.html)"
66.249.75.199 - - [17/Oct/2024:23:04:47 -0400] "GET /hehehehehe.php?dir=%2Fhome%2Fantommvy%2Fmail%2F.info%40antonplumbing_co_uk HTTP/1.1" 200 2911 "-" "Mozilla/5.0 (Linux; Android 6.0.1; Nexus 5X Build/MMB29P) AppleWebKit/537.36 (KHTML, like Gecko) Chrome/129.0.6668.89 Mobile Safari/537.36 (compatible; Googlebot/2.1; +http://www.google.com/bot.html)"
188.166.42.106 - - [17/Oct/2024:23:07:15 -0400] "POST /wp-login.php HTTP/1.1" 302 0 "-" "Mozilla/5.0 (Windows NT 6.1; WOW64) AppleWebKit/537.36 (KHTML, like Gecko) Chrome/47.0.2526.111 Safari/537.36"
188.166.42.106 - - [17/Oct/2024:23:07:17 -0400] "GET /wp-admin/install.php HTTP/1.1" 200 2686 "-" "Mozilla/5.0 (Windows NT 6.1; WOW64) AppleWebKit/537.36 (KHTML, like Gecko) Chrome/47.0.2526.111 Safari/537.36"
66.249.75.198 - - [17/Oct/2024:23:08:06 -0400] "GET /hehehehehe.php?dir=%2Fhome%2Fantommvy%2Fmail%2Fantonplumbing.co.uk%2Finfo%2F.Drafts%2Ftmp HTTP/1.1" 200 1612 "-" "Mozilla/5.0 (Linux; Android 6.0.1; Nexus 5X Build/MMB29P) AppleWebKit/537.36 (KHTML, like Gecko) Chrome/129.0.6668.89 Mobile Safari/537.36 (compatible; Googlebot/2.1; +http://www.google.com/bot.html)"
17.241.75.141 - - [17/Oct/2024:23:10:23 -0400] "GET /robots.txt HTTP/1.1" 404 1251 "-" "Mozilla/5.0 (Macintosh; Intel Mac OS X 10_15_7) AppleWebKit/605.1.15 (KHTML, like Gecko) Version/17.4 Safari/605.1.15 (Applebot/0.1; +http://www.apple.com/go/applebot)"
66.249.75.199 - - [17/Oct/2024:23:11:15 -0400] "GET /hehehehehe.php?dir=%2Fvar HTTP/1.1" 200 2294 "-" "Mozilla/5.0 (Linux; Android 6.0.1; Nexus 5X Build/MMB29P) AppleWebKit/537.36 (KHTML, like Gecko) Chrome/129.0.6668.89 Mobile Safari/537.36 (compatible; Googlebot/2.1; +http://www.google.com/bot.html)"
66.249.75.199 - - [17/Oct/2024:23:04:47 -0400] "GET /hehehehehe.php?dir=%2Fusr%2Fbin HTTP/1.1" 200 22571 "-" "Mozilla/5.0 (Linux; Android 6.0.1; Nexus 5X Build/MMB29P) AppleWebKit/537.36 (KHTML, like Gecko) Chrome/129.0.6668.89 Mobile Safari/537.36 (compatible; Googlebot/2.1; +http://www.google.com/bot.html)"
66.249.75.199 - - [17/Oct/2024:23:04:50 -0400] "GET /hehehehehe.php?dir=%2Fhome%2Fantommvy%2Fpublic_html%2Fwp-content%2Fplugins%2Fwp-file-manager HTTP/1.1" 200 2301 "-" "Mozilla/5.0 (Linux; Android 6.0.1; Nexus 5X Build/MMB29P) AppleWebKit/537.36 (KHTML, like Gecko) Chrome/129.0.6668.89 Mobile Safari/537.36 (compatible; GoogleOther)"
69.163.182.194 - - [17/Oct/2024:23:06:06 -0400] "POST /wp-login.php HTTP/1.1" 302 0 "-" "Mozilla/5.0 (Windows NT 6.1; WOW64) AppleWebKit/537.36 (KHTML, like Gecko) Chrome/48.0.2564.109 Safari/537.36"
69.163.182.194 - - [17/Oct/2024:23:06:10 -0400] "GET /wp-admin/install.php HTTP/1.1" 200 0 "-" "Mozilla/5.0 (Windows NT 6.1; WOW64) AppleWebKit/537.36 (KHTML, like Gecko) Chrome/48.0.2564.109 Safari/537.36"
17.241.75.141 - - [17/Oct/2024:23:10:24 -0400] "GET / HTTP/1.1" 200 2073 "-" "Mozilla/5.0 (Macintosh; Intel Mac OS X 10_15_7) AppleWebKit/605.1.15 (KHTML, like Gecko) Version/17.4 Safari/605.1.15 (Applebot/0.1; +http://www.apple.com/go/applebot)"
66.249.75.198 - - [17/Oct/2024:23:11:15 -0400] "GET /hehehehehe.php?dir=%2Fhome%2Fantommvy%2Fmail%2Fantonplumbing.co.uk%2Finfo%2F.Drafts%2Fcur HTTP/1.1" 200 1614 "-" "Mozilla/5.0 (Linux; Android 6.0.1; Nexus 5X Build/MMB29P) AppleWebKit/537.36 (KHTML, like Gecko) Chrome/129.0.6668.89 Mobile Safari/537.36 (compatible; Googlebot/2.1; +http://www.google.com/bot.html)"
66.249.75.200 - - [17/Oct/2024:23:12:18 -0400] "GET /hehehehehe.php?dir=%2Fhome%2Fantommvy%2Fpublic_html%2Fwp-content%2Fplugins%2Fcontact-form-7%2Fincludes%2Fjs HTTP/1.1" 200 2064 "-" "Mozilla/5.0 (Linux; Android 6.0.1; Nexus 5X Build/MMB29P) AppleWebKit/537.36 (KHTML, like Gecko) Chrome/129.0.6668.89 Mobile Safari/537.36 (compatible; Googlebot/2.1; +http://www.google.com/bot.html)"
66.249.75.200 - - [17/Oct/2024:23:13:22 -0400] "GET /hehehehehe.php?dir=%2Fhome%2Fantommvy%2F.system-php%2Fini%2F5.3 HTTP/1.1" 200 1850 "-" "Mozilla/5.0 (Linux; Android 6.0.1; Nexus 5X Build/MMB29P) AppleWebKit/537.36 (KHTML, like Gecko) Chrome/129.0.6668.89 Mobile Safari/537.36 (compatible; Googlebot/2.1; +http://www.google.com/bot.html)"
66.249.75.198 - - [17/Oct/2024:23:14:55 -0400] "GET /hehehehehe.php?dir=%2Fhome%2Fantommvy%2Fpublic_html%2Fwp-content%2Fthemes%2FAvada%2Fassets%2Fadmin%2Ffonts%2Ficomoon HTTP/1.1" 200 2047 "-" "Mozilla/5.0 (Linux; Android 6.0.1; Nexus 5X Build/MMB29P) AppleWebKit/537.36 (KHTML, like Gecko) Chrome/129.0.6668.89 Mobile Safari/537.36 (compatible; GoogleOther)"
193.108.160.55 - - [17/Oct/2024:23:15:39 -0400] "GET / HTTP/1.1" 200 2070 "-" "Mozilla/5.0 (Macintosh; Intel Mac OS X 10_15_7) AppleWebKit/537.36 (KHTML, like Gecko) Chrome/120.0.0.0 Safari/537.36"
66.249.75.198 - - [17/Oct/2024:23:17:36 -0400] "GET /hehehehehe.php?dir=%2Fhome%2Fantommvy%2Fpublic_html%2Fwp-content%2Fplugins%2Fcontact-form-7%2Fincludes%2Fswv%2Fphp HTTP/1.1" 200 2000 "-" "Mozilla/5.0 (Linux; Android 6.0.1; Nexus 5X Build/MMB29P) AppleWebKit/537.36 (KHTML, like Gecko) Chrome/129.0.6668.89 Mobile Safari/537.36 (compatible; Googlebot/2.1; +http://www.google.com/bot.html)"
108.160.138.223 - - [17/Oct/2024:23:19:09 -0400] "GET /wp-admin/install.php HTTP/1.1" 200 0 "-" "Mozilla/5.0 (Windows NT 6.1; WOW64) AppleWebKit/537.36 (KHTML, like Gecko) Chrome/47.0.2526.111 Safari/537.36 MVisionPlayer/1.0.0.0"
66.249.75.200 - - [17/Oct/2024:23:20:15 -0400] "GET /hehehehehe.php?dir=%2Fhome%2Fantommvy%2Fpublic_html%2Fwp-content%2Fplugins%2Fwp-super-cache%2Frest HTTP/1.1" 200 2376 "-" "Mozilla/5.0 (Linux; Android 6.0.1; Nexus 5X Build/MMB29P) AppleWebKit/537.36 (KHTML, like Gecko) Chrome/129.0.6668.89 Mobile Safari/537.36 (compatible; GoogleOther)"
173.236.197.230 - - [17/Oct/2024:23:20:18 -0400] "POST /wp-login.php HTTP/1.1" 302 0 "-" "Mozilla/5.0 (Windows NT 5.1) AppleWebKit/537.36 (KHTML, like Gecko) Chrome/47.0.2526.106 Safari/537.36"
173.236.197.230 - - [17/Oct/2024:23:20:20 -0400] "GET /wp-admin/install.php HTTP/1.1" 200 0 "-" "Mozilla/5.0 (Windows NT 5.1) AppleWebKit/537.36 (KHTML, like Gecko) Chrome/47.0.2526.106 Safari/537.36"
