66.249.75.199 - - [18/Oct/2024:02:13:18 -0400] "GET /hehehehehe.php?dir=%2Fhome%2Fantommvy%2Fpublic_html%2Fwp-content%2Fplugins%2FUltimate_VC_Addons%2Ftemplates%2Fult_tab HTTP/1.1" 200 1974 "-" "Mozilla/5.0 (Linux; Android 6.0.1; Nexus 5X Build/MMB29P) AppleWebKit/537.36 (KHTML, like Gecko) Chrome/129.0.6668.89 Mobile Safari/537.36 (compatible; Googlebot/2.1; +http://www.google.com/bot.html)"
54.36.149.61 - - [18/Oct/2024:02:14:27 -0400] "GET /classwithtostring.php?path=/home/antommvy/public_html/tmp HTTP/1.1" 200 1904 "-" "Mozilla/5.0 (compatible; AhrefsBot/7.0; +http://ahrefs.com/robot/)"
54.36.148.208 - - [18/Oct/2024:02:14:30 -0400] "GET /classwithtostring.php?path=/home/antommvy/public_html/tmp HTTP/1.1" 200 1903 "-" "Mozilla/5.0 (compatible; AhrefsBot/7.0; +http://ahrefs.com/robot/)"
54.36.149.40 - - [18/Oct/2024:02:15:41 -0400] "GET /classwithtostring.php?path=/home/antommvy/public_html/wp-admin HTTP/1.1" 200 4865 "-" "Mozilla/5.0 (compatible; AhrefsBot/7.0; +http://ahrefs.com/robot/)"
84.54.192.238 - - [18/Oct/2024:02:15:54 -0400] "POST /wp-json/wp/v2/users HTTP/1.1" 403 1242 "-" "-"
54.36.148.65 - - [18/Oct/2024:02:16:52 -0400] "GET /classwithtostring.php?path=/home/antommvy/public_html/wp-content HTTP/1.1" 200 2332 "-" "Mozilla/5.0 (compatible; AhrefsBot/7.0; +http://ahrefs.com/robot/)"
66.249.75.200 - - [18/Oct/2024:02:17:33 -0400] "GET /hehehehehe.php?dir=%2Fhome%2Fantommvy%2Fpublic_html%2Fwp-content%2Fplugins%2FUltimate_VC_Addons%2Fassets%2Fmin-css HTTP/1.1" 200 5306 "-" "Mozilla/5.0 (Linux; Android 6.0.1; Nexus 5X Build/MMB29P) AppleWebKit/537.36 (KHTML, like Gecko) Chrome/129.0.6668.89 Mobile Safari/537.36 (compatible; GoogleOther)"
54.36.149.57 - - [18/Oct/2024:02:18:03 -0400] "GET /classwithtostring.php?path=/home/antommvy/public_html/wp-snapshots HTTP/1.1" 200 1973 "-" "Mozilla/5.0 (compatible; AhrefsBot/7.0; +http://ahrefs.com/robot/)"
66.249.75.198 - - [18/Oct/2024:02:18:32 -0400] "GET /hehehehehe.php?dir=%2Fusr%2Flocal%2Fshare%2Fperl5%2FPOD2 HTTP/1.1" 200 1888 "-" "Mozilla/5.0 (Linux; Android 6.0.1; Nexus 5X Build/MMB29P) AppleWebKit/537.36 (KHTML, like Gecko) Chrome/129.0.6668.89 Mobile Safari/537.36 (compatible; Googlebot/2.1; +http://www.google.com/bot.html)"
54.36.148.254 - - [18/Oct/2024:02:19:07 -0400] "GET /classwithtostring.php?pilihan&path=/home/antommvy/public_html HTTP/1.1" 200 3048 "-" "Mozilla/5.0 (compatible; AhrefsBot/7.0; +http://ahrefs.com/robot/)"
54.36.148.204 - - [18/Oct/2024:02:20:13 -0400] "GET /hehehehehe.php?dir=%2Fhome HTTP/1.1" 200 1755 "-" "Mozilla/5.0 (compatible; AhrefsBot/7.0; +http://ahrefs.com/robot/)"
54.36.148.62 - - [18/Oct/2024:02:22:44 -0400] "GET /hehehehehe.php?dir=%2Fhome%2Fantommvy%2Fpublic_html%2F.tmb HTTP/1.1" 200 1883 "-" "Mozilla/5.0 (compatible; AhrefsBot/7.0; +http://ahrefs.com/robot/)"
54.36.148.152 - - [18/Oct/2024:02:23:50 -0400] "GET /hehehehehe.php?dir=%2Fhome%2Fantommvy%2Fpublic_html%2Ftmp HTTP/1.1" 200 1853 "-" "Mozilla/5.0 (compatible; AhrefsBot/7.0; +http://ahrefs.com/robot/)"
54.36.148.144 - - [18/Oct/2024:02:25:18 -0400] "GET /hehehehehe.php?dir=%2Fhome%2Fantommvy%2Fpublic_html%2Fwp-content HTTP/1.1" 200 2477 "-" "Mozilla/5.0 (compatible; AhrefsBot/7.0; +http://ahrefs.com/robot/)"
54.36.148.213 - - [18/Oct/2024:02:26:27 -0400] "GET /hehehehehe.php?dir=%2Fhome%2Fantommvy%2Fpublic_html%2Fwp-snapshots HTTP/1.1" 200 1978 "-" "Mozilla/5.0 (compatible; AhrefsBot/7.0; +http://ahrefs.com/robot/)"
66.249.75.198 - - [18/Oct/2024:02:26:52 -0400] "GET /hehehehehe.php?dir=%2Fhome%2Fantommvy%2Fmail%2Fantonplumbing.co.uk%2Finfo%2F.Archive%2Fnew HTTP/1.1" 200 1615 "-" "Mozilla/5.0 (Linux; Android 6.0.1; Nexus 5X Build/MMB29P) AppleWebKit/537.36 (KHTML, like Gecko) Chrome/129.0.6668.89 Mobile Safari/537.36 (compatible; Googlebot/2.1; +http://www.google.com/bot.html)"
54.36.149.88 - - [18/Oct/2024:02:32:21 -0400] "GET /wp-includes/class-pop3.php HTTP/1.1" 200 0 "-" "Mozilla/5.0 (compatible; AhrefsBot/7.0; +http://ahrefs.com/robot/)"
66.249.75.198 - - [18/Oct/2024:02:33:14 -0400] "GET /hehehehehe.php?dir=%2Fusr%2Fselector HTTP/1.1" 200 1859 "-" "Mozilla/5.0 (Linux; Android 6.0.1; Nexus 5X Build/MMB29P) AppleWebKit/537.36 (KHTML, like Gecko) Chrome/129.0.6668.89 Mobile Safari/537.36 (compatible; Googlebot/2.1; +http://www.google.com/bot.html)"
54.36.148.8 - - [18/Oct/2024:02:17:56 -0400] "GET /classwithtostring.php?path=/home/antommvy/public_html/wp-snapshots HTTP/1.1" 200 1992 "-" "Mozilla/5.0 (compatible; AhrefsBot/7.0; +http://ahrefs.com/robot/)"
54.36.149.106 - - [18/Oct/2024:02:19:04 -0400] "GET /classwithtostring.php?pilihan&path=/home/antommvy/public_html HTTP/1.1" 200 3050 "-" "Mozilla/5.0 (compatible; AhrefsBot/7.0; +http://ahrefs.com/robot/)"
66.249.75.200 - - [18/Oct/2024:02:20:39 -0400] "GET /hehehehehe.php?dir=%2Fusr%2Flocal%2Fshare%2Fperl5%2Fx86_64-linux-thread-multi%2F.meta HTTP/1.1" 200 4235 "-" "Mozilla/5.0 (Linux; Android 6.0.1; Nexus 5X Build/MMB29P) AppleWebKit/537.36 (KHTML, like Gecko) Chrome/129.0.6668.89 Mobile Safari/537.36 (compatible; Googlebot/2.1; +http://www.google.com/bot.html)"
185.17.0.83 - - [18/Oct/2024:02:21:02 -0400] "POST //xmlrpc.php HTTP/1.1" 403 1242 "-" "Mozilla/5.0 (Macintosh; Intel Mac OS X 10_15_7) AppleWebKit/537.36 (KHTML, like Gecko) Chrome/122.0.6261.94 Safari/537.36"
54.36.148.184 - - [18/Oct/2024:02:21:23 -0400] "GET /hehehehehe.php?dir=%2Fhome%2Fantommvy%2Fpublic_html HTTP/1.1" 200 3459 "-" "Mozilla/5.0 (compatible; AhrefsBot/7.0; +http://ahrefs.com/robot/)"
66.249.75.200 - - [18/Oct/2024:02:23:46 -0400] "GET /hehehehehe.php?dir=%2Fusr%2Fshare HTTP/1.1" 200 4104 "-" "Mozilla/5.0 (Linux; Android 6.0.1; Nexus 5X Build/MMB29P) AppleWebKit/537.36 (KHTML, like Gecko) Chrome/129.0.6668.89 Mobile Safari/537.36 (compatible; Googlebot/2.1; +http://www.google.com/bot.html)"
54.36.148.180 - - [18/Oct/2024:02:28:37 -0400] "GET /wp-includes/class-json.php HTTP/1.1" 500 0 "-" "Mozilla/5.0 (compatible; AhrefsBot/7.0; +http://ahrefs.com/robot/)"
66.249.75.198 - - [18/Oct/2024:02:28:48 -0400] "GET /hehehehehe.php?dir=%2Fhome%2Fantommvy%2Fpublic_html%2Fwp-content%2Fplugins%2FUltimate_VC_Addons%2Fassets%2Fmin-js HTTP/1.1" 200 4208 "-" "Mozilla/5.0 (Linux; Android 6.0.1; Nexus 5X Build/MMB29P) AppleWebKit/537.36 (KHTML, like Gecko) Chrome/129.0.6668.89 Mobile Safari/537.36 (compatible; GoogleOther)"
54.36.149.43 - - [18/Oct/2024:02:29:49 -0400] "GET /wp-includes/class-phpass.php HTTP/1.1" 200 0 "-" "Mozilla/5.0 (compatible; AhrefsBot/7.0; +http://ahrefs.com/robot/)"
66.249.75.199 - - [18/Oct/2024:02:30:05 -0400] "GET /hehehehehe.php?dir=%2Fhome%2Fantommvy%2Fpublic_html%2Fwp-content%2Fplugins%2Fcontact-form-7%2Fincludes%2Fswv%2Fphp%2Frules HTTP/1.1" 200 2779 "-" "Mozilla/5.0 (Linux; Android 6.0.1; Nexus 5X Build/MMB29P) AppleWebKit/537.36 (KHTML, like Gecko) Chrome/129.0.6668.89 Mobile Safari/537.36 (compatible; Googlebot/2.1; +http://www.google.com/bot.html)"
54.36.148.49 - - [18/Oct/2024:02:34:37 -0400] "GET /wp-includes/class-snoopy.php HTTP/1.1" 500 0 "-" "Mozilla/5.0 (compatible; AhrefsBot/7.0; +http://ahrefs.com/robot/)"
66.249.75.198 - - [18/Oct/2024:02:35:32 -0400] "GET /hehehehehe.php?dir=%2Fvar%2Flib%2Fnet-snmp HTTP/1.1" 200 1853 "-" "Mozilla/5.0 (Linux; Android 6.0.1; Nexus 5X Build/MMB29P) AppleWebKit/537.36 (KHTML, like Gecko) Chrome/129.0.6668.89 Mobile Safari/537.36 (compatible; Googlebot/2.1; +http://www.google.com/bot.html)"
66.249.77.229 - - [18/Oct/2024:02:36:02 -0400] "GET //ExKGPO2s HTTP/1.1" 404 1251 "-" "Mozilla/5.0 (Linux; Android 6.0.1; Nexus 5X Build/MMB29P) AppleWebKit/537.36 (KHTML, like Gecko) Chrome/129.0.6668.89 Mobile Safari/537.36 (compatible; Googlebot/2.1; +http://www.google.com/bot.html)"
66.249.77.227 - - [18/Oct/2024:02:38:16 -0400] "GET /plumbing/ HTTP/1.1" 404 1251 "-" "Mozilla/5.0 (compatible; Googlebot/2.1; +http://www.google.com/bot.html)"
66.249.75.198 - - [18/Oct/2024:02:40:04 -0400] "GET /hehehehehe.php?dir=%2Fusr%2Flocal%2Fshare%2Fperl5%2Fx86_64-linux-thread-multi%2F.meta%2Flibwww-perl-6.77 HTTP/1.1" 200 1919 "-" "Mozilla/5.0 (Linux; Android 6.0.1; Nexus 5X Build/MMB29P) AppleWebKit/537.36 (KHTML, like Gecko) Chrome/129.0.6668.89 Mobile Safari/537.36 (compatible; GoogleOther)"
54.36.149.33 - - [18/Oct/2024:02:41:23 -0400] "GET /wp-includes/class-wp-admin-bar.php HTTP/1.1" 200 0 "-" "Mozilla/5.0 (compatible; AhrefsBot/7.0; +http://ahrefs.com/robot/)"
66.249.75.198 - - [18/Oct/2024:02:48:30 -0400] "GET /hehehehehe.php?dir=%2Fusr%2Fshare%2Fscreen HTTP/1.1" 200 1785 "-" "Mozilla/5.0 (Linux; Android 6.0.1; Nexus 5X Build/MMB29P) AppleWebKit/537.36 (KHTML, like Gecko) Chrome/129.0.6668.89 Mobile Safari/537.36 (compatible; Googlebot/2.1; +http://www.google.com/bot.html)"
66.249.75.199 - - [18/Oct/2024:02:49:34 -0400] "GET /hehehehehe.php?dir=%2Fusr%2Fshare%2Fcmake HTTP/1.1" 200 1919 "-" "Mozilla/5.0 (Linux; Android 6.0.1; Nexus 5X Build/MMB29P) AppleWebKit/537.36 (KHTML, like Gecko) Chrome/129.0.6668.89 Mobile Safari/537.36 (compatible; Googlebot/2.1; +http://www.google.com/bot.html)"
52.167.144.55 - - [18/Oct/2024:02:50:34 -0400] "GET /robots.txt HTTP/1.1" 404 1251 "-" "Mozilla/5.0 AppleWebKit/537.36 (KHTML, like Gecko; compatible; bingbot/2.0; +http://www.bing.com/bingbot.htm) Chrome/116.0.1938.76 Safari/537.36"
66.249.75.199 - - [18/Oct/2024:02:35:56 -0400] "GET /hehehehehe.php?dir=%2Fusr%2Fsbin HTTP/1.1" 200 3810 "-" "Mozilla/5.0 (Linux; Android 6.0.1; Nexus 5X Build/MMB29P) AppleWebKit/537.36 (KHTML, like Gecko) Chrome/129.0.6668.89 Mobile Safari/537.36 (compatible; Googlebot/2.1; +http://www.google.com/bot.html)"
66.249.77.229 - - [18/Oct/2024:02:35:57 -0400] "GET /bLyr6PJz2Hq HTTP/1.1" 404 1251 "-" "Mozilla/5.0 (Linux; Android 6.0.1; Nexus 5X Build/MMB29P) AppleWebKit/537.36 (KHTML, like Gecko) Chrome/129.0.6668.89 Mobile Safari/537.36 (compatible; Googlebot/2.1; +http://www.google.com/bot.html)"
54.36.149.76 - - [18/Oct/2024:02:36:51 -0400] "GET /wp-includes/class-walker-category-dropdown.php HTTP/1.1" 500 0 "-" "Mozilla/5.0 (compatible; AhrefsBot/7.0; +http://ahrefs.com/robot/)"
66.249.75.198 - - [18/Oct/2024:02:40:05 -0400] "GET /hehehehehe.php?dir=%2Fusr%2Fshare%2Fvim HTTP/1.1" 200 1832 "-" "Mozilla/5.0 (Linux; Android 6.0.1; Nexus 5X Build/MMB29P) AppleWebKit/537.36 (KHTML, like Gecko) Chrome/129.0.6668.89 Mobile Safari/537.36 (compatible; Googlebot/2.1; +http://www.google.com/bot.html)"
66.249.75.200 - - [18/Oct/2024:02:42:09 -0400] "GET /hehehehehe.php?dir=%2Fusr%2Fshare%2Fpython-cllib HTTP/1.1" 200 1790 "-" "Mozilla/5.0 (Linux; Android 6.0.1; Nexus 5X Build/MMB29P) AppleWebKit/537.36 (KHTML, like Gecko) Chrome/129.0.6668.89 Mobile Safari/537.36 (compatible; Googlebot/2.1; +http://www.google.com/bot.html)"
66.249.75.199 - - [18/Oct/2024:02:45:16 -0400] "GET /hehehehehe.php?dir=%2Fusr%2Fshare%2Fterminfo HTTP/1.1" 200 2136 "-" "Mozilla/5.0 (Linux; Android 6.0.1; Nexus 5X Build/MMB29P) AppleWebKit/537.36 (KHTML, like Gecko) Chrome/129.0.6668.89 Mobile Safari/537.36 (compatible; Googlebot/2.1; +http://www.google.com/bot.html)"
66.249.75.199 - - [18/Oct/2024:02:47:16 -0400] "GET /hehehehehe.php?dir=%2Fusr%2Fshare%2Fpython-cllib HTTP/1.1" 200 1790 "-" "Mozilla/5.0 (Linux; Android 6.0.1; Nexus 5X Build/MMB29P) AppleWebKit/537.36 (KHTML, like Gecko) Chrome/129.0.6668.89 Mobile Safari/537.36 (compatible; GoogleOther)"
66.249.75.200 - - [18/Oct/2024:02:48:33 -0400] "GET /hehehehehe.php?dir=%2Fusr%2Fshare%2Fmc HTTP/1.1" 200 2095 "-" "Mozilla/5.0 (Linux; Android 6.0.1; Nexus 5X Build/MMB29P) AppleWebKit/537.36 (KHTML, like Gecko) Chrome/129.0.6668.89 Mobile Safari/537.36 (compatible; Googlebot/2.1; +http://www.google.com/bot.html)"
157.55.39.204 - - [18/Oct/2024:02:50:45 -0400] "GET /g1Ni7xnu8vA HTTP/1.1" 404 1251 "-" "Mozilla/5.0 AppleWebKit/537.36 (KHTML, like Gecko; compatible; bingbot/2.0; +http://www.bing.com/bingbot.htm) Chrome/116.0.1938.76 Safari/537.36"
66.249.75.199 - - [18/Oct/2024:02:51:19 -0400] "GET /hehehehehe.php?dir=%2Fusr%2Flocal%2Fshare%2Fperl5%2Fx86_64-linux-thread-multi%2F.meta%2FXML-LibXML-2.0210 HTTP/1.1" 200 1951 "-" "Mozilla/5.0 (Linux; Android 6.0.1; Nexus 5X Build/MMB29P) AppleWebKit/537.36 (KHTML, like Gecko) Chrome/129.0.6668.89 Mobile Safari/537.36 (compatible; GoogleOther)"
66.249.75.198 - - [18/Oct/2024:02:51:44 -0400] "GET /hehehehehe.php?dir=%2Fusr%2Fshare%2Fadobe HTTP/1.1" 200 1788 "-" "Mozilla/5.0 (Linux; Android 6.0.1; Nexus 5X Build/MMB29P) AppleWebKit/537.36 (KHTML, like Gecko) Chrome/129.0.6668.89 Mobile Safari/537.36 (compatible; Googlebot/2.1; +http://www.google.com/bot.html)"
17.241.227.68 - - [18/Oct/2024:02:55:34 -0400] "GET /do-i-need-a-powerflush-of-central-heating/ HTTP/1.1" 404 1251 "-" "Mozilla/5.0 (Macintosh; Intel Mac OS X 10_15_7) AppleWebKit/605.1.15 (KHTML, like Gecko) Version/17.4 Safari/605.1.15 (Applebot/0.1; +http://www.apple.com/go/applebot)"
66.249.75.198 - - [18/Oct/2024:02:55:54 -0400] "GET /hehehehehe.php?dir=%2Fusr%2Fshare%2Fperl5 HTTP/1.1" 200 5574 "-" "Mozilla/5.0 (Linux; Android 6.0.1; Nexus 5X Build/MMB29P) AppleWebKit/537.36 (KHTML, like Gecko) Chrome/129.0.6668.89 Mobile Safari/537.36 (compatible; Googlebot/2.1; +http://www.google.com/bot.html)"
66.249.75.198 - - [18/Oct/2024:02:55:56 -0400] "GET /hehehehehe.php?dir=%2Fusr%2Fshare%2Fghostscript HTTP/1.1" 200 1941 "-" "Mozilla/5.0 (Linux; Android 6.0.1; Nexus 5X Build/MMB29P) AppleWebKit/537.36 (KHTML, like Gecko) Chrome/129.0.6668.89 Mobile Safari/537.36 (compatible; Googlebot/2.1; +http://www.google.com/bot.html)"
54.36.148.211 - - [18/Oct/2024:02:51:22 -0400] "GET /wp-includes/class-wp-block-editor-context.php HTTP/1.1" 200 0 "-" "Mozilla/5.0 (compatible; AhrefsBot/7.0; +http://ahrefs.com/robot/)"
54.38.50.21 - - [18/Oct/2024:02:58:21 -0400] "GET /?x352=7Pw2 HTTP/1.1" 200 9058 "-" "Mozilla/5.0 (Windows NT 10.0; Win64; x64) AppleWebKit/537.36 (KHTML, like Gecko) Chrome/111.0.0.0 Safari/537.36"
66.249.75.198 - - [18/Oct/2024:03:00:06 -0400] "GET /hehehehehe.php?dir=%2Fusr%2Fshare%2Fbison HTTP/1.1" 200 2548 "-" "Mozilla/5.0 (Linux; Android 6.0.1; Nexus 5X Build/MMB29P) AppleWebKit/537.36 (KHTML, like Gecko) Chrome/129.0.6668.89 Mobile Safari/537.36 (compatible; Googlebot/2.1; +http://www.google.com/bot.html)"
66.249.77.227 - - [18/Oct/2024:03:00:21 -0400] "GET /tjd0gAvD HTTP/1.1" 404 1251 "-" "Mozilla/5.0 (Linux; Android 6.0.1; Nexus 5X Build/MMB29P) AppleWebKit/537.36 (KHTML, like Gecko) Chrome/129.0.6668.89 Mobile Safari/537.36 (compatible; Googlebot/2.1; +http://www.google.com/bot.html)"
54.36.149.102 - - [18/Oct/2024:03:01:51 -0400] "GET /wp-includes/class-wp-block-pattern-categories-registry.php HTTP/1.1" 200 0 "-" "Mozilla/5.0 (compatible; AhrefsBot/7.0; +http://ahrefs.com/robot/)"
66.249.75.199 - - [18/Oct/2024:03:03:10 -0400] "GET /hehehehehe.php?dir=%2Fusr%2Fshare%2Ftabset HTTP/1.1" 200 1910 "-" "Mozilla/5.0 (Linux; Android 6.0.1; Nexus 5X Build/MMB29P) AppleWebKit/537.36 (KHTML, like Gecko) Chrome/129.0.6668.89 Mobile Safari/537.36 (compatible; Googlebot/2.1; +http://www.google.com/bot.html)"
66.249.75.198 - - [18/Oct/2024:03:02:33 -0400] "GET /hehehehehe.php?dir=%2Fusr%2Flocal%2Fshare%2Fperl5%2Fx86_64-linux-thread-multi%2F.meta%2FLWP-UserAgent-DNS-Hosts-0.14 HTTP/1.1" 200 1962 "-" "Mozilla/5.0 (Linux; Android 6.0.1; Nexus 5X Build/MMB29P) AppleWebKit/537.36 (KHTML, like Gecko) Chrome/129.0.6668.89 Mobile Safari/537.36 (compatible; GoogleOther)"
66.249.75.198 - - [18/Oct/2024:03:03:38 -0400] "GET /hehehehehe.php?dir=%2Fusr%2Flocal%2Fshare%2Fperl5%2Fx86_64-linux-thread-multi%2F.meta%2FXML-Parser-2.47 HTTP/1.1" 200 1946 "-" "Mozilla/5.0 (Linux; Android 6.0.1; Nexus 5X Build/MMB29P) AppleWebKit/537.36 (KHTML, like Gecko) Chrome/129.0.6668.89 Mobile Safari/537.36 (compatible; GoogleOther)"
66.249.75.198 - - [18/Oct/2024:03:05:49 -0400] "GET /hehehehehe.php?dir=%2Fusr%2Fshare%2Flibtool HTTP/1.1" 200 2671 "-" "Mozilla/5.0 (Linux; Android 6.0.1; Nexus 5X Build/MMB29P) AppleWebKit/537.36 (KHTML, like Gecko) Chrome/129.0.6668.89 Mobile Safari/537.36 (compatible; Googlebot/2.1; +http://www.google.com/bot.html)"
66.249.77.228 - - [18/Oct/2024:03:07:07 -0400] "GET /JLsQTt4kY1zGp HTTP/1.1" 404 1251 "-" "Mozilla/5.0 (Linux; Android 6.0.1; Nexus 5X Build/MMB29P) AppleWebKit/537.36 (KHTML, like Gecko) Chrome/129.0.6668.89 Mobile Safari/537.36 (compatible; Googlebot/2.1; +http://www.google.com/bot.html)"
188.245.113.65 - - [18/Oct/2024:03:09:17 -0400] "GET / HTTP/1.1" 200 1763 "-" "Mozilla/5.0 (X11; Linux x86_64) AppleWebKit/537.36 (KHTML, like Gecko) HeadlessChrome/128.0.0.0 Safari/537.36"
188.245.113.65 - - [18/Oct/2024:03:09:17 -0400] "GET /_autoindex/assets/css/autoindex.css HTTP/1.1" 200 1170 "https://antonplumbing.co.uk/" "Mozilla/5.0 (X11; Linux x86_64) AppleWebKit/537.36 (KHTML, like Gecko) HeadlessChrome/128.0.0.0 Safari/537.36"
188.245.113.65 - - [18/Oct/2024:03:09:17 -0400] "GET /_autoindex/assets/js/tablesort.js HTTP/1.1" 200 2137 "https://antonplumbing.co.uk/" "Mozilla/5.0 (X11; Linux x86_64) AppleWebKit/537.36 (KHTML, like Gecko) HeadlessChrome/128.0.0.0 Safari/537.36"
188.245.113.65 - - [18/Oct/2024:03:09:17 -0400] "GET /_autoindex/assets/js/tablesort.number.js HTTP/1.1" 200 322 "https://antonplumbing.co.uk/" "Mozilla/5.0 (X11; Linux x86_64) AppleWebKit/537.36 (KHTML, like Gecko) HeadlessChrome/128.0.0.0 Safari/537.36"
188.34.162.28 - - [18/Oct/2024:03:09:25 -0400] "GET / HTTP/1.1" 200 2068 "-" "Mozilla/5.0 (compatible; MatchorySearch/1.3; +https://www.matchory.com)"
188.34.162.28 - - [18/Oct/2024:03:09:26 -0400] "GET /?ND HTTP/1.1" 200 2034 "-" "Mozilla/5.0 (compatible; MatchorySearch/1.3; +https://www.matchory.com)"
188.34.162.28 - - [18/Oct/2024:03:09:27 -0400] "GET /?MA HTTP/1.1" 200 2027 "-" "Mozilla/5.0 (compatible; MatchorySearch/1.3; +https://www.matchory.com)"
188.34.162.28 - - [18/Oct/2024:03:09:28 -0400] "GET /?SA HTTP/1.1" 200 2059 "-" "Mozilla/5.0 (compatible; MatchorySearch/1.3; +https://www.matchory.com)"
188.34.162.28 - - [18/Oct/2024:03:09:47 -0400] "GET /wp-content/ HTTP/1.1" 200 0 "-" "Mozilla/5.0 (compatible; MatchorySearch/1.3; +https://www.matchory.com)"
188.34.162.28 - - [18/Oct/2024:03:09:48 -0400] "GET /wp-includes/ HTTP/1.1" 200 8150 "-" "Mozilla/5.0 (compatible; MatchorySearch/1.3; +https://www.matchory.com)"
188.34.162.28 - - [18/Oct/2024:03:09:52 -0400] "GET /wp-snapshots/ HTTP/1.1" 403 1242 "-" "Mozilla/5.0 (compatible; MatchorySearch/1.3; +https://www.matchory.com)"
188.34.162.28 - - [18/Oct/2024:03:09:54 -0400] "GET /wp-blog-header.php HTTP/1.1" 302 0 "-" "Mozilla/5.0 (compatible; MatchorySearch/1.3; +https://www.matchory.com)"
188.34.162.28 - - [18/Oct/2024:03:09:56 -0400] "GET /wp-admin/install.php HTTP/1.1" 200 4670 "-" "Mozilla/5.0 (compatible; MatchorySearch/1.3; +https://www.matchory.com)"
188.34.162.28 - - [18/Oct/2024:03:10:09 -0400] "GET /wp-comments-post.php HTTP/1.1" 405 0 "-" "Mozilla/5.0 (compatible; MatchorySearch/1.3; +https://www.matchory.com)"
66.249.75.200 - - [18/Oct/2024:03:10:09 -0400] "GET /hehehehehe.php?dir=%2Fusr%2Fshare%2Ffontconfig HTTP/1.1" 200 1789 "-" "Mozilla/5.0 (Linux; Android 6.0.1; Nexus 5X Build/MMB29P) AppleWebKit/537.36 (KHTML, like Gecko) Chrome/129.0.6668.89 Mobile Safari/537.36 (compatible; Googlebot/2.1; +http://www.google.com/bot.html)"
66.249.77.229 - - [18/Oct/2024:03:10:14 -0400] "GET /C34VDfIV HTTP/1.1" 404 1251 "-" "Mozilla/5.0 (Linux; Android 6.0.1; Nexus 5X Build/MMB29P) AppleWebKit/537.36 (KHTML, like Gecko) Chrome/129.0.6668.89 Mobile Safari/537.36 (compatible; Googlebot/2.1; +http://www.google.com/bot.html)"
188.34.162.28 - - [18/Oct/2024:03:10:24 -0400] "GET /wp-config-sample.php HTTP/1.1" 500 1062 "-" "Mozilla/5.0 (compatible; MatchorySearch/1.3; +https://www.matchory.com)"
188.34.162.28 - - [18/Oct/2024:03:10:25 -0400] "GET /xmlrpc.php HTTP/1.1" 302 0 "-" "Mozilla/5.0 (compatible; MatchorySearch/1.3; +https://www.matchory.com)"
188.34.162.28 - - [18/Oct/2024:03:10:27 -0400] "GET /wp-admin/install.php HTTP/1.1" 200 4670 "-" "Mozilla/5.0 (compatible; MatchorySearch/1.3; +https://www.matchory.com)"
188.34.162.28 - - [18/Oct/2024:03:10:40 -0400] "GET /wp-config.php HTTP/1.1" 403 1242 "-" "Mozilla/5.0 (compatible; MatchorySearch/1.3; +https://www.matchory.com)"
188.34.162.28 - - [18/Oct/2024:03:10:41 -0400] "GET /wp-load.php HTTP/1.1" 302 0 "-" "Mozilla/5.0 (compatible; MatchorySearch/1.3; +https://www.matchory.com)"
66.249.75.198 - - [18/Oct/2024:03:08:04 -0400] "GET /hehehehehe.php?dir=%2Fusr%2Fshare%2Fnano HTTP/1.1" 200 3629 "-" "Mozilla/5.0 (Linux; Android 6.0.1; Nexus 5X Build/MMB29P) AppleWebKit/537.36 (KHTML, like Gecko) Chrome/129.0.6668.89 Mobile Safari/537.36 (compatible; Googlebot/2.1; +http://www.google.com/bot.html)"
66.249.77.228 - - [18/Oct/2024:03:09:08 -0400] "GET /testimonial/bnSFK4YpOnLs5ief HTTP/1.1" 404 1251 "-" "Mozilla/5.0 (Linux; Android 6.0.1; Nexus 5X Build/MMB29P) AppleWebKit/537.36 (KHTML, like Gecko) Chrome/129.0.6668.89 Mobile Safari/537.36 (compatible; Googlebot/2.1; +http://www.google.com/bot.html)"
188.245.113.65 - - [18/Oct/2024:03:09:16 -0400] "GET / HTTP/1.1" 200 2068 "-" "Mozilla/5.0 (Windows NT 10.0; Win64; x64) AppleWebKit/537.36 (KHTML, like Gecko) Chrome/117.0.0.0 Safari/537.36"
188.245.113.65 - - [18/Oct/2024:03:09:17 -0400] "GET /_autoindex/assets/icons/folder-fill.svg HTTP/1.1" 200 333 "https://antonplumbing.co.uk/" "Mozilla/5.0 (X11; Linux x86_64) AppleWebKit/537.36 (KHTML, like Gecko) HeadlessChrome/128.0.0.0 Safari/537.36"
188.245.113.65 - - [18/Oct/2024:03:09:17 -0400] "GET /_autoindex/assets/icons/file.svg HTTP/1.1" 200 354 "https://antonplumbing.co.uk/" "Mozilla/5.0 (X11; Linux x86_64) AppleWebKit/537.36 (KHTML, like Gecko) HeadlessChrome/128.0.0.0 Safari/537.36"
188.245.113.65 - - [18/Oct/2024:03:09:17 -0400] "GET /_autoindex/assets/icons/file-text.svg HTTP/1.1" 200 394 "https://antonplumbing.co.uk/" "Mozilla/5.0 (X11; Linux x86_64) AppleWebKit/537.36 (KHTML, like Gecko) HeadlessChrome/128.0.0.0 Safari/537.36"
188.245.113.65 - - [18/Oct/2024:03:09:17 -0400] "GET /favicon.ico HTTP/1.1" 404 1251 "https://antonplumbing.co.uk/" "Mozilla/5.0 (X11; Linux x86_64) AppleWebKit/537.36 (KHTML, like Gecko) HeadlessChrome/128.0.0.0 Safari/537.36"
188.34.162.28 - - [18/Oct/2024:03:09:29 -0400] "GET /fonts/ HTTP/1.1" 200 0 "-" "Mozilla/5.0 (compatible; MatchorySearch/1.3; +https://www.matchory.com)"
188.34.162.28 - - [18/Oct/2024:03:09:30 -0400] "GET /tmp/ HTTP/1.1" 200 0 "-" "Mozilla/5.0 (compatible; MatchorySearch/1.3; +https://www.matchory.com)"
188.34.162.28 - - [18/Oct/2024:03:09:31 -0400] "GET /wp-admin/ HTTP/1.1" 302 0 "-" "Mozilla/5.0 (compatible; MatchorySearch/1.3; +https://www.matchory.com)"
188.34.162.28 - - [18/Oct/2024:03:09:33 -0400] "GET /wp-admin/install.php HTTP/1.1" 200 4670 "-" "Mozilla/5.0 (compatible; MatchorySearch/1.3; +https://www.matchory.com)"
188.34.162.28 - - [18/Oct/2024:03:09:53 -0400] "GET /qing2.php HTTP/1.1" 200 22 "-" "Mozilla/5.0 (compatible; MatchorySearch/1.3; +https://www.matchory.com)"
188.34.162.28 - - [18/Oct/2024:03:10:09 -0400] "GET /wp-links-opml.php HTTP/1.1" 302 0 "-" "Mozilla/5.0 (compatible; MatchorySearch/1.3; +https://www.matchory.com)"
66.249.77.227 - - [18/Oct/2024:03:10:16 -0400] "GET /9iH6wPZL6 HTTP/1.1" 404 1251 "-" "Mozilla/5.0 (Linux; Android 6.0.1; Nexus 5X Build/MMB29P) AppleWebKit/537.36 (KHTML, like Gecko) Chrome/129.0.6668.89 Mobile Safari/537.36 (compatible; Googlebot/2.1; +http://www.google.com/bot.html)"
188.34.162.28 - - [18/Oct/2024:03:10:11 -0400] "GET /wp-admin/install.php HTTP/1.1" 200 4670 "-" "Mozilla/5.0 (compatible; MatchorySearch/1.3; +https://www.matchory.com)"
188.34.162.28 - - [18/Oct/2024:03:10:56 -0400] "GET /wp-trackback.php HTTP/1.1" 302 0 "-" "Mozilla/5.0 (compatible; MatchorySearch/1.3; +https://www.matchory.com)"
66.249.75.199 - - [18/Oct/2024:03:11:09 -0400] "GET /hehehehehe.php?dir=%2Fusr%2Fshare%2Fmc%2Fsyntax HTTP/1.1" 200 5328 "-" "Mozilla/5.0 (Linux; Android 6.0.1; Nexus 5X Build/MMB29P) AppleWebKit/537.36 (KHTML, like Gecko) Chrome/129.0.6668.89 Mobile Safari/537.36 (compatible; Googlebot/2.1; +http://www.google.com/bot.html)"
188.34.162.28 - - [18/Oct/2024:03:11:40 -0400] "GET /wp-admin/install.php HTTP/1.1" 200 4670 "-" "Mozilla/5.0 (compatible; MatchorySearch/1.3; +https://www.matchory.com)"
188.34.162.28 - - [18/Oct/2024:03:12:09 -0400] "GET /wp-settings.php HTTP/1.1" 500 0 "-" "Mozilla/5.0 (compatible; MatchorySearch/1.3; +https://www.matchory.com)"
188.34.162.28 - - [18/Oct/2024:03:10:43 -0400] "GET /wp-admin/install.php HTTP/1.1" 200 4670 "-" "Mozilla/5.0 (compatible; MatchorySearch/1.3; +https://www.matchory.com)"
188.34.162.28 - - [18/Oct/2024:03:10:58 -0400] "GET /wp-admin/install.php HTTP/1.1" 200 4670 "-" "Mozilla/5.0 (compatible; MatchorySearch/1.3; +https://www.matchory.com)"
188.34.162.28 - - [18/Oct/2024:03:11:11 -0400] "GET /wp-cron.php HTTP/1.1" 200 0 "-" "Mozilla/5.0 (compatible; MatchorySearch/1.3; +https://www.matchory.com)"
188.34.162.28 - - [18/Oct/2024:03:11:12 -0400] "GET /classwithtostring.php HTTP/1.1" 200 3701 "-" "Mozilla/5.0 (compatible; MatchorySearch/1.3; +https://www.matchory.com)"
188.34.162.28 - - [18/Oct/2024:03:11:13 -0400] "GET /wp-activate.php HTTP/1.1" 302 0 "-" "Mozilla/5.0 (compatible; MatchorySearch/1.3; +https://www.matchory.com)"
188.34.162.28 - - [18/Oct/2024:03:11:22 -0400] "GET /wp-login.php?action=register HTTP/1.1" 302 0 "-" "Mozilla/5.0 (compatible; MatchorySearch/1.3; +https://www.matchory.com)"
188.34.162.28 - - [18/Oct/2024:03:11:24 -0400] "GET /wp-admin/install.php HTTP/1.1" 200 4670 "-" "Mozilla/5.0 (compatible; MatchorySearch/1.3; +https://www.matchory.com)"
188.34.162.28 - - [18/Oct/2024:03:11:37 -0400] "GET /readme.html HTTP/1.1" 200 3182 "-" "Mozilla/5.0 (compatible; MatchorySearch/1.3; +https://www.matchory.com)"
188.34.162.28 - - [18/Oct/2024:03:11:38 -0400] "GET /wp-login.php HTTP/1.1" 302 0 "-" "Mozilla/5.0 (compatible; MatchorySearch/1.3; +https://www.matchory.com)"
188.34.162.28 - - [18/Oct/2024:03:11:53 -0400] "GET /wp-mail.php HTTP/1.1" 302 0 "-" "Mozilla/5.0 (compatible; MatchorySearch/1.3; +https://www.matchory.com)"
188.34.162.28 - - [18/Oct/2024:03:11:55 -0400] "GET /wp-admin/install.php HTTP/1.1" 200 4670 "-" "Mozilla/5.0 (compatible; MatchorySearch/1.3; +https://www.matchory.com)"
188.34.162.28 - - [18/Oct/2024:03:12:08 -0400] "GET /hehehehehe.php HTTP/1.1" 200 4603 "-" "Mozilla/5.0 (compatible; MatchorySearch/1.3; +https://www.matchory.com)"
188.34.162.28 - - [18/Oct/2024:03:12:10 -0400] "GET /wp-signup.php HTTP/1.1" 302 0 "-" "Mozilla/5.0 (compatible; MatchorySearch/1.3; +https://www.matchory.com)"
188.34.162.28 - - [18/Oct/2024:03:12:12 -0400] "GET /wp-admin/install.php HTTP/1.1" 200 4670 "-" "Mozilla/5.0 (compatible; MatchorySearch/1.3; +https://www.matchory.com)"
188.34.162.28 - - [18/Oct/2024:03:12:24 -0400] "GET /?NA HTTP/1.1" 200 2055 "-" "Mozilla/5.0 (compatible; MatchorySearch/1.3; +https://www.matchory.com)"
188.34.162.28 - - [18/Oct/2024:03:12:37 -0400] "GET /wp-includes/certificates/ HTTP/1.1" 200 781 "-" "Mozilla/5.0 (compatible; MatchorySearch/1.3; +https://www.matchory.com)"
188.34.162.28 - - [18/Oct/2024:03:12:38 -0400] "GET /wp-includes/class-wp-recovery-mode-cookie-service.php HTTP/1.1" 200 0 "-" "Mozilla/5.0 (compatible; MatchorySearch/1.3; +https://www.matchory.com)"
188.34.162.28 - - [18/Oct/2024:03:12:39 -0400] "GET /wp-includes/class-wp-recovery-mode-email-service.php HTTP/1.1" 200 0 "-" "Mozilla/5.0 (compatible; MatchorySearch/1.3; +https://www.matchory.com)"
188.34.162.28 - - [18/Oct/2024:03:12:41 -0400] "GET /wp-includes/class-wp-recovery-mode-link-service.php HTTP/1.1" 200 0 "-" "Mozilla/5.0 (compatible; MatchorySearch/1.3; +https://www.matchory.com)"
188.34.162.28 - - [18/Oct/2024:03:12:42 -0400] "GET /wp-includes/certificates/?ND HTTP/1.1" 200 782 "-" "Mozilla/5.0 (compatible; MatchorySearch/1.3; +https://www.matchory.com)"
188.34.162.28 - - [18/Oct/2024:03:12:44 -0400] "GET /wp-includes/certificates/?SA HTTP/1.1" 200 783 "-" "Mozilla/5.0 (compatible; MatchorySearch/1.3; +https://www.matchory.com)"
188.34.162.28 - - [18/Oct/2024:03:12:49 -0400] "GET /?MD HTTP/1.1" 200 2038 "-" "Mozilla/5.0 (compatible; MatchorySearch/1.3; +https://www.matchory.com)"
188.34.162.28 - - [18/Oct/2024:03:12:55 -0400] "GET /wp-includes/?MA HTTP/1.1" 200 8077 "-" "Mozilla/5.0 (compatible; MatchorySearch/1.3; +https://www.matchory.com)"
188.34.162.28 - - [18/Oct/2024:03:12:25 -0400] "GET /wp-admin/install.php HTTP/1.1" 200 4670 "-" "Mozilla/5.0 (compatible; MatchorySearch/1.3; +https://www.matchory.com)"
188.34.162.28 - - [18/Oct/2024:03:12:40 -0400] "GET /wp-includes/class-wp-recovery-mode-key-service.php HTTP/1.1" 200 0 "-" "Mozilla/5.0 (compatible; MatchorySearch/1.3; +https://www.matchory.com)"
188.34.162.28 - - [18/Oct/2024:03:12:43 -0400] "GET /wp-includes/certificates/?MA HTTP/1.1" 200 786 "-" "Mozilla/5.0 (compatible; MatchorySearch/1.3; +https://www.matchory.com)"
188.34.162.28 - - [18/Oct/2024:03:12:45 -0400] "GET /wp-includes/certificates/ca-bundle.crt HTTP/1.1" 200 233231 "-" "Mozilla/5.0 (compatible; MatchorySearch/1.3; +https://www.matchory.com)"
188.34.162.28 - - [18/Oct/2024:03:12:46 -0400] "GET /wp-includes/certificates/?NA HTTP/1.1" 200 781 "-" "Mozilla/5.0 (compatible; MatchorySearch/1.3; +https://www.matchory.com)"
188.34.162.28 - - [18/Oct/2024:03:12:47 -0400] "GET /wp-includes/certificates/?MD HTTP/1.1" 200 785 "-" "Mozilla/5.0 (compatible; MatchorySearch/1.3; +https://www.matchory.com)"
188.34.162.28 - - [18/Oct/2024:03:12:48 -0400] "GET /wp-includes/certificates/?SD HTTP/1.1" 200 784 "-" "Mozilla/5.0 (compatible; MatchorySearch/1.3; +https://www.matchory.com)"
188.34.162.28 - - [18/Oct/2024:03:12:50 -0400] "GET /?SD HTTP/1.1" 200 2070 "-" "Mozilla/5.0 (compatible; MatchorySearch/1.3; +https://www.matchory.com)"
188.34.162.28 - - [18/Oct/2024:03:12:51 -0400] "GET /wp-includes/?ND HTTP/1.1" 200 8090 "-" "Mozilla/5.0 (compatible; MatchorySearch/1.3; +https://www.matchory.com)"
188.34.162.28 - - [18/Oct/2024:03:12:59 -0400] "GET /wp-includes/?SA HTTP/1.1" 200 8059 "-" "Mozilla/5.0 (compatible; MatchorySearch/1.3; +https://www.matchory.com)"
66.249.77.229 - - [18/Oct/2024:03:13:19 -0400] "GET /hlLkOd9JQZCSpj HTTP/1.1" 404 1251 "-" "Mozilla/5.0 (Linux; Android 6.0.1; Nexus 5X Build/MMB29P) AppleWebKit/537.36 (KHTML, like Gecko) Chrome/129.0.6668.89 Mobile Safari/537.36 (compatible; Googlebot/2.1; +http://www.google.com/bot.html)"
66.249.77.227 - - [18/Oct/2024:03:13:20 -0400] "GET /IydOCCk7Asc4YQ HTTP/1.1" 404 1251 "-" "Mozilla/5.0 (Linux; Android 6.0.1; Nexus 5X Build/MMB29P) AppleWebKit/537.36 (KHTML, like Gecko) Chrome/129.0.6668.89 Mobile Safari/537.36 (compatible; Googlebot/2.1; +http://www.google.com/bot.html)"
66.249.75.200 - - [18/Oct/2024:03:14:20 -0400] "GET / HTTP/1.1" 200 1758 "-" "Mozilla/5.0 (compatible; Googlebot/2.1; +http://www.google.com/bot.html)"
66.249.75.200 - - [18/Oct/2024:03:14:22 -0400] "GET /_autoindex/assets/icons/folder-fill.svg HTTP/1.1" 200 333 "https://antonplumbing.co.uk/" "Mozilla/5.0 AppleWebKit/537.36 (KHTML, like Gecko; compatible; Googlebot/2.1; +http://www.google.com/bot.html) Chrome/129.0.6668.89 Safari/537.36"
66.249.75.199 - - [18/Oct/2024:03:14:22 -0400] "GET /_autoindex/assets/css/autoindex.css HTTP/1.1" 200 1170 "https://antonplumbing.co.uk/" "Mozilla/5.0 AppleWebKit/537.36 (KHTML, like Gecko; compatible; Googlebot/2.1; +http://www.google.com/bot.html) Chrome/129.0.6668.89 Safari/537.36"
66.249.75.198 - - [18/Oct/2024:03:13:48 -0400] "GET /hehehehehe.php?dir=%2Fusr%2Flocal%2Fshare%2Fperl5%2Fx86_64-linux-thread-multi%2F.meta%2FAlien-Build-Plugin-Download-GitLab-0.01 HTTP/1.1" 200 1971 "-" "Mozilla/5.0 (Linux; Android 6.0.1; Nexus 5X Build/MMB29P) AppleWebKit/537.36 (KHTML, like Gecko) Chrome/129.0.6668.89 Mobile Safari/537.36 (compatible; GoogleOther)"
66.249.75.199 - - [18/Oct/2024:03:14:22 -0400] "GET /_autoindex/assets/js/tablesort.number.js HTTP/1.1" 200 322 "https://antonplumbing.co.uk/" "Mozilla/5.0 AppleWebKit/537.36 (KHTML, like Gecko; compatible; Googlebot/2.1; +http://www.google.com/bot.html) Chrome/129.0.6668.89 Safari/537.36"
66.249.75.200 - - [18/Oct/2024:03:14:22 -0400] "GET /_autoindex/assets/js/tablesort.js HTTP/1.1" 200 2137 "https://antonplumbing.co.uk/" "Mozilla/5.0 AppleWebKit/537.36 (KHTML, like Gecko; compatible; Googlebot/2.1; +http://www.google.com/bot.html) Chrome/129.0.6668.89 Safari/537.36"
66.249.75.200 - - [18/Oct/2024:03:14:23 -0400] "GET /_autoindex/assets/icons/file.svg HTTP/1.1" 200 354 "https://antonplumbing.co.uk/" "Mozilla/5.0 AppleWebKit/537.36 (KHTML, like Gecko; compatible; Googlebot/2.1; +http://www.google.com/bot.html) Chrome/129.0.6668.89 Safari/537.36"
66.249.75.200 - - [18/Oct/2024:03:14:23 -0400] "GET /_autoindex/assets/icons/file-text.svg HTTP/1.1" 200 394 "https://antonplumbing.co.uk/" "Mozilla/5.0 AppleWebKit/537.36 (KHTML, like Gecko; compatible; Googlebot/2.1; +http://www.google.com/bot.html) Chrome/129.0.6668.89 Safari/537.36"
66.249.75.199 - - [18/Oct/2024:03:14:28 -0400] "GET /hehehehehe.php?dir=%2Fusr%2Fshare%2Fautoconf HTTP/1.1" 200 2066 "-" "Mozilla/5.0 (Linux; Android 6.0.1; Nexus 5X Build/MMB29P) AppleWebKit/537.36 (KHTML, like Gecko) Chrome/129.0.6668.89 Mobile Safari/537.36 (compatible; Googlebot/2.1; +http://www.google.com/bot.html)"
66.249.75.200 - - [18/Oct/2024:03:19:44 -0400] "GET /hehehehehe.php?dir=%2Fusr%2Fshare%2Faclocal HTTP/1.1" 200 3966 "-" "Mozilla/5.0 (Linux; Android 6.0.1; Nexus 5X Build/MMB29P) AppleWebKit/537.36 (KHTML, like Gecko) Chrome/129.0.6668.89 Mobile Safari/537.36 (compatible; Googlebot/2.1; +http://www.google.com/bot.html)"
54.36.148.200 - - [18/Oct/2024:03:20:39 -0400] "GET /wp-includes/class-wp-classic-to-block-menu-converter.php HTTP/1.1" 200 0 "-" "Mozilla/5.0 (compatible; AhrefsBot/7.0; +http://ahrefs.com/robot/)"
66.249.75.198 - - [18/Oct/2024:03:20:46 -0400] "GET /hehehehehe.php?dir=%2Fusr%2Fshare%2FModules HTTP/1.1" 200 1927 "-" "Mozilla/5.0 (Linux; Android 6.0.1; Nexus 5X Build/MMB29P) AppleWebKit/537.36 (KHTML, like Gecko) Chrome/129.0.6668.89 Mobile Safari/537.36 (compatible; Googlebot/2.1; +http://www.google.com/bot.html)"
66.249.75.199 - - [18/Oct/2024:03:24:54 -0400] "GET /hehehehehe.php?dir=%2Fusr%2Fshare%2Finfo HTTP/1.1" 200 1781 "-" "Mozilla/5.0 (Linux; Android 6.0.1; Nexus 5X Build/MMB29P) AppleWebKit/537.36 (KHTML, like Gecko) Chrome/129.0.6668.89 Mobile Safari/537.36 (compatible; Googlebot/2.1; +http://www.google.com/bot.html)"
66.249.75.198 - - [18/Oct/2024:03:25:04 -0400] "GET /hehehehehe.php?dir=%2Fusr%2Fshare%2Fxml HTTP/1.1" 200 1787 "-" "Mozilla/5.0 (Linux; Android 6.0.1; Nexus 5X Build/MMB29P) AppleWebKit/537.36 (KHTML, like Gecko) Chrome/129.0.6668.89 Mobile Safari/537.36 (compatible; GoogleOther)"
66.249.75.198 - - [18/Oct/2024:03:17:37 -0400] "GET /hehehehehe.php?dir=%2Fusr%2Fshare%2Fzoneinfo HTTP/1.1" 200 4463 "-" "Mozilla/5.0 (Linux; Android 6.0.1; Nexus 5X Build/MMB29P) AppleWebKit/537.36 (KHTML, like Gecko) Chrome/129.0.6668.89 Mobile Safari/537.36 (compatible; Googlebot/2.1; +http://www.google.com/bot.html)"
38.170.157.97 - - [18/Oct/2024:03:19:21 -0400] "GET /wp-content/uploads/2018/09/IMG_0872-768x1024.jpeg HTTP/1.1" 200 110576 "-" "Mozilla/5.0 (Macintosh; Intel Mac OS X 10_15_7) AppleWebKit/537.36 (KHTML, like Gecko) Chrome/124.0.0.0 Safari/537.36"
66.249.75.198 - - [18/Oct/2024:03:19:59 -0400] "GET /LoA8AuLX294z HTTP/1.1" 404 1251 "-" "Mozilla/5.0 (Linux; Android 6.0.1; Nexus 5X Build/MMB29P) AppleWebKit/537.36 (KHTML, like Gecko) Chrome/129.0.6668.89 Mobile Safari/537.36 (compatible; Googlebot/2.1; +http://www.google.com/bot.html)"
66.249.75.199 - - [18/Oct/2024:03:20:01 -0400] "GET /hehehehehe.php?dir=%2Fusr%2Fshare%2Fperl5%2FNet HTTP/1.1" 200 1999 "-" "Mozilla/5.0 (Linux; Android 6.0.1; Nexus 5X Build/MMB29P) AppleWebKit/537.36 (KHTML, like Gecko) Chrome/129.0.6668.89 Mobile Safari/537.36 (compatible; GoogleOther)"
66.249.77.227 - - [18/Oct/2024:03:21:23 -0400] "GET /iK6FfNd0OTWEJOy HTTP/1.1" 404 1251 "-" "Mozilla/5.0 (Linux; Android 6.0.1; Nexus 5X Build/MMB29P) AppleWebKit/537.36 (KHTML, like Gecko) Chrome/129.0.6668.89 Mobile Safari/537.36 (compatible; Googlebot/2.1; +http://www.google.com/bot.html)"
66.249.77.227 - - [18/Oct/2024:03:22:13 -0400] "GET /seelKgCgCZw HTTP/1.1" 404 1251 "-" "Mozilla/5.0 (Linux; Android 6.0.1; Nexus 5X Build/MMB29P) AppleWebKit/537.36 (KHTML, like Gecko) Chrome/129.0.6668.89 Mobile Safari/537.36 (compatible; Googlebot/2.1; +http://www.google.com/bot.html)"
66.249.75.200 - - [18/Oct/2024:03:24:54 -0400] "GET /hehehehehe.php?dir=%2Fusr%2Fshare%2Fmodulefiles HTTP/1.1" 200 1556 "-" "Mozilla/5.0 (Linux; Android 6.0.1; Nexus 5X Build/MMB29P) AppleWebKit/537.36 (KHTML, like Gecko) Chrome/129.0.6668.89 Mobile Safari/537.36 (compatible; Googlebot/2.1; +http://www.google.com/bot.html)"
66.249.77.227 - - [18/Oct/2024:03:27:26 -0400] "GET / HTTP/1.1" 200 1749 "-" "Mozilla/5.0 (compatible; Googlebot/2.1; +http://www.google.com/bot.html)"
66.249.77.228 - - [18/Oct/2024:03:27:28 -0400] "GET /_autoindex/assets/js/tablesort.js HTTP/1.1" 200 2137 "https://www.antonplumbing.co.uk/" "Mozilla/5.0 AppleWebKit/537.36 (KHTML, like Gecko; compatible; Googlebot/2.1; +http://www.google.com/bot.html) Chrome/129.0.6668.89 Safari/537.36"
66.249.77.229 - - [18/Oct/2024:03:27:28 -0400] "GET /_autoindex/assets/js/tablesort.number.js HTTP/1.1" 200 322 "https://www.antonplumbing.co.uk/" "Mozilla/5.0 AppleWebKit/537.36 (KHTML, like Gecko; compatible; Googlebot/2.1; +http://www.google.com/bot.html) Chrome/129.0.6668.89 Safari/537.36"
66.249.77.229 - - [18/Oct/2024:03:27:29 -0400] "GET /_autoindex/assets/icons/file.svg HTTP/1.1" 200 354 "https://www.antonplumbing.co.uk/" "Mozilla/5.0 AppleWebKit/537.36 (KHTML, like Gecko; compatible; Googlebot/2.1; +http://www.google.com/bot.html) Chrome/129.0.6668.89 Safari/537.36"
66.249.77.229 - - [18/Oct/2024:03:27:29 -0400] "GET /_autoindex/assets/icons/file-text.svg HTTP/1.1" 200 394 "https://www.antonplumbing.co.uk/" "Mozilla/5.0 AppleWebKit/537.36 (KHTML, like Gecko; compatible; Googlebot/2.1; +http://www.google.com/bot.html) Chrome/129.0.6668.89 Safari/537.36"
66.249.75.200 - - [18/Oct/2024:03:30:02 -0400] "GET /hehehehehe.php?dir=%2Fusr%2Fshare%2Femacs HTTP/1.1" 200 1786 "-" "Mozilla/5.0 (Linux; Android 6.0.1; Nexus 5X Build/MMB29P) AppleWebKit/537.36 (KHTML, like Gecko) Chrome/129.0.6668.89 Mobile Safari/537.36 (compatible; Googlebot/2.1; +http://www.google.com/bot.html)"
54.36.149.77 - - [18/Oct/2024:03:30:18 -0400] "GET /wp-includes/class-wp-comment.php HTTP/1.1" 200 0 "-" "Mozilla/5.0 (compatible; AhrefsBot/7.0; +http://ahrefs.com/robot/)"
66.249.75.199 - - [18/Oct/2024:03:33:11 -0400] "GET /hehehehehe.php?dir=%2Fusr%2Fshare%2Faclocal-1.16 HTTP/1.1" 200 3127 "-" "Mozilla/5.0 (Linux; Android 6.0.1; Nexus 5X Build/MMB29P) AppleWebKit/537.36 (KHTML, like Gecko) Chrome/129.0.6668.89 Mobile Safari/537.36 (compatible; Googlebot/2.1; +http://www.google.com/bot.html)"
66.249.75.198 - - [18/Oct/2024:03:36:19 -0400] "GET /hehehehehe.php?dir=%2Fusr%2Flocal%2Fshare%2Fperl5%2Fx86_64-linux-thread-multi%2F.meta%2FXML-NamespaceSupport-1.12 HTTP/1.1" 200 1960 "-" "Mozilla/5.0 (Linux; Android 6.0.1; Nexus 5X Build/MMB29P) AppleWebKit/537.36 (KHTML, like Gecko) Chrome/129.0.6668.89 Mobile Safari/537.36 (compatible; GoogleOther)"
66.249.75.199 - - [18/Oct/2024:03:36:24 -0400] "GET /hehehehehe.php?dir=%2Fusr%2Fshare%2Fsnmp HTTP/1.1" 200 1784 "-" "Mozilla/5.0 (Linux; Android 6.0.1; Nexus 5X Build/MMB29P) AppleWebKit/537.36 (KHTML, like Gecko) Chrome/129.0.6668.89 Mobile Safari/537.36 (compatible; Googlebot/2.1; +http://www.google.com/bot.html)"
66.249.75.198 - - [18/Oct/2024:03:36:53 -0400] "GET /hehehehehe.php?dir=%2Fusr%2Fshare%2Fmc%2Fexamples HTTP/1.1" 200 1801 "-" "Mozilla/5.0 (Linux; Android 6.0.1; Nexus 5X Build/MMB29P) AppleWebKit/537.36 (KHTML, like Gecko) Chrome/129.0.6668.89 Mobile Safari/537.36 (compatible; Googlebot/2.1; +http://www.google.com/bot.html)"
54.36.148.186 - - [18/Oct/2024:03:40:30 -0400] "GET /wp-includes/class-wp-customize-manager.php HTTP/1.1" 200 0 "-" "Mozilla/5.0 (compatible; AhrefsBot/7.0; +http://ahrefs.com/robot/)"
66.249.75.198 - - [18/Oct/2024:03:27:20 -0400] "GET /i06NQChbexKyY HTTP/1.1" 404 1251 "-" "Mozilla/5.0 (Linux; Android 6.0.1; Nexus 5X Build/MMB29P) AppleWebKit/537.36 (KHTML, like Gecko) Chrome/129.0.6668.89 Mobile Safari/537.36 (compatible; Googlebot/2.1; +http://www.google.com/bot.html)"
66.249.77.228 - - [18/Oct/2024:03:27:28 -0400] "GET /_autoindex/assets/icons/folder-fill.svg HTTP/1.1" 200 333 "https://www.antonplumbing.co.uk/" "Mozilla/5.0 AppleWebKit/537.36 (KHTML, like Gecko; compatible; Googlebot/2.1; +http://www.google.com/bot.html) Chrome/129.0.6668.89 Safari/537.36"
66.249.75.199 - - [18/Oct/2024:03:28:59 -0400] "GET /hehehehehe.php?dir=%2Fusr%2Fshare%2Ftcl8 HTTP/1.1" 200 1848 "-" "Mozilla/5.0 (Linux; Android 6.0.1; Nexus 5X Build/MMB29P) AppleWebKit/537.36 (KHTML, like Gecko) Chrome/129.0.6668.89 Mobile Safari/537.36 (compatible; Googlebot/2.1; +http://www.google.com/bot.html)"
66.249.77.227 - - [18/Oct/2024:03:29:51 -0400] "GET /feed/ HTTP/1.1" 404 1251 "-" "Mozilla/5.0 (compatible; Googlebot/2.1; +http://www.google.com/bot.html)"
66.249.75.200 - - [18/Oct/2024:03:32:08 -0400] "GET /hehehehehe.php?dir=%2Fusr%2Fshare%2Ftcl8.6 HTTP/1.1" 200 2432 "-" "Mozilla/5.0 (Linux; Android 6.0.1; Nexus 5X Build/MMB29P) AppleWebKit/537.36 (KHTML, like Gecko) Chrome/129.0.6668.89 Mobile Safari/537.36 (compatible; Googlebot/2.1; +http://www.google.com/bot.html)"
95.164.1.32 - - [18/Oct/2024:03:32:20 -0400] "GET /wp-content/uploads/2019/03/IMG_0002-400x500.jpeg HTTP/1.1" 200 56484 "-" "python-requests/2.31.0"
66.249.75.200 - - [18/Oct/2024:03:34:12 -0400] "GET /hehehehehe.php?dir=%2Fusr%2Fshare%2Fman HTTP/1.1" 200 3003 "-" "Mozilla/5.0 (Linux; Android 6.0.1; Nexus 5X Build/MMB29P) AppleWebKit/537.36 (KHTML, like Gecko) Chrome/129.0.6668.89 Mobile Safari/537.36 (compatible; Googlebot/2.1; +http://www.google.com/bot.html)"
66.249.75.200 - - [18/Oct/2024:03:36:21 -0400] "GET /hehehehehe.php?dir=%2Fusr%2Flocal%2Fshare%2Fperl5%2Fx86_64-linux-thread-multi%2F.meta%2FTypes-Serialiser-1.01 HTTP/1.1" 200 1920 "-" "Mozilla/5.0 (Linux; Android 6.0.1; Nexus 5X Build/MMB29P) AppleWebKit/537.36 (KHTML, like Gecko) Chrome/129.0.6668.89 Mobile Safari/537.36 (compatible; Googlebot/2.1; +http://www.google.com/bot.html)"
66.249.75.198 - - [18/Oct/2024:03:36:23 -0400] "GET /hehehehehe.php?dir=%2Fusr%2Fshare%2Fperl5%2Fencoding HTTP/1.1" 200 1800 "-" "Mozilla/5.0 (Linux; Android 6.0.1; Nexus 5X Build/MMB29P) AppleWebKit/537.36 (KHTML, like Gecko) Chrome/129.0.6668.89 Mobile Safari/537.36 (compatible; GoogleOther)"
66.249.77.229 - - [18/Oct/2024:03:41:08 -0400] "GET //pJ2ZW6TS6 HTTP/1.1" 404 1251 "-" "Mozilla/5.0 (Linux; Android 6.0.1; Nexus 5X Build/MMB29P) AppleWebKit/537.36 (KHTML, like Gecko) Chrome/129.0.6668.89 Mobile Safari/537.36 (compatible; Googlebot/2.1; +http://www.google.com/bot.html)"
66.249.77.227 - - [18/Oct/2024:03:43:19 -0400] "GET /wp-json/contact-form-7/v1/contact-forms/2495/feedback/egSfGPfd HTTP/1.1" 404 1251 "-" "Mozilla/5.0 (Linux; Android 6.0.1; Nexus 5X Build/MMB29P) AppleWebKit/537.36 (KHTML, like Gecko) Chrome/129.0.6668.89 Mobile Safari/537.36 (compatible; Googlebot/2.1; +http://www.google.com/bot.html)"
66.249.77.229 - - [18/Oct/2024:03:45:16 -0400] "GET //4tQgjAlqwVA HTTP/1.1" 404 1251 "-" "Mozilla/5.0 (Linux; Android 6.0.1; Nexus 5X Build/MMB29P) AppleWebKit/537.36 (KHTML, like Gecko) Chrome/129.0.6668.89 Mobile Safari/537.36 (compatible; Googlebot/2.1; +http://www.google.com/bot.html)"
66.249.77.228 - - [18/Oct/2024:03:47:10 -0400] "GET /Lf4IZu0PSye1bqeW HTTP/1.1" 404 1251 "-" "Mozilla/5.0 (Linux; Android 6.0.1; Nexus 5X Build/MMB29P) AppleWebKit/537.36 (KHTML, like Gecko) Chrome/129.0.6668.89 Mobile Safari/537.36 (compatible; Googlebot/2.1; +http://www.google.com/bot.html)"
66.249.75.198 - - [18/Oct/2024:03:47:33 -0400] "GET /hehehehehe.php?dir=%2Fusr%2Flocal%2Fshare%2Fperl5%2Fx86_64-linux-thread-multi%2F.meta%2FCPAN-Meta-Requirements-2.143 HTTP/1.1" 200 1933 "-" "Mozilla/5.0 (Linux; Android 6.0.1; Nexus 5X Build/MMB29P) AppleWebKit/537.36 (KHTML, like Gecko) Chrome/129.0.6668.89 Mobile Safari/537.36 (compatible; GoogleOther)"
52.167.144.225 - - [18/Oct/2024:03:48:48 -0400] "GET /project/bathroom-renovation-in-corsham/ HTTP/1.1" 404 1251 "-" "Mozilla/5.0 AppleWebKit/537.36 (KHTML, like Gecko; compatible; bingbot/2.0; +http://www.bing.com/bingbot.htm) Chrome/116.0.1938.76 Safari/537.36"
54.36.148.232 - - [18/Oct/2024:03:51:13 -0400] "GET /hehehehehe.php?dir=%2Fhome%2Fantommvy%2Fpublic_html%2Ffonts HTTP/1.1" 200 2158 "-" "Mozilla/5.0 (compatible; AhrefsBot/7.0; +http://ahrefs.com/robot/)"
66.249.75.200 - - [18/Oct/2024:03:52:43 -0400] "GET /hehehehehe.php?dir=%2Fusr%2Fshare%2Fperl5%2FAttribute HTTP/1.1" 200 1803 "-" "Mozilla/5.0 (Linux; Android 6.0.1; Nexus 5X Build/MMB29P) AppleWebKit/537.36 (KHTML, like Gecko) Chrome/129.0.6668.89 Mobile Safari/537.36 (compatible; GoogleOther)"
135.148.100.196 - - [18/Oct/2024:03:57:19 -0400] "GET / HTTP/1.1" 200 9062 "-" "-"
66.249.77.227 - - [18/Oct/2024:04:04:14 -0400] "GET /xNEKP11JpNhz6d5 HTTP/1.1" 404 1251 "-" "Mozilla/5.0 (Linux; Android 6.0.1; Nexus 5X Build/MMB29P) AppleWebKit/537.36 (KHTML, like Gecko) Chrome/129.0.6668.89 Mobile Safari/537.36 (compatible; Googlebot/2.1; +http://www.google.com/bot.html)"
66.249.77.228 - - [18/Oct/2024:04:05:24 -0400] "GET /feed/94YJcxlnItw HTTP/1.1" 404 1251 "-" "Mozilla/5.0 (Linux; Android 6.0.1; Nexus 5X Build/MMB29P) AppleWebKit/537.36 (KHTML, like Gecko) Chrome/129.0.6668.89 Mobile Safari/537.36 (compatible; Googlebot/2.1; +http://www.google.com/bot.html)"
54.36.148.138 - - [18/Oct/2024:04:07:29 -0400] "GET /wp-includes/class-wp-block-type.php HTTP/1.1" 200 0 "-" "Mozilla/5.0 (compatible; AhrefsBot/7.0; +http://ahrefs.com/robot/)"
66.249.75.200 - - [18/Oct/2024:04:07:36 -0400] "GET /hehehehehe.php?dir=%2Fusr%2Fshare%2Fperl5%2FClass HTTP/1.1" 200 1801 "-" "Mozilla/5.0 (Linux; Android 6.0.1; Nexus 5X Build/MMB29P) AppleWebKit/537.36 (KHTML, like Gecko) Chrome/129.0.6668.89 Mobile Safari/537.36 (compatible; GoogleOther)"
66.249.75.199 - - [18/Oct/2024:04:11:48 -0400] "GET /hehehehehe.php?dir=%2Fusr%2Fshare%2Fman%2Ftr HTTP/1.1" 200 1880 "-" "Mozilla/5.0 (Linux; Android 6.0.1; Nexus 5X Build/MMB29P) AppleWebKit/537.36 (KHTML, like Gecko) Chrome/129.0.6668.89 Mobile Safari/537.36 (compatible; Googlebot/2.1; +http://www.google.com/bot.html)"
54.36.149.79 - - [18/Oct/2024:04:13:06 -0400] "GET /wp-includes/class-wp-customize-nav-menus.php HTTP/1.1" 200 0 "-" "Mozilla/5.0 (compatible; AhrefsBot/7.0; +http://ahrefs.com/robot/)"
66.249.75.198 - - [18/Oct/2024:04:13:53 -0400] "GET /hehehehehe.php?dir=%2Fusr%2Fshare%2Fman%2Fman2 HTTP/1.1" 200 20243 "-" "Mozilla/5.0 (Linux; Android 6.0.1; Nexus 5X Build/MMB29P) AppleWebKit/537.36 (KHTML, like Gecko) Chrome/129.0.6668.89 Mobile Safari/537.36 (compatible; Googlebot/2.1; +http://www.google.com/bot.html)"
66.249.75.198 - - [18/Oct/2024:04:14:14 -0400] "GET /hehehehehe.php?dir=%2Fhome%2Fantommvy%2Fpublic_html%2Fwp-content%2Fplugins%2Fwordpress-seo-premium%2Fclasses HTTP/1.1" 200 3765 "-" "Mozilla/5.0 (Linux; Android 6.0.1; Nexus 5X Build/MMB29P) AppleWebKit/537.36 (KHTML, like Gecko) Chrome/129.0.6668.89 Mobile Safari/537.36 (compatible; GoogleOther)"
66.249.75.200 - - [18/Oct/2024:03:58:48 -0400] "GET /hehehehehe.php?dir=%2Fusr%2Flocal%2Fshare%2Fperl5%2Fx86_64-linux-thread-multi%2F.meta%2FXML-Parser-2.47 HTTP/1.1" 200 1919 "-" "Mozilla/5.0 (Linux; Android 6.0.1; Nexus 5X Build/MMB29P) AppleWebKit/537.36 (KHTML, like Gecko) Chrome/129.0.6668.89 Mobile Safari/537.36 (compatible; GoogleOther)"
66.249.77.229 - - [18/Oct/2024:04:00:59 -0400] "GET /etbMvQwCCc HTTP/1.1" 404 1251 "-" "Mozilla/5.0 (Linux; Android 6.0.1; Nexus 5X Build/MMB29P) AppleWebKit/537.36 (KHTML, like Gecko) Chrome/129.0.6668.89 Mobile Safari/537.36 (compatible; Googlebot/2.1; +http://www.google.com/bot.html)"
66.249.77.228 - - [18/Oct/2024:04:03:02 -0400] "GET /Ad9DtRND92Yc5peo HTTP/1.1" 404 1251 "-" "Mozilla/5.0 (Linux; Android 6.0.1; Nexus 5X Build/MMB29P) AppleWebKit/537.36 (KHTML, like Gecko) Chrome/129.0.6668.89 Mobile Safari/537.36 (compatible; Googlebot/2.1; +http://www.google.com/bot.html)"
66.249.77.227 - - [18/Oct/2024:04:04:06 -0400] "GET /wp-content/yi1YsFgG HTTP/1.1" 404 1251 "-" "Mozilla/5.0 (Linux; Android 6.0.1; Nexus 5X Build/MMB29P) AppleWebKit/537.36 (KHTML, like Gecko) Chrome/129.0.6668.89 Mobile Safari/537.36 (compatible; Googlebot/2.1; +http://www.google.com/bot.html)"
66.249.77.228 - - [18/Oct/2024:04:04:14 -0400] "GET //L7lssWDEaNFM HTTP/1.1" 404 1251 "-" "Mozilla/5.0 (Linux; Android 6.0.1; Nexus 5X Build/MMB29P) AppleWebKit/537.36 (KHTML, like Gecko) Chrome/129.0.6668.89 Mobile Safari/537.36 (compatible; Googlebot/2.1; +http://www.google.com/bot.html)"
66.249.75.198 - - [18/Oct/2024:04:09:44 -0400] "GET /hehehehehe.php?dir=%2Fusr%2Fshare%2Fman%2Fpt HTTP/1.1" 200 1853 "-" "Mozilla/5.0 (Linux; Android 6.0.1; Nexus 5X Build/MMB29P) AppleWebKit/537.36 (KHTML, like Gecko) Chrome/129.0.6668.89 Mobile Safari/537.36 (compatible; Googlebot/2.1; +http://www.google.com/bot.html)"
66.249.75.199 - - [18/Oct/2024:04:12:52 -0400] "GET /hehehehehe.php?dir=%2Fusr%2Fshare%2Fman%2Fca HTTP/1.1" 200 1793 "-" "Mozilla/5.0 (Linux; Android 6.0.1; Nexus 5X Build/MMB29P) AppleWebKit/537.36 (KHTML, like Gecko) Chrome/129.0.6668.89 Mobile Safari/537.36 (compatible; Googlebot/2.1; +http://www.google.com/bot.html)"
66.249.75.198 - - [18/Oct/2024:04:18:02 -0400] "GET /hehehehehe.php?dir=%2Fusr%2Fshare%2Fman%2Fman7x HTTP/1.1" 200 1565 "-" "Mozilla/5.0 (Linux; Android 6.0.1; Nexus 5X Build/MMB29P) AppleWebKit/537.36 (KHTML, like Gecko) Chrome/129.0.6668.89 Mobile Safari/537.36 (compatible; Googlebot/2.1; +http://www.google.com/bot.html)"
54.36.148.224 - - [18/Oct/2024:04:18:50 -0400] "GET /wp-includes/class-wp-dependency.php HTTP/1.1" 200 0 "-" "Mozilla/5.0 (compatible; AhrefsBot/7.0; +http://ahrefs.com/robot/)"
