8.217.8.87 - - [17/Oct/2024:15:16:55 -0400] "POST /wp-login.php HTTP/1.1" 200 2818 "-" "Mozilla/5.0 (Windows NT 6.3; Win64; x64) AppleWebKit/537.36 (KHTML, like Gecko) Chrome/79.0.3945.88 Safari/537.36"
66.249.75.129 - - [17/Oct/2024:15:18:56 -0400] "GET //r504xUwgNAA HTTP/1.1" 404 1251 "-" "Mozilla/5.0 (Linux; Android 6.0.1; Nexus 5X Build/MMB29P) AppleWebKit/537.36 (KHTML, like Gecko) Chrome/129.0.6668.89 Mobile Safari/537.36 (compatible; Googlebot/2.1; +http://www.google.com/bot.html)"
40.233.85.157 - - [17/Oct/2024:15:16:06 -0400] "POST /wp-login.php HTTP/1.1" 200 0 "-" "Mozilla/5.0 (Windows; U; Windows NT 5.1; en-US) AppleWebKit/533.4 (KHTML, like Gecko) Chrome/5.0.375.99 Safari/533.4"
34.173.183.74 - - [17/Oct/2024:15:16:26 -0400] "GET /wp-content/uploads/2019/04/IMG_0277-400x500.jpeg HTTP/1.1" 200 32484 "-" "Mozilla/5.0 (X11; Ubuntu; Linux x86_64; rv:72.0) Gecko/20100101 Firefox/72.0"
66.249.72.32 - - [17/Oct/2024:15:18:51 -0400] "GET /hehehehehe.php?dir=%2Fhome%2Fantommvy%2Fwww%2Fwp-includes%2Fsodium_compat HTTP/1.1" 200 2142 "-" "Mozilla/5.0 (Linux; Android 6.0.1; Nexus 5X Build/MMB29P) AppleWebKit/537.36 (KHTML, like Gecko) Chrome/129.0.6668.89 Mobile Safari/537.36 (compatible; Googlebot/2.1; +http://www.google.com/bot.html)"
34.172.134.194 - - [17/Oct/2024:15:20:54 -0400] "GET /wp-content/uploads/2018/09/IMG_6198-400x500.jpg HTTP/1.1" 200 26228 "-" "Mozilla/5.0 (X11; Ubuntu; Linux x86_64; rv:72.0) Gecko/20100101 Firefox/72.0"
66.249.72.34 - - [17/Oct/2024:15:25:07 -0400] "GET /hehehehehe.php?dir=%2Fhome%2Fantommvy%2Fwww%2Fwp-includes%2FID3 HTTP/1.1" 200 2642 "-" "Mozilla/5.0 (Linux; Android 6.0.1; Nexus 5X Build/MMB29P) AppleWebKit/537.36 (KHTML, like Gecko) Chrome/129.0.6668.89 Mobile Safari/537.36 (compatible; Googlebot/2.1; +http://www.google.com/bot.html)"
66.249.72.34 - - [17/Oct/2024:15:28:16 -0400] "GET /hehehehehe.php?dir=%2Fhome%2Fantommvy%2Fwww%2Fwp-includes%2Fimages HTTP/1.1" 200 2871 "-" "Mozilla/5.0 (Linux; Android 6.0.1; Nexus 5X Build/MMB29P) AppleWebKit/537.36 (KHTML, like Gecko) Chrome/129.0.6668.89 Mobile Safari/537.36 (compatible; Googlebot/2.1; +http://www.google.com/bot.html)"
164.92.174.157 - - [17/Oct/2024:15:28:27 -0400] "POST /wp-login.php HTTP/1.1" 200 2818 "-" "Mozilla/5.0 (Windows NT 6.1) AppleWebKit/537.36 (KHTML, like Gecko) Chrome/80.0.3987.149 Safari/537.36"
66.249.72.32 - - [17/Oct/2024:15:29:19 -0400] "GET /hehehehehe.php?dir=%2Fhome%2Fantommvy%2Fpublic_html%2Fwp-includes%2FSimplePie%2FDecode%2FHTML HTTP/1.1" 200 1898 "-" "Mozilla/5.0 (Linux; Android 6.0.1; Nexus 5X Build/MMB29P) AppleWebKit/537.36 (KHTML, like Gecko) Chrome/129.0.6668.89 Mobile Safari/537.36 (compatible; Googlebot/2.1; +http://www.google.com/bot.html)"
66.249.72.34 - - [17/Oct/2024:15:32:22 -0400] "GET /hehehehehe.php?dir=%2Fhome%2Fantommvy%2Fpublic_html%2Fwp-content%2Fuploads%2F2024%2F09 HTTP/1.1" 200 1616 "-" "Mozilla/5.0 (Linux; Android 6.0.1; Nexus 5X Build/MMB29P) AppleWebKit/537.36 (KHTML, like Gecko) Chrome/129.0.6668.89 Mobile Safari/537.36 (compatible; Googlebot/2.1; +http://www.google.com/bot.html)"
66.249.72.32 - - [17/Oct/2024:15:34:00 -0400] "GET /hehehehehe.php?dir=%2Fhome%2Fantommvy%2Fpublic_html%2Fwp-content%2Fuploads%2F2024%2F10 HTTP/1.1" 200 1615 "-" "Mozilla/5.0 (Linux; Android 6.0.1; Nexus 5X Build/MMB29P) AppleWebKit/537.36 (KHTML, like Gecko) Chrome/129.0.6668.89 Mobile Safari/537.36 (compatible; Googlebot/2.1; +http://www.google.com/bot.html)"
66.249.72.32 - - [17/Oct/2024:15:35:59 -0400] "GET /hehehehehe.php?dir=%2Fhome%2Fantommvy%2Fwww%2Ftmp HTTP/1.1" 200 1897 "-" "Mozilla/5.0 (Linux; Android 6.0.1; Nexus 5X Build/MMB29P) AppleWebKit/537.36 (KHTML, like Gecko) Chrome/129.0.6668.89 Mobile Safari/537.36 (compatible; Googlebot/2.1; +http://www.google.com/bot.html)"
188.166.1.163 - - [17/Oct/2024:15:39:03 -0400] "POST /wp-login.php HTTP/1.1" 200 2821 "-" "Mozilla/5.0 (Windows NT 6.1) AppleWebKit/537.36 (KHTML, like Gecko) Chrome/61.0.3163.100 Safari/537.36"
66.249.72.33 - - [17/Oct/2024:15:23:03 -0400] "GET /hehehehehe.php?dir=%2Fhome%2Fantommvy%2Fwww%2Fwp-includes%2FIXR HTTP/1.1" 200 2249 "-" "Mozilla/5.0 (Linux; Android 6.0.1; Nexus 5X Build/MMB29P) AppleWebKit/537.36 (KHTML, like Gecko) Chrome/129.0.6668.89 Mobile Safari/537.36 (compatible; Googlebot/2.1; +http://www.google.com/bot.html)"
79.232.60.37 - - [17/Oct/2024:15:27:30 -0400] "POST /wp-login.php HTTP/1.1" 200 2821 "-" "Mozilla/5.0 (Windows NT 10.0; Win64; x64) AppleWebKit/537.36 (KHTML, like Gecko) Chrome/73.0.3683.86 Safari/537.36"
192.99.7.70 - - [17/Oct/2024:15:47:25 -0400] "GET /wp-login.php?action=register HTTP/1.1" 302 0 "-" "Mozilla/5.0 (compatible; MJ12bot/v1.4.8; http://mj12bot.com/)"
192.99.7.70 - - [17/Oct/2024:15:48:00 -0400] "GET /wp-login.php?action=register HTTP/1.1" 302 0 "-" "Mozilla/5.0 (compatible; MJ12bot/v1.4.8; http://mj12bot.com/)"
51.178.138.74 - - [17/Oct/2024:15:50:32 -0400] "POST /wp-login.php HTTP/1.1" 200 2821 "-" "Mozilla/5.0 (Windows NT 10.0; WOW64) AppleWebKit/537.36 (KHTML, like Gecko) Chrome/55.0.2883.87 Safari/537.36"
40.77.167.132 - - [17/Oct/2024:15:51:48 -0400] "GET /wp-content/uploads/2021/10/IMG_7772.jpeg HTTP/1.1" 200 1445057 "-" "Mozilla/5.0 AppleWebKit/537.36 (KHTML, like Gecko; compatible; bingbot/2.0; +http://www.bing.com/bingbot.htm) Chrome/116.0.1938.76 Safari/537.36"
66.249.72.32 - - [17/Oct/2024:15:53:52 -0400] "GET /hehehehehe.php?dir=%2Fhome%2Fantommvy%2Fwww%2Fwp-includes%2Fimages%2Fmedia HTTP/1.1" 200 2443 "-" "Mozilla/5.0 (Linux; Android 6.0.1; Nexus 5X Build/MMB29P) AppleWebKit/537.36 (KHTML, like Gecko) Chrome/129.0.6668.89 Mobile Safari/537.36 (compatible; Googlebot/2.1; +http://www.google.com/bot.html)"
51.68.224.123 - - [17/Oct/2024:15:40:06 -0400] "POST /wp-login.php HTTP/1.1" 200 2818 "-" "Mozilla/5.0 (Windows NT 6.1; WOW64) AppleWebKit/537.36 (KHTML, like Gecko) Chrome/41.0.2272.101 Safari/537.36"
192.99.7.70 - - [17/Oct/2024:15:47:23 -0400] "GET /robots.txt HTTP/1.1" 404 1251 "-" "Mozilla/5.0 (compatible; MJ12bot/v1.4.8; http://mj12bot.com/)"
192.99.7.70 - - [17/Oct/2024:15:47:28 -0400] "GET /wp-login.php?registration=disabled HTTP/1.1" 200 2317 "-" "Mozilla/5.0 (compatible; MJ12bot/v1.4.8; http://mj12bot.com/)"
192.99.7.70 - - [17/Oct/2024:15:48:04 -0400] "GET /wp-login.php?registration=disabled HTTP/1.1" 200 2317 "-" "Mozilla/5.0 (compatible; MJ12bot/v1.4.8; http://mj12bot.com/)"
66.249.72.34 - - [17/Oct/2024:15:50:55 -0400] "GET /hehehehehe.php?dir=%2Fhome%2Fantommvy%2Ftmp%2Fhorde HTTP/1.1" 200 2966 "-" "Mozilla/5.0 (Linux; Android 6.0.1; Nexus 5X Build/MMB29P) AppleWebKit/537.36 (KHTML, like Gecko) Chrome/129.0.6668.89 Mobile Safari/537.36 (compatible; Googlebot/2.1; +http://www.google.com/bot.html)"
188.166.1.163 - - [17/Oct/2024:15:51:36 -0400] "POST /wp-login.php HTTP/1.1" 200 2818 "-" "Mozilla/5.0 (Windows NT 10.0; Win64; x64) AppleWebKit/537.36 (KHTML, like Gecko) Chrome/86.0.4240.193 Safari/537.36"
66.249.75.130 - - [17/Oct/2024:15:54:58 -0400] "GET /ZnDkWxMGSexSnB HTTP/1.1" 404 1251 "-" "Mozilla/5.0 (Linux; Android 6.0.1; Nexus 5X Build/MMB29P) AppleWebKit/537.36 (KHTML, like Gecko) Chrome/129.0.6668.89 Mobile Safari/537.36 (compatible; Googlebot/2.1; +http://www.google.com/bot.html)"
66.249.75.131 - - [17/Oct/2024:15:55:34 -0400] "GET /1JRBQ6rFzHPAZlY HTTP/1.1" 404 1251 "-" "Mozilla/5.0 (Linux; Android 6.0.1; Nexus 5X Build/MMB29P) AppleWebKit/537.36 (KHTML, like Gecko) Chrome/129.0.6668.89 Mobile Safari/537.36 (compatible; Googlebot/2.1; +http://www.google.com/bot.html)"
66.249.72.34 - - [17/Oct/2024:15:57:40 -0400] "GET /hehehehehe.php?dir=%2Fhome%2Fantommvy%2Fwww%2Fwp-content HTTP/1.1" 200 2467 "-" "Mozilla/5.0 (Linux; Android 6.0.1; Nexus 5X Build/MMB29P) AppleWebKit/537.36 (KHTML, like Gecko) Chrome/129.0.6668.89 Mobile Safari/537.36 (compatible; Googlebot/2.1; +http://www.google.com/bot.html)"
66.249.75.129 - - [17/Oct/2024:16:00:16 -0400] "GET /feed/i6rlQJ1S1qVLEAlS HTTP/1.1" 404 1251 "-" "Mozilla/5.0 (Linux; Android 6.0.1; Nexus 5X Build/MMB29P) AppleWebKit/537.36 (KHTML, like Gecko) Chrome/129.0.6668.89 Mobile Safari/537.36 (compatible; Googlebot/2.1; +http://www.google.com/bot.html)"
66.249.72.33 - - [17/Oct/2024:16:01:53 -0400] "GET /hehehehehe.php?dir=%2Fhome%2Fantommvy%2Fwww%2Fwp-includes%2Fblocks%2Fnavigation-submenu HTTP/1.1" 200 2034 "-" "Mozilla/5.0 (Linux; Android 6.0.1; Nexus 5X Build/MMB29P) AppleWebKit/537.36 (KHTML, like Gecko) Chrome/129.0.6668.89 Mobile Safari/537.36 (compatible; Googlebot/2.1; +http://www.google.com/bot.html)"
54.36.182.232 - - [17/Oct/2024:16:03:11 -0400] "POST /wp-login.php HTTP/1.1" 200 2818 "-" "Mozilla/5.0 (Windows NT 10.0; Win64; x64) AppleWebKit/537.36 (KHTML, like Gecko) Chrome/60.0.3112.101 Safari/537.36"
66.249.72.33 - - [17/Oct/2024:16:03:19 -0400] "GET /LbFKZsfmwgB HTTP/1.1" 404 1251 "-" "Mozilla/5.0 (Linux; Android 6.0.1; Nexus 5X Build/MMB29P) AppleWebKit/537.36 (KHTML, like Gecko) Chrome/129.0.6668.89 Mobile Safari/537.36 (compatible; Googlebot/2.1; +http://www.google.com/bot.html)"
66.249.72.32 - - [17/Oct/2024:16:03:59 -0400] "GET /hehehehehe.php?dir=%2Fhome%2Fantommvy%2Fwww%2Fwp-includes%2Fblocks%2Fpost-date HTTP/1.1" 200 2033 "-" "Mozilla/5.0 (Linux; Android 6.0.1; Nexus 5X Build/MMB29P) AppleWebKit/537.36 (KHTML, like Gecko) Chrome/129.0.6668.89 Mobile Safari/537.36 (compatible; Googlebot/2.1; +http://www.google.com/bot.html)"
66.249.77.229 - - [17/Oct/2024:16:07:16 -0400] "GET /plumbing/ HTTP/1.1" 404 1251 "-" "Mozilla/5.0 (Linux; Android 6.0.1; Nexus 5X Build/MMB29P) AppleWebKit/537.36 (KHTML, like Gecko) Chrome/129.0.6668.89 Mobile Safari/537.36 (compatible; Googlebot/2.1; +http://www.google.com/bot.html)"
66.249.72.33 - - [17/Oct/2024:15:57:59 -0400] "GET /SCgkqyXIV HTTP/1.1" 404 1251 "-" "Mozilla/5.0 (Linux; Android 6.0.1; Nexus 5X Build/MMB29P) AppleWebKit/537.36 (KHTML, like Gecko) Chrome/129.0.6668.89 Mobile Safari/537.36 (compatible; Googlebot/2.1; +http://www.google.com/bot.html)"
66.249.72.32 - - [17/Oct/2024:16:00:37 -0400] "GET /hehehehehe.php?dir=%2Fhome%2Fantommvy%2Fwww%2Fwp-includes%2Fblocks%2Floginout HTTP/1.1" 200 1874 "-" "Mozilla/5.0 (Linux; Android 6.0.1; Nexus 5X Build/MMB29P) AppleWebKit/537.36 (KHTML, like Gecko) Chrome/129.0.6668.89 Mobile Safari/537.36 (compatible; Googlebot/2.1; +http://www.google.com/bot.html)"
185.61.155.42 - - [17/Oct/2024:16:02:09 -0400] "POST /wp-cron.php?doing_wp_cron=1729195329.2509250640869140625000 HTTP/1.1" 200 0 "-" "WordPress/6.6.2; https://antonplumbing.co.uk"
45.119.84.18 - - [17/Oct/2024:16:02:07 -0400] "POST /wp-login.php HTTP/1.1" 200 2821 "-" "Mozilla/5.0 (Windows NT 10.0; Win64; x64) AppleWebKit/537.36 (KHTML, like Gecko) Chrome/73.0.3683.75 Safari/537.36"
66.249.72.33 - - [17/Oct/2024:16:04:50 -0400] "GET /hehehehehe.php?dir=%2Fhome%2Fantommvy%2Fwww%2Fwp-includes%2Fblocks%2Ffreeform HTTP/1.1" 200 2046 "-" "Mozilla/5.0 (Linux; Android 6.0.1; Nexus 5X Build/MMB29P) AppleWebKit/537.36 (KHTML, like Gecko) Chrome/129.0.6668.89 Mobile Safari/537.36 (compatible; Googlebot/2.1; +http://www.google.com/bot.html)"
66.249.75.200 - - [17/Oct/2024:16:11:34 -0400] "GET /hehehehehe.php?dir=%2Fhome%2Fantommvy%2Fwww%2Fwp-includes%2Fblocks%2Fmissing HTTP/1.1" 200 1870 "-" "Mozilla/5.0 (Linux; Android 6.0.1; Nexus 5X Build/MMB29P) AppleWebKit/537.36 (KHTML, like Gecko) Chrome/129.0.6668.89 Mobile Safari/537.36 (compatible; Googlebot/2.1; +http://www.google.com/bot.html)"
66.249.75.200 - - [17/Oct/2024:16:13:39 -0400] "GET /hehehehehe.php?dir=%2Fhome%2Fantommvy%2Fwww%2Fwp-includes%2Fblocks%2Fquery-pagination HTTP/1.1" 200 2221 "-" "Mozilla/5.0 (Linux; Android 6.0.1; Nexus 5X Build/MMB29P) AppleWebKit/537.36 (KHTML, like Gecko) Chrome/129.0.6668.89 Mobile Safari/537.36 (compatible; Googlebot/2.1; +http://www.google.com/bot.html)"
54.36.149.102 - - [17/Oct/2024:16:16:19 -0400] "GET /classwithtostring.php?fileloc=/home/antommvy/public_html/error_log&path=/home/antommvy/public_html HTTP/1.1" 200 11690 "-" "Mozilla/5.0 (compatible; AhrefsBot/7.0; +http://ahrefs.com/robot/)"
54.36.148.207 - - [17/Oct/2024:16:16:21 -0400] "GET /classwithtostring.php?fileloc=/home/antommvy/public_html/error_log&path=/home/antommvy/public_html HTTP/1.1" 200 11690 "-" "Mozilla/5.0 (compatible; AhrefsBot/7.0; +http://ahrefs.com/robot/)"
66.249.75.200 - - [17/Oct/2024:16:16:44 -0400] "GET /hehehehehe.php?dir=%2Fhome%2Fantommvy%2Fwww%2Fwp-includes%2Fblocks%2Fquery-no-results HTTP/1.1" 200 1880 "-" "Mozilla/5.0 (Linux; Android 6.0.1; Nexus 5X Build/MMB29P) AppleWebKit/537.36 (KHTML, like Gecko) Chrome/129.0.6668.89 Mobile Safari/537.36 (compatible; Googlebot/2.1; +http://www.google.com/bot.html)"
66.249.75.198 - - [17/Oct/2024:16:19:51 -0400] "GET /hehehehehe.php?dir=%2Fhome%2Fantommvy%2Fwww%2Fwp-includes%2Fblocks%2Fheading HTTP/1.1" 200 2040 "-" "Mozilla/5.0 (Linux; Android 6.0.1; Nexus 5X Build/MMB29P) AppleWebKit/537.36 (KHTML, like Gecko) Chrome/129.0.6668.89 Mobile Safari/537.36 (compatible; Googlebot/2.1; +http://www.google.com/bot.html)"
64.23.129.165 - - [17/Oct/2024:16:25:19 -0400] "POST /wp-login.php HTTP/1.1" 200 2821 "-" "Mozilla/5.0 (Windows NT 6.1) AppleWebKit/537.36 (KHTML, like Gecko) Chrome/58.0.3029.110 Safari/537.36"
66.249.75.198 - - [17/Oct/2024:16:28:06 -0400] "GET /hehehehehe.php?dir=%2Fhome%2Fantommvy%2Fwww%2F.tmb HTTP/1.1" 200 1898 "-" "Mozilla/5.0 (Linux; Android 6.0.1; Nexus 5X Build/MMB29P) AppleWebKit/537.36 (KHTML, like Gecko) Chrome/129.0.6668.89 Mobile Safari/537.36 (compatible; Googlebot/2.1; +http://www.google.com/bot.html)"
171.244.0.91 - - [17/Oct/2024:16:13:42 -0400] "POST /wp-login.php HTTP/1.1" 200 2821 "-" "Mozilla/5.0 (Windows NT 6.1; WOW64) AppleWebKit/537.36 (KHTML, like Gecko) Chrome/51.0.2704.106 Safari/537.36"
35.204.172.12 - - [17/Oct/2024:16:14:45 -0400] "POST /wp-login.php HTTP/1.1" 200 2818 "-" "Mozilla/5.0 (Windows NT 6.3; Win64; x64) AppleWebKit/537.36 (KHTML, like Gecko) Chrome/65.0.3325.181 Safari/537.36"
66.249.77.228 - - [17/Oct/2024:16:17:14 -0400] "GET /8Afrh2jiH7y HTTP/1.1" 404 1251 "-" "Mozilla/5.0 (Linux; Android 6.0.1; Nexus 5X Build/MMB29P) AppleWebKit/537.36 (KHTML, like Gecko) Chrome/129.0.6668.89 Mobile Safari/537.36 (compatible; Googlebot/2.1; +http://www.google.com/bot.html)"
66.249.75.198 - - [17/Oct/2024:16:21:55 -0400] "GET /hehehehehe.php?dir=%2Fhome%2Fantommvy%2Fwww%2Fwp-includes%2FSimplePie%2FNet HTTP/1.1" 200 1877 "-" "Mozilla/5.0 (Linux; Android 6.0.1; Nexus 5X Build/MMB29P) AppleWebKit/537.36 (KHTML, like Gecko) Chrome/129.0.6668.89 Mobile Safari/537.36 (compatible; Googlebot/2.1; +http://www.google.com/bot.html)"
66.249.75.199 - - [17/Oct/2024:16:23:19 -0400] "GET / HTTP/1.1" 200 1758 "-" "Mozilla/5.0 (compatible; Googlebot/2.1; +http://www.google.com/bot.html)"
66.249.75.198 - - [17/Oct/2024:16:23:58 -0400] "GET /hehehehehe.php?dir=%2Fhome%2Fantommvy%2Fwww%2Fwp-includes%2Fblocks%2Fpost-author-name HTTP/1.1" 200 1878 "-" "Mozilla/5.0 (Linux; Android 6.0.1; Nexus 5X Build/MMB29P) AppleWebKit/537.36 (KHTML, like Gecko) Chrome/129.0.6668.89 Mobile Safari/537.36 (compatible; Googlebot/2.1; +http://www.google.com/bot.html)"
66.249.77.229 - - [17/Oct/2024:16:25:16 -0400] "GET /spXLVwUcEAASL5 HTTP/1.1" 404 1251 "-" "Mozilla/5.0 (Linux; Android 6.0.1; Nexus 5X Build/MMB29P) AppleWebKit/537.36 (KHTML, like Gecko) Chrome/129.0.6668.89 Mobile Safari/537.36 (compatible; Googlebot/2.1; +http://www.google.com/bot.html)"
66.249.75.199 - - [17/Oct/2024:16:26:01 -0400] "GET /hehehehehe.php?dir=%2Fhome%2Fantommvy%2Fpublic_html%2Fwp-includes%2Fblocks%2Fcomment-reply-link HTTP/1.1" 200 1872 "-" "Mozilla/5.0 (Linux; Android 6.0.1; Nexus 5X Build/MMB29P) AppleWebKit/537.36 (KHTML, like Gecko) Chrome/129.0.6668.89 Mobile Safari/537.36 (compatible; Googlebot/2.1; +http://www.google.com/bot.html)"
157.66.26.170 - - [17/Oct/2024:16:26:23 -0400] "POST /wp-login.php HTTP/1.1" 200 2818 "-" "Mozilla/5.0 (Windows NT 6.1; WOW64) AppleWebKit/537.36 (KHTML, like Gecko) Chrome/36.0.1985.125 Safari/537.36"
66.249.75.199 - - [17/Oct/2024:16:26:39 -0400] "GET /hehehehehe.php?dir=%2Fhome%2Fantommvy%2Fpublic_html%2Fwp-includes%2FText%2FDiff HTTP/1.1" 200 1979 "-" "Mozilla/5.0 (Linux; Android 6.0.1; Nexus 5X Build/MMB29P) AppleWebKit/537.36 (KHTML, like Gecko) Chrome/129.0.6668.89 Mobile Safari/537.36 (compatible; Googlebot/2.1; +http://www.google.com/bot.html)"
66.249.75.199 - - [17/Oct/2024:16:29:45 -0400] "GET /hehehehehe.php?dir=%2Fhome%2Fantommvy%2Fpublic_html%2Fwp-content%2Fthemes%2FAvada%2Fassets%2Fimages%2Fcolors HTTP/1.1" 200 2345 "-" "Mozilla/5.0 (Linux; Android 6.0.1; Nexus 5X Build/MMB29P) AppleWebKit/537.36 (KHTML, like Gecko) Chrome/129.0.6668.89 Mobile Safari/537.36 (compatible; Googlebot/2.1; +http://www.google.com/bot.html)"
139.99.49.246 - - [17/Oct/2024:16:31:52 -0400] "GET /contact-us/ HTTP/1.1" 404 1251 "-" "Mozilla/5.0 (Macintosh; Intel Mac OS X 12_5) AppleWebKit/537.36 (KHTML, like Gecko) Chrome/114.0.0.0 Safari/537.36 Edg/114.0.1264.71"
139.99.49.246 - - [17/Oct/2024:16:31:53 -0400] "GET / HTTP/1.1" 200 1763 "-" "Mozilla/5.0 (Macintosh; Intel Mac OS X 12_5) AppleWebKit/537.36 (KHTML, like Gecko) Chrome/114.0.0.0 Safari/537.36 Edg/114.0.1264.71"
139.99.49.246 - - [17/Oct/2024:16:31:58 -0400] "GET /?MA HTTP/1.1" 200 1750 "https://www.antonplumbing.co.uk/" "Mozilla/5.0 (Macintosh; Intel Mac OS X 12_5) AppleWebKit/537.36 (KHTML, like Gecko) Chrome/114.0.0.0 Safari/537.36 Edg/114.0.1264.71"
139.99.49.246 - - [17/Oct/2024:16:31:59 -0400] "GET /wp-trackback.php HTTP/1.1" 404 91 "https://www.antonplumbing.co.uk/" "Mozilla/5.0 (Macintosh; Intel Mac OS X 12_5) AppleWebKit/537.36 (KHTML, like Gecko) Chrome/114.0.0.0 Safari/537.36 Edg/114.0.1264.71"
139.99.49.246 - - [17/Oct/2024:16:32:03 -0400] "GET /wp-signup.php HTTP/1.1" 302 0 "https://www.antonplumbing.co.uk/" "Mozilla/5.0 (Macintosh; Intel Mac OS X 12_5) AppleWebKit/537.36 (KHTML, like Gecko) Chrome/114.0.0.0 Safari/537.36 Edg/114.0.1264.71"
139.99.49.246 - - [17/Oct/2024:16:32:06 -0400] "GET /wp-login.php?action=register HTTP/1.1" 302 0 "https://www.antonplumbing.co.uk/wp-signup.php" "Mozilla/5.0 (Macintosh; Intel Mac OS X 12_5) AppleWebKit/537.36 (KHTML, like Gecko) Chrome/114.0.0.0 Safari/537.36 Edg/114.0.1264.71"
139.99.49.246 - - [17/Oct/2024:16:32:09 -0400] "GET /wp-login.php?registration=disabled HTTP/1.1" 200 2317 "https://antonplumbing.co.uk/wp-login.php?action=register" "Mozilla/5.0 (Macintosh; Intel Mac OS X 12_5) AppleWebKit/537.36 (KHTML, like Gecko) Chrome/114.0.0.0 Safari/537.36 Edg/114.0.1264.71"
139.99.49.246 - - [17/Oct/2024:16:32:18 -0400] "GET /fonts/ HTTP/1.1" 200 0 "https://www.antonplumbing.co.uk/" "Mozilla/5.0 (Macintosh; Intel Mac OS X 12_5) AppleWebKit/537.36 (KHTML, like Gecko) Chrome/114.0.0.0 Safari/537.36 Edg/114.0.1264.71"
139.99.49.246 - - [17/Oct/2024:16:32:19 -0400] "GET /wp-settings.php HTTP/1.1" 500 0 "https://www.antonplumbing.co.uk/" "Mozilla/5.0 (Macintosh; Intel Mac OS X 12_5) AppleWebKit/537.36 (KHTML, like Gecko) Chrome/114.0.0.0 Safari/537.36 Edg/114.0.1264.71"
139.99.49.246 - - [17/Oct/2024:16:32:21 -0400] "GET /wp-admin/ HTTP/1.1" 302 0 "https://www.antonplumbing.co.uk/" "Mozilla/5.0 (Macintosh; Intel Mac OS X 12_5) AppleWebKit/537.36 (KHTML, like Gecko) Chrome/114.0.0.0 Safari/537.36 Edg/114.0.1264.71"
66.249.77.227 - - [17/Oct/2024:16:32:25 -0400] "GET /_autoindex/assets/css/autoindex.css HTTP/1.1" 200 1170 "https://www.antonplumbing.co.uk/" "Mozilla/5.0 AppleWebKit/537.36 (KHTML, like Gecko; compatible; Googlebot/2.1; +http://www.google.com/bot.html) Chrome/129.0.6668.89 Safari/537.36"
66.249.77.228 - - [17/Oct/2024:16:32:25 -0400] "GET /_autoindex/assets/js/tablesort.js HTTP/1.1" 200 2137 "https://www.antonplumbing.co.uk/" "Mozilla/5.0 AppleWebKit/537.36 (KHTML, like Gecko; compatible; Googlebot/2.1; +http://www.google.com/bot.html) Chrome/129.0.6668.89 Safari/537.36"
66.249.77.228 - - [17/Oct/2024:16:32:25 -0400] "GET /_autoindex/assets/icons/file-text.svg HTTP/1.1" 200 394 "https://www.antonplumbing.co.uk/" "Mozilla/5.0 AppleWebKit/537.36 (KHTML, like Gecko; compatible; Googlebot/2.1; +http://www.google.com/bot.html) Chrome/129.0.6668.89 Safari/537.36"
139.99.49.246 - - [17/Oct/2024:16:32:24 -0400] "GET /wp-login.php HTTP/1.1" 200 2247 "https://www.antonplumbing.co.uk/" "Mozilla/5.0 (Macintosh; Intel Mac OS X 12_5) AppleWebKit/537.36 (KHTML, like Gecko) Chrome/114.0.0.0 Safari/537.36 Edg/114.0.1264.71"
139.99.49.246 - - [17/Oct/2024:16:31:54 -0400] "GET /?ND HTTP/1.1" 200 1757 "https://www.antonplumbing.co.uk/" "Mozilla/5.0 (Macintosh; Intel Mac OS X 12_5) AppleWebKit/537.36 (KHTML, like Gecko) Chrome/114.0.0.0 Safari/537.36 Edg/114.0.1264.71"
139.99.49.246 - - [17/Oct/2024:16:31:55 -0400] "GET /xmlrpc.php HTTP/1.1" 405 46 "https://www.antonplumbing.co.uk/" "Mozilla/5.0 (Macintosh; Intel Mac OS X 12_5) AppleWebKit/537.36 (KHTML, like Gecko) Chrome/114.0.0.0 Safari/537.36 Edg/114.0.1264.71"
139.99.49.246 - - [17/Oct/2024:16:32:02 -0400] "GET /?SA HTTP/1.1" 200 1756 "https://www.antonplumbing.co.uk/" "Mozilla/5.0 (Macintosh; Intel Mac OS X 12_5) AppleWebKit/537.36 (KHTML, like Gecko) Chrome/114.0.0.0 Safari/537.36 Edg/114.0.1264.71"
139.99.49.246 - - [17/Oct/2024:16:32:20 -0400] "GET /tmp/ HTTP/1.1" 200 0 "https://www.antonplumbing.co.uk/" "Mozilla/5.0 (Macintosh; Intel Mac OS X 12_5) AppleWebKit/537.36 (KHTML, like Gecko) Chrome/114.0.0.0 Safari/537.36 Edg/114.0.1264.71"
66.249.77.228 - - [17/Oct/2024:16:32:22 -0400] "GET / HTTP/1.1" 200 1762 "-" "Mozilla/5.0 (compatible; Googlebot/2.1; +http://www.google.com/bot.html)"
66.249.77.228 - - [17/Oct/2024:16:32:24 -0400] "GET /_autoindex/assets/js/tablesort.number.js HTTP/1.1" 200 322 "https://www.antonplumbing.co.uk/" "Mozilla/5.0 AppleWebKit/537.36 (KHTML, like Gecko; compatible; Googlebot/2.1; +http://www.google.com/bot.html) Chrome/129.0.6668.89 Safari/537.36"
66.249.77.227 - - [17/Oct/2024:16:32:25 -0400] "GET /_autoindex/assets/icons/folder-fill.svg HTTP/1.1" 200 333 "https://www.antonplumbing.co.uk/" "Mozilla/5.0 AppleWebKit/537.36 (KHTML, like Gecko; compatible; Googlebot/2.1; +http://www.google.com/bot.html) Chrome/129.0.6668.89 Safari/537.36"
66.249.77.228 - - [17/Oct/2024:16:32:25 -0400] "GET /_autoindex/assets/icons/file.svg HTTP/1.1" 200 354 "https://www.antonplumbing.co.uk/" "Mozilla/5.0 AppleWebKit/537.36 (KHTML, like Gecko; compatible; Googlebot/2.1; +http://www.google.com/bot.html) Chrome/129.0.6668.89 Safari/537.36"
139.99.49.246 - - [17/Oct/2024:16:32:27 -0400] "GET /wp-content/ HTTP/1.1" 200 0 "https://www.antonplumbing.co.uk/" "Mozilla/5.0 (Macintosh; Intel Mac OS X 12_5) AppleWebKit/537.36 (KHTML, like Gecko) Chrome/114.0.0.0 Safari/537.36 Edg/114.0.1264.71"
139.99.49.246 - - [17/Oct/2024:16:32:35 -0400] "GET /wp-snapshots/ HTTP/1.1" 403 1242 "https://www.antonplumbing.co.uk/" "Mozilla/5.0 (Macintosh; Intel Mac OS X 12_5) AppleWebKit/537.36 (KHTML, like Gecko) Chrome/114.0.0.0 Safari/537.36 Edg/114.0.1264.71"
66.249.75.200 - - [17/Oct/2024:16:37:22 -0400] "GET /hehehehehe.php?dir=%2Fhome%2Fantommvy%2Fpublic_html%2Fwp-includes%2Fblocks%2Fpost-excerpt HTTP/1.1" 200 2200 "-" "Mozilla/5.0 (Linux; Android 6.0.1; Nexus 5X Build/MMB29P) AppleWebKit/537.36 (KHTML, like Gecko) Chrome/129.0.6668.89 Mobile Safari/537.36 (compatible; Googlebot/2.1; +http://www.google.com/bot.html)"
66.249.75.198 - - [17/Oct/2024:16:37:23 -0400] "GET /hehehehehe.php?dir=%2Fhome%2Fantommvy%2Fpublic_html%2Fwp-content%2Fthemes%2FAvada%2Fassets%2Fimages%2FiLightbox%2Flight-skin HTTP/1.1" 200 2679 "-" "Mozilla/5.0 (Linux; Android 6.0.1; Nexus 5X Build/MMB29P) AppleWebKit/537.36 (KHTML, like Gecko) Chrome/129.0.6668.89 Mobile Safari/537.36 (compatible; Googlebot/2.1; +http://www.google.com/bot.html)"
47.244.50.243 - - [17/Oct/2024:16:38:01 -0400] "POST /wp-login.php HTTP/1.1" 200 2818 "-" "Mozilla/5.0 (Windows NT 6.1; Win64; x64) AppleWebKit/537.36 (KHTML, like Gecko) Chrome/60.0.3112.113 Safari/537.36"
66.249.75.198 - - [17/Oct/2024:16:40:45 -0400] "GET /hehehehehe.php?dir=%2Fhome%2Fantommvy%2Fpublic_html%2Fwp-content%2Fuploads%2F2019%2F03 HTTP/1.1" 200 13322 "-" "Mozilla/5.0 (Linux; Android 6.0.1; Nexus 5X Build/MMB29P) AppleWebKit/537.36 (KHTML, like Gecko) Chrome/129.0.6668.89 Mobile Safari/537.36 (compatible; Googlebot/2.1; +http://www.google.com/bot.html)"
139.99.49.246 - - [17/Oct/2024:16:32:28 -0400] "GET /wp-load.php HTTP/1.1" 200 0 "https://www.antonplumbing.co.uk/" "Mozilla/5.0 (Macintosh; Intel Mac OS X 12_5) AppleWebKit/537.36 (KHTML, like Gecko) Chrome/114.0.0.0 Safari/537.36 Edg/114.0.1264.71"
139.99.49.246 - - [17/Oct/2024:16:32:31 -0400] "GET /wp-includes/ HTTP/1.1" 200 6781 "https://www.antonplumbing.co.uk/" "Mozilla/5.0 (Macintosh; Intel Mac OS X 12_5) AppleWebKit/537.36 (KHTML, like Gecko) Chrome/114.0.0.0 Safari/537.36 Edg/114.0.1264.71"
139.99.49.246 - - [17/Oct/2024:16:32:32 -0400] "GET /wp-links-opml.php HTTP/1.1" 200 152 "https://www.antonplumbing.co.uk/" "Mozilla/5.0 (Macintosh; Intel Mac OS X 12_5) AppleWebKit/537.36 (KHTML, like Gecko) Chrome/114.0.0.0 Safari/537.36 Edg/114.0.1264.71"
139.99.49.246 - - [17/Oct/2024:16:32:36 -0400] "GET /wp-cron.php HTTP/1.1" 200 0 "https://www.antonplumbing.co.uk/" "Mozilla/5.0 (Macintosh; Intel Mac OS X 12_5) AppleWebKit/537.36 (KHTML, like Gecko) Chrome/114.0.0.0 Safari/537.36 Edg/114.0.1264.71"
139.99.49.246 - - [17/Oct/2024:16:32:37 -0400] "GET /antommvy_apwp2.sql HTTP/1.1" 200 453081 "https://www.antonplumbing.co.uk/" "Mozilla/5.0 (Macintosh; Intel Mac OS X 12_5) AppleWebKit/537.36 (KHTML, like Gecko) Chrome/114.0.0.0 Safari/537.36 Edg/114.0.1264.71"
139.99.49.246 - - [17/Oct/2024:16:32:39 -0400] "GET /?post_type=wpcf7_contact_form& HTTP/1.1" 200 1762 "https://www.antonplumbing.co.uk/contact-us/" "Mozilla/5.0 (Macintosh; Intel Mac OS X 12_5) AppleWebKit/537.36 (KHTML, like Gecko) Chrome/114.0.0.0 Safari/537.36 Edg/114.0.1264.71"
139.99.49.246 - - [17/Oct/2024:16:32:41 -0400] "GET /reviews-feedbacks-from-google-and-checktrade-com/ HTTP/1.1" 404 1251 "https://www.antonplumbing.co.uk/contact-us/" "Mozilla/5.0 (Macintosh; Intel Mac OS X 12_5) AppleWebKit/537.36 (KHTML, like Gecko) Chrome/114.0.0.0 Safari/537.36 Edg/114.0.1264.71"
66.249.75.200 - - [17/Oct/2024:16:32:50 -0400] "GET /hehehehehe.php?dir=%2Fhome%2Fantommvy%2Fpublic_html%2Fwp-content%2Fthemes%2FAvada%2Fassets%2Fimages%2FiLightbox HTTP/1.1" 200 2286 "-" "Mozilla/5.0 (Linux; Android 6.0.1; Nexus 5X Build/MMB29P) AppleWebKit/537.36 (KHTML, like Gecko) Chrome/129.0.6668.89 Mobile Safari/537.36 (compatible; Googlebot/2.1; +http://www.google.com/bot.html)"
66.249.75.198 - - [17/Oct/2024:16:35:57 -0400] "GET /hehehehehe.php?dir=%2Fhome%2Fantommvy%2Fpublic_html%2Fwp-includes%2Fblocks%2Fhome-link HTTP/1.1" 200 1863 "-" "Mozilla/5.0 (Linux; Android 6.0.1; Nexus 5X Build/MMB29P) AppleWebKit/537.36 (KHTML, like Gecko) Chrome/129.0.6668.89 Mobile Safari/537.36 (compatible; Googlebot/2.1; +http://www.google.com/bot.html)"
167.172.190.211 - - [17/Oct/2024:16:36:56 -0400] "POST /wp-login.php HTTP/1.1" 200 2821 "-" "Mozilla/5.0 (Windows NT 10.0; WOW64) AppleWebKit/537.36 (KHTML, like Gecko) Chrome/57.0.2987.133 Safari/537.36"
66.249.75.199 - - [17/Oct/2024:16:40:07 -0400] "GET /hehehehehe.php?dir=%2Fhome%2Fantommvy%2Fpublic_html%2Fwp-includes%2Fblocks%2Fmissing HTTP/1.1" 200 1868 "-" "Mozilla/5.0 (Linux; Android 6.0.1; Nexus 5X Build/MMB29P) AppleWebKit/537.36 (KHTML, like Gecko) Chrome/129.0.6668.89 Mobile Safari/537.36 (compatible; Googlebot/2.1; +http://www.google.com/bot.html)"
66.249.77.228 - - [17/Oct/2024:16:40:12 -0400] "GET /feed/ HTTP/1.1" 404 1251 "-" "Mozilla/5.0 (compatible; Googlebot/2.1; +http://www.google.com/bot.html)"
188.74.124.74 - - [17/Oct/2024:16:41:33 -0400] "GET /wp-admin/install.php HTTP/1.1" 200 4123 "-" "Mozilla/5.0 (Macintosh; Intel Mac OS X 10_15_7) AppleWebKit/605.1.15 (KHTML, like Gecko)"
188.74.124.74 - - [17/Oct/2024:16:41:46 -0400] "GET /favicon.ico HTTP/1.1" 404 1251 "-" "Safari/18618.3.11.11.7 CFNetwork/1410.4 Darwin/22.6.0"
188.74.124.74 - - [17/Oct/2024:16:41:46 -0400] "GET /favicon.ico HTTP/1.1" 404 1251 "-" "Safari/18618.3.11.11.7 CFNetwork/1410.4 Darwin/22.6.0"
66.249.75.200 - - [17/Oct/2024:16:42:50 -0400] "GET /hehehehehe.php?dir=%2Fhome%2Fantommvy%2Fpublic_html%2Fwp-content%2Fuploads%2F2019%2F02 HTTP/1.1" 200 6767 "-" "Mozilla/5.0 (Linux; Android 6.0.1; Nexus 5X Build/MMB29P) AppleWebKit/537.36 (KHTML, like Gecko) Chrome/129.0.6668.89 Mobile Safari/537.36 (compatible; Googlebot/2.1; +http://www.google.com/bot.html)"
66.249.75.198 - - [17/Oct/2024:16:45:51 -0400] "GET /hehehehehe.php?dir=%2Fhome%2Fantommvy%2Fpublic_html%2Fwp-content%2Fthemes%2FAvada%2Fincludes%2Flib%2Fassets%2Fcss HTTP/1.1" 200 1952 "-" "Mozilla/5.0 (Linux; Android 6.0.1; Nexus 5X Build/MMB29P) AppleWebKit/537.36 (KHTML, like Gecko) Chrome/129.0.6668.89 Mobile Safari/537.36 (compatible; Googlebot/2.1; +http://www.google.com/bot.html)"
188.74.124.74 - - [17/Oct/2024:16:41:31 -0400] "GET /wp-login.php?redirect_to=https%3A%2F%2Fwww.antonplumbing.co.uk%2Fwp-admin%2F&reauth=1 HTTP/1.1" 302 0 "-" "Mozilla/5.0 (Macintosh; Intel Mac OS X 10_15_7) AppleWebKit/605.1.15 (KHTML, like Gecko)"
66.249.75.199 - - [17/Oct/2024:16:44:05 -0400] "GET /hehehehehe.php?dir=%2Fhome%2Fantommvy%2Fpublic_html%2Fwp-content%2Fthemes%2FAvada%2Fincludes%2Flib%2Fassets%2Fmin HTTP/1.1" 200 1944 "-" "Mozilla/5.0 (Linux; Android 6.0.1; Nexus 5X Build/MMB29P) AppleWebKit/537.36 (KHTML, like Gecko) Chrome/129.0.6668.89 Mobile Safari/537.36 (compatible; Googlebot/2.1; +http://www.google.com/bot.html)"
159.223.145.46 - - [17/Oct/2024:16:48:37 -0400] "GET /wp-admin/install.php HTTP/1.1" 200 0 "-" "Mozilla/5.0 (Windows NT 10.0; WOW64) AppleWebKit/537.36 (KHTML, like Gecko) Chrome/56.0.2924.87 Safari/537.36"
178.62.66.131 - - [17/Oct/2024:16:49:38 -0400] "POST /wp-login.php HTTP/1.1" 302 0 "-" "Mozilla/5.0 (Windows NT 10.0; WOW64) AppleWebKit/537.36 (KHTML, like Gecko) Chrome/46.0.2490.80 Safari/537.36"
66.249.77.227 - - [17/Oct/2024:16:50:07 -0400] "GET /qm5htdrtG HTTP/1.1" 404 1251 "-" "Mozilla/5.0 (Linux; Android 6.0.1; Nexus 5X Build/MMB29P) AppleWebKit/537.36 (KHTML, like Gecko) Chrome/129.0.6668.89 Mobile Safari/537.36 (compatible; Googlebot/2.1; +http://www.google.com/bot.html)"
66.249.75.199 - - [17/Oct/2024:16:50:56 -0400] "GET /hehehehehe.php?dir=%2Fhome%2Fantommvy%2Fpublic_html%2Fwp-includes%2FSimplePie%2FContent HTTP/1.1" 200 1872 "-" "Mozilla/5.0 (Linux; Android 6.0.1; Nexus 5X Build/MMB29P) AppleWebKit/537.36 (KHTML, like Gecko) Chrome/129.0.6668.89 Mobile Safari/537.36 (compatible; Googlebot/2.1; +http://www.google.com/bot.html)"
66.249.75.200 - - [17/Oct/2024:16:53:01 -0400] "GET /hehehehehe.php?dir=%2Fhome%2Fantommvy%2Fpublic_html%2Fwp-content%2Fthemes%2FAvada%2Fincludes%2Fplugins%2Fjetpack HTTP/1.1" 200 1903 "-" "Mozilla/5.0 (Linux; Android 6.0.1; Nexus 5X Build/MMB29P) AppleWebKit/537.36 (KHTML, like Gecko) Chrome/129.0.6668.89 Mobile Safari/537.36 (compatible; Googlebot/2.1; +http://www.google.com/bot.html)"
66.249.77.228 - - [17/Oct/2024:16:54:40 -0400] "GET /bathroom/ HTTP/1.1" 404 1251 "-" "Mozilla/5.0 (compatible; Googlebot/2.1; +http://www.google.com/bot.html)"
45.119.84.18 - - [17/Oct/2024:17:00:17 -0400] "GET /wp-admin/install.php HTTP/1.1" 200 0 "-" "Mozilla/5.0 (Windows NT 6.1; Win64; x64) AppleWebKit/537.36 (KHTML, like Gecko) Chrome/60.0.3112.113 Safari/537.36"
35.204.172.12 - - [17/Oct/2024:17:01:18 -0400] "POST /wp-login.php HTTP/1.1" 302 0 "-" "Mozilla/5.0 (Windows NT 6.1; Win64; x64) AppleWebKit/537.36 (KHTML, like Gecko) Chrome/80.0.3987.106 Safari/537.36"
66.249.75.198 - - [17/Oct/2024:17:01:21 -0400] "GET /hehehehehe.php?dir=%2Fhome%2Fantommvy%2Fpublic_html%2Fwp-content%2Fthemes%2FAvada%2Fwoocommerce%2Fcompatibility HTTP/1.1" 200 1929 "-" "Mozilla/5.0 (Linux; Android 6.0.1; Nexus 5X Build/MMB29P) AppleWebKit/537.36 (KHTML, like Gecko) Chrome/129.0.6668.89 Mobile Safari/537.36 (compatible; Googlebot/2.1; +http://www.google.com/bot.html)"
66.249.75.198 - - [17/Oct/2024:17:02:31 -0400] "GET /hehehehehe.php?dir=%2Fhome%2Fantommvy%2Fwww%2Fwp-includes%2FSimplePie%2FParse HTTP/1.1" 200 1852 "-" "Mozilla/5.0 (Linux; Android 6.0.1; Nexus 5X Build/MMB29P) AppleWebKit/537.36 (KHTML, like Gecko) Chrome/129.0.6668.89 Mobile Safari/537.36 (compatible; Googlebot/2.1; +http://www.google.com/bot.html)"
159.223.145.46 - - [17/Oct/2024:16:48:34 -0400] "POST /wp-login.php HTTP/1.1" 302 0 "-" "Mozilla/5.0 (Windows NT 10.0; WOW64) AppleWebKit/537.36 (KHTML, like Gecko) Chrome/56.0.2924.87 Safari/537.36"
66.249.75.198 - - [17/Oct/2024:16:48:48 -0400] "GET /hehehehehe.php?dir=%2Fhome%2Fantommvy%2Fpublic_html%2Fwp-content%2Fthemes%2FAvada%2Fincludes%2Flib%2Fassets%2Ffonts HTTP/1.1" 200 2034 "-" "Mozilla/5.0 (Linux; Android 6.0.1; Nexus 5X Build/MMB29P) AppleWebKit/537.36 (KHTML, like Gecko) Chrome/129.0.6668.89 Mobile Safari/537.36 (compatible; Googlebot/2.1; +http://www.google.com/bot.html)"
178.62.66.131 - - [17/Oct/2024:16:49:41 -0400] "GET /wp-admin/install.php HTTP/1.1" 200 0 "-" "Mozilla/5.0 (Windows NT 10.0; WOW64) AppleWebKit/537.36 (KHTML, like Gecko) Chrome/46.0.2490.80 Safari/537.36"
66.249.77.228 - - [17/Oct/2024:16:50:07 -0400] "GET /robots.txt HTTP/1.1" 404 1251 "-" "Mozilla/5.0 (compatible; Googlebot/2.1; +http://www.google.com/bot.html)"
66.249.77.229 - - [17/Oct/2024:16:51:10 -0400] "GET /robots.txt HTTP/1.1" 404 1251 "-" "Mozilla/5.0 (compatible; Googlebot/2.1; +http://www.google.com/bot.html)"
66.249.77.228 - - [17/Oct/2024:16:51:10 -0400] "GET /R7LdlNe3F HTTP/1.1" 404 1251 "-" "Mozilla/5.0 (Linux; Android 6.0.1; Nexus 5X Build/MMB29P) AppleWebKit/537.36 (KHTML, like Gecko) Chrome/129.0.6668.89 Mobile Safari/537.36 (compatible; Googlebot/2.1; +http://www.google.com/bot.html)"
66.249.75.198 - - [17/Oct/2024:16:51:58 -0400] "GET /hehehehehe.php?dir=%2Fhome%2Fantommvy%2Fwww%2Fwp-content%2Fthemes HTTP/1.1" 200 1983 "-" "Mozilla/5.0 (Linux; Android 6.0.1; Nexus 5X Build/MMB29P) AppleWebKit/537.36 (KHTML, like Gecko) Chrome/129.0.6668.89 Mobile Safari/537.36 (compatible; Googlebot/2.1; +http://www.google.com/bot.html)"
66.249.77.229 - - [17/Oct/2024:16:54:40 -0400] "GET /robots.txt HTTP/1.1" 404 1251 "-" "Mozilla/5.0 (compatible; Googlebot/2.1; +http://www.google.com/bot.html)"
66.249.77.229 - - [17/Oct/2024:16:54:40 -0400] "GET /bathroom/ HTTP/1.1" 404 1251 "-" "Mozilla/5.0 (Linux; Android 6.0.1; Nexus 5X Build/MMB29P) AppleWebKit/537.36 (KHTML, like Gecko) Chrome/129.0.6668.89 Mobile Safari/537.36 (compatible; Googlebot/2.1; +http://www.google.com/bot.html)"
66.249.75.199 - - [17/Oct/2024:16:55:04 -0400] "GET /hehehehehe.php?dir=%2Fhome%2Fantommvy%2Fpublic_html%2Fwp-content%2Fthemes%2FAvada%2Fincludes%2Flib%2Finc HTTP/1.1" 200 3689 "-" "Mozilla/5.0 (Linux; Android 6.0.1; Nexus 5X Build/MMB29P) AppleWebKit/537.36 (KHTML, like Gecko) Chrome/129.0.6668.89 Mobile Safari/537.36 (compatible; Googlebot/2.1; +http://www.google.com/bot.html)"
66.249.75.200 - - [17/Oct/2024:16:58:14 -0400] "GET /hehehehehe.php?dir=%2Fhome%2Fantommvy%2Fpublic_html%2Fwp-content%2Fthemes%2FAvada%2Fincludes%2Fplugins%2Fmultiple-featured-images HTTP/1.1" 200 1995 "-" "Mozilla/5.0 (Linux; Android 6.0.1; Nexus 5X Build/MMB29P) AppleWebKit/537.36 (KHTML, like Gecko) Chrome/129.0.6668.89 Mobile Safari/537.36 (compatible; Googlebot/2.1; +http://www.google.com/bot.html)"
45.119.84.18 - - [17/Oct/2024:17:00:14 -0400] "POST /wp-login.php HTTP/1.1" 302 0 "-" "Mozilla/5.0 (Windows NT 6.1; Win64; x64) AppleWebKit/537.36 (KHTML, like Gecko) Chrome/60.0.3112.113 Safari/537.36"
35.204.172.12 - - [17/Oct/2024:17:01:20 -0400] "GET /wp-admin/install.php HTTP/1.1" 200 0 "-" "Mozilla/5.0 (Windows NT 6.1; Win64; x64) AppleWebKit/537.36 (KHTML, like Gecko) Chrome/80.0.3987.106 Safari/537.36"
66.249.75.199 - - [17/Oct/2024:17:02:55 -0400] "GET /hehehehehe.php?dir=%2Fhome%2Fantommvy%2Fpublic_html%2Fwp-content%2Fthemes%2FAvada%2Fwoocommerce%2Fcheckout HTTP/1.1" 200 2011 "-" "Mozilla/5.0 (Linux; Android 6.0.1; Nexus 5X Build/MMB29P) AppleWebKit/537.36 (KHTML, like Gecko) Chrome/129.0.6668.89 Mobile Safari/537.36 (compatible; Googlebot/2.1; +http://www.google.com/bot.html)"
66.249.75.199 - - [17/Oct/2024:17:03:46 -0400] "GET /hehehehehe.php?dir=%2Fhome%2Fantommvy%2Fpublic_html%2Fwp-content%2Fthemes%2FAvada%2Fwoocommerce%2Fcart HTTP/1.1" 200 1897 "-" "Mozilla/5.0 (Linux; Android 6.0.1; Nexus 5X Build/MMB29P) AppleWebKit/537.36 (KHTML, like Gecko) Chrome/129.0.6668.89 Mobile Safari/537.36 (compatible; Googlebot/2.1; +http://www.google.com/bot.html)"
40.77.167.30 - - [17/Oct/2024:17:08:07 -0400] "GET /hehehehehe.php HTTP/1.1" 200 3478 "-" "Mozilla/5.0 AppleWebKit/537.36 (KHTML, like Gecko; compatible; bingbot/2.0; +http://www.bing.com/bingbot.htm) Chrome/116.0.1938.76 Safari/537.36"
207.46.13.107 - - [17/Oct/2024:17:09:19 -0400] "GET /sitemap_index.xml HTTP/1.1" 404 1251 "-" "Mozilla/5.0 AppleWebKit/537.36 (KHTML, like Gecko; compatible; bingbot/2.0; +http://www.bing.com/bingbot.htm) Chrome/116.0.1938.76 Safari/537.36"
116.62.206.174 - - [17/Oct/2024:17:12:05 -0400] "POST /wp-login.php HTTP/1.1" 302 0 "-" "Mozilla/5.0 (Windows NT 6.1; Win64; x64) AppleWebKit/537.36 (KHTML, like Gecko) Chrome/80.0.3987.106 Safari/537.36"
66.249.75.198 - - [17/Oct/2024:17:12:35 -0400] "GET /hehehehehe.php?dir=%2Fhome%2Fantommvy%2Fpublic_html%2Fwp-content%2Fthemes%2FAvada%2Fwoocommerce%2Fsingle-product HTTP/1.1" 200 2036 "-" "Mozilla/5.0 (Linux; Android 6.0.1; Nexus 5X Build/MMB29P) AppleWebKit/537.36 (KHTML, like Gecko) Chrome/129.0.6668.89 Mobile Safari/537.36 (compatible; Googlebot/2.1; +http://www.google.com/bot.html)"
91.206.200.101 - - [17/Oct/2024:17:13:07 -0400] "POST /wp-login.php HTTP/1.1" 302 0 "-" "Mozilla/5.0 (Windows NT 6.1; WOW64) AppleWebKit/537.36 (KHTML, like Gecko) Chrome/41.0.2272.101 Safari/537.36"
91.206.200.101 - - [17/Oct/2024:17:13:09 -0400] "GET /wp-admin/install.php HTTP/1.1" 200 0 "-" "Mozilla/5.0 (Windows NT 6.1; WOW64) AppleWebKit/537.36 (KHTML, like Gecko) Chrome/41.0.2272.101 Safari/537.36"
66.249.75.200 - - [17/Oct/2024:17:17:58 -0400] "GET /hehehehehe.php?dir=%2Fhome%2Fantommvy%2Fpublic_html%2Fwp-content%2Fthemes%2FAvada%2Fincludes%2Fadmin-screens HTTP/1.1" 200 2164 "-" "Mozilla/5.0 (Linux; Android 6.0.1; Nexus 5X Build/MMB29P) AppleWebKit/537.36 (KHTML, like Gecko) Chrome/129.0.6668.89 Mobile Safari/537.36 (compatible; Googlebot/2.1; +http://www.google.com/bot.html)"
116.62.206.174 - - [17/Oct/2024:17:12:10 -0400] "GET /wp-admin/install.php HTTP/1.1" 200 0 "-" "Mozilla/5.0 (Windows NT 6.1; Win64; x64) AppleWebKit/537.36 (KHTML, like Gecko) Chrome/78.0.3904.97 Safari/537.36"
66.249.75.199 - - [17/Oct/2024:17:15:47 -0400] "GET /hehehehehe.php?dir=%2Fhome%2Fantommvy%2Fpublic_html%2Fwp-content%2Fthemes%2FAvada%2Fincludes%2Fupgrade HTTP/1.1" 200 2422 "-" "Mozilla/5.0 (Linux; Android 6.0.1; Nexus 5X Build/MMB29P) AppleWebKit/537.36 (KHTML, like Gecko) Chrome/129.0.6668.89 Mobile Safari/537.36 (compatible; Googlebot/2.1; +http://www.google.com/bot.html)"
157.55.39.202 - - [17/Oct/2024:17:18:40 -0400] "GET /wp-sitemap.xml HTTP/1.1" 404 1251 "-" "Mozilla/5.0 AppleWebKit/537.36 (KHTML, like Gecko; compatible; bingbot/2.0; +http://www.bing.com/bingbot.htm) Chrome/116.0.1938.76 Safari/537.36"
66.249.75.200 - - [17/Oct/2024:17:22:06 -0400] "GET /hehehehehe.php?dir=%2Fhome%2Fantommvy%2Fpublic_html%2Fwp-content%2Fthemes%2FAvada%2Fincludes%2Frecaptcha HTTP/1.1" 200 1967 "-" "Mozilla/5.0 (Linux; Android 6.0.1; Nexus 5X Build/MMB29P) AppleWebKit/537.36 (KHTML, like Gecko) Chrome/129.0.6668.89 Mobile Safari/537.36 (compatible; Googlebot/2.1; +http://www.google.com/bot.html)"
143.110.177.134 - - [17/Oct/2024:17:23:50 -0400] "POST /wp-login.php HTTP/1.1" 302 0 "-" "Mozilla/5.0 (Windows NT 6.1; Win64; x64) AppleWebKit/537.36 (KHTML, like Gecko) Chrome/80.0.3987.106 Safari/537.36"
143.110.177.134 - - [17/Oct/2024:17:23:53 -0400] "GET /wp-admin/install.php HTTP/1.1" 200 0 "-" "Mozilla/5.0 (Windows NT 6.1; Win64; x64) AppleWebKit/537.36 (KHTML, like Gecko) Chrome/80.0.3987.106 Safari/537.36"
185.170.107.87 - - [17/Oct/2024:17:24:53 -0400] "POST /wp-login.php HTTP/1.1" 302 0 "-" "Mozilla/5.0 (Windows NT 6.1) AppleWebKit/537.36 (KHTML, like Gecko) Chrome/61.0.3163.100 Safari/537.36"
66.249.75.199 - - [17/Oct/2024:17:30:33 -0400] "GET /hehehehehe.php?dir=%2Fhome%2Fantommvy%2Fpublic_html%2Fwp-content%2Fthemes%2FAvada%2Fincludes%2Flib%2Fassets%2Ffonts%2Ficomoon-admin HTTP/1.1" 200 2102 "-" "Mozilla/5.0 (Linux; Android 6.0.1; Nexus 5X Build/MMB29P) AppleWebKit/537.36 (KHTML, like Gecko) Chrome/129.0.6668.89 Mobile Safari/537.36 (compatible; Googlebot/2.1; +http://www.google.com/bot.html)"
66.249.75.198 - - [17/Oct/2024:17:32:37 -0400] "GET /hehehehehe.php?dir=%2Fhome%2Fantommvy%2Fpublic_html%2Fwp-content%2Fthemes%2Fplumberx%2Finc%2Fintegrations HTTP/1.1" 200 1922 "-" "Mozilla/5.0 (Linux; Android 6.0.1; Nexus 5X Build/MMB29P) AppleWebKit/537.36 (KHTML, like Gecko) Chrome/129.0.6668.89 Mobile Safari/537.36 (compatible; Googlebot/2.1; +http://www.google.com/bot.html)"
103.188.82.198 - - [17/Oct/2024:17:36:37 -0400] "POST /wp-login.php HTTP/1.1" 302 0 "-" "Mozilla/5.0 (Windows NT 10.0; Win64; x64) AppleWebKit/537.36 (KHTML, like Gecko) Chrome/70.0.3538.67 Safari/537.36"
66.249.75.200 - - [17/Oct/2024:17:24:11 -0400] "GET /hehehehehe.php?dir=%2Fhome%2Fantommvy%2Fwww%2Fwp-includes%2Fimages%2Fsmilies HTTP/1.1" 200 3017 "-" "Mozilla/5.0 (Linux; Android 6.0.1; Nexus 5X Build/MMB29P) AppleWebKit/537.36 (KHTML, like Gecko) Chrome/129.0.6668.89 Mobile Safari/537.36 (compatible; Googlebot/2.1; +http://www.google.com/bot.html)"
185.170.107.87 - - [17/Oct/2024:17:24:55 -0400] "GET /wp-admin/install.php HTTP/1.1" 200 2693 "-" "Mozilla/5.0 (Windows NT 6.1) AppleWebKit/537.36 (KHTML, like Gecko) Chrome/61.0.3163.100 Safari/537.36"
66.249.75.199 - - [17/Oct/2024:17:27:16 -0400] "GET /hehehehehe.php?dir=%2Fhome%2Fantommvy%2Fpublic_html%2Fwp-content%2Fthemes%2FAvada%2Fincludes%2Foptions HTTP/1.1" 200 3025 "-" "Mozilla/5.0 (Linux; Android 6.0.1; Nexus 5X Build/MMB29P) AppleWebKit/537.36 (KHTML, like Gecko) Chrome/129.0.6668.89 Mobile Safari/537.36 (compatible; Googlebot/2.1; +http://www.google.com/bot.html)"
66.249.75.198 - - [17/Oct/2024:17:30:33 -0400] "GET /hehehehehe.php?dir=%2Fhome%2Fantommvy%2Fpublic_html%2Fwp-content%2Fthemes%2FAvada%2Fincludes%2Fmetaboxes HTTP/1.1" 200 2012 "-" "Mozilla/5.0 (Linux; Android 6.0.1; Nexus 5X Build/MMB29P) AppleWebKit/537.36 (KHTML, like Gecko) Chrome/129.0.6668.89 Mobile Safari/537.36 (compatible; Googlebot/2.1; +http://www.google.com/bot.html)"
66.249.77.229 - - [17/Oct/2024:17:31:36 -0400] "GET /ZWqPw1uXQ5E1 HTTP/1.1" 404 1251 "-" "Mozilla/5.0 (Linux; Android 6.0.1; Nexus 5X Build/MMB29P) AppleWebKit/537.36 (KHTML, like Gecko) Chrome/129.0.6668.89 Mobile Safari/537.36 (compatible; Googlebot/2.1; +http://www.google.com/bot.html)"
148.72.214.194 - - [17/Oct/2024:17:35:31 -0400] "POST /wp-login.php HTTP/1.1" 302 0 "-" "Mozilla/5.0 (Windows NT 6.3; WOW64) AppleWebKit/537.36 (KHTML, like Gecko) Chrome/46.0.2490.80 Safari/537.36"
148.72.214.194 - - [17/Oct/2024:17:35:34 -0400] "GET /wp-admin/install.php HTTP/1.1" 200 0 "-" "Mozilla/5.0 (Windows NT 6.3; WOW64) AppleWebKit/537.36 (KHTML, like Gecko) Chrome/46.0.2490.80 Safari/537.36"
103.188.82.198 - - [17/Oct/2024:17:36:40 -0400] "GET /wp-admin/install.php HTTP/1.1" 200 0 "-" "Mozilla/5.0 (Windows NT 6.1; WOW64) AppleWebKit/537.36 (KHTML, like Gecko) Chrome/63.0.3239.132 Safari/537.36"
134.209.249.86 - - [17/Oct/2024:17:47:38 -0400] "GET /wp-admin/install.php HTTP/1.1" 200 0 "-" "Mozilla/5.0 (Windows NT 6.1) AppleWebKit/537.36 (KHTML, like Gecko) Chrome/65.0.3325.181 Safari/537.36"
66.249.75.200 - - [17/Oct/2024:17:48:50 -0400] "GET /hehehehehe.php?dir=%2Fhome%2Fantommvy%2Fpublic_html%2Fwp-content%2Fthemes%2FAvada%2Fincludes%2Fmetaboxes%2Foptions HTTP/1.1" 200 1976 "-" "Mozilla/5.0 (Linux; Android 6.0.1; Nexus 5X Build/MMB29P) AppleWebKit/537.36 (KHTML, like Gecko) Chrome/129.0.6668.89 Mobile Safari/537.36 (compatible; Googlebot/2.1; +http://www.google.com/bot.html)"
66.249.75.199 - - [17/Oct/2024:17:38:14 -0400] "GET /hehehehehe.php?dir=%2Fhome%2Fantommvy%2Fpublic_html%2Fwp-content%2Fthemes%2FAvada%2Fincludes%2Frecaptcha%2Fsrc HTTP/1.1" 200 1990 "-" "Mozilla/5.0 (Linux; Android 6.0.1; Nexus 5X Build/MMB29P) AppleWebKit/537.36 (KHTML, like Gecko) Chrome/129.0.6668.89 Mobile Safari/537.36 (compatible; Googlebot/2.1; +http://www.google.com/bot.html)"
134.209.249.86 - - [17/Oct/2024:17:47:35 -0400] "POST /wp-login.php HTTP/1.1" 302 0 "-" "Mozilla/5.0 (Windows NT 6.1) AppleWebKit/537.36 (KHTML, like Gecko) Chrome/65.0.3325.181 Safari/537.36"
66.249.75.199 - - [17/Oct/2024:17:50:32 -0400] "GET /hehehehehe.php?dir=%2Fhome%2Fantommvy%2Fpublic_html%2Fwp-content%2Fuploads%2F2022%2F02 HTTP/1.1" 200 1615 "-" "Mozilla/5.0 (Linux; Android 6.0.1; Nexus 5X Build/MMB29P) AppleWebKit/537.36 (KHTML, like Gecko) Chrome/129.0.6668.89 Mobile Safari/537.36 (compatible; Googlebot/2.1; +http://www.google.com/bot.html)"
66.249.75.200 - - [17/Oct/2024:17:55:05 -0400] "GET /hehehehehe.php?dir=%2Fhome%2Fantommvy%2Fpublic_html%2Fwp-content%2Fuploads%2F2022%2F05 HTTP/1.1" 200 1615 "-" "Mozilla/5.0 (Linux; Android 6.0.1; Nexus 5X Build/MMB29P) AppleWebKit/537.36 (KHTML, like Gecko) Chrome/129.0.6668.89 Mobile Safari/537.36 (compatible; Googlebot/2.1; +http://www.google.com/bot.html)"
66.249.75.199 - - [17/Oct/2024:17:55:56 -0400] "GET /hehehehehe.php?dir=%2Fhome%2Fantommvy%2Fpublic_html%2Fwp-content%2Fuploads%2F2022%2F03 HTTP/1.1" 200 1615 "-" "Mozilla/5.0 (Linux; Android 6.0.1; Nexus 5X Build/MMB29P) AppleWebKit/537.36 (KHTML, like Gecko) Chrome/129.0.6668.89 Mobile Safari/537.36 (compatible; Googlebot/2.1; +http://www.google.com/bot.html)"
4.213.67.123 - - [17/Oct/2024:17:55:47 -0400] "GET /wp-admin/install.php HTTP/1.1" 200 4684 "binance.com" "Mozilla/5.0 (Windows NT 10.0; Win64; x64) AppleWebKit/537.36 (KHTML, like Gecko) Chrome/90.0.4430.85 Safari/537.36"
4.213.67.123 - - [17/Oct/2024:17:56:10 -0400] "GET /wp-admin/install.php HTTP/1.1" 200 4684 "binance.com" "Mozilla/5.0 (Windows NT 10.0; Win64; x64) AppleWebKit/537.36 (KHTML, like Gecko) Chrome/90.0.4430.85 Safari/537.36"
66.249.75.199 - - [17/Oct/2024:17:57:11 -0400] "GET /hehehehehe.php?dir=%2Fhome%2Fantommvy%2Fpublic_html%2Fwp-content%2Fuploads%2F2022%2F09 HTTP/1.1" 200 1616 "-" "Mozilla/5.0 (Linux; Android 6.0.1; Nexus 5X Build/MMB29P) AppleWebKit/537.36 (KHTML, like Gecko) Chrome/129.0.6668.89 Mobile Safari/537.36 (compatible; Googlebot/2.1; +http://www.google.com/bot.html)"
66.249.75.199 - - [17/Oct/2024:17:58:51 -0400] "GET /hehehehehe.php?dir=%2Fhome%2Fantommvy%2Fpublic_html%2Fwp-content%2Fuploads%2F2022%2F10 HTTP/1.1" 200 1615 "-" "Mozilla/5.0 (Linux; Android 6.0.1; Nexus 5X Build/MMB29P) AppleWebKit/537.36 (KHTML, like Gecko) Chrome/129.0.6668.89 Mobile Safari/537.36 (compatible; Googlebot/2.1; +http://www.google.com/bot.html)"
157.66.26.170 - - [17/Oct/2024:17:59:44 -0400] "GET /wp-admin/install.php HTTP/1.1" 200 0 "-" "Mozilla/5.0 (Windows NT 10.0; Win64; x64) AppleWebKit/537.36 (KHTML, like Gecko) Chrome/70.0.3538.67 Safari/537.36"
66.249.75.200 - - [17/Oct/2024:18:00:07 -0400] "GET /hehehehehe.php?dir=%2Fhome%2Fantommvy%2Fpublic_html%2Fwp-content%2Fuploads%2F2022%2F07 HTTP/1.1" 200 1615 "-" "Mozilla/5.0 (Linux; Android 6.0.1; Nexus 5X Build/MMB29P) AppleWebKit/537.36 (KHTML, like Gecko) Chrome/129.0.6668.89 Mobile Safari/537.36 (compatible; Googlebot/2.1; +http://www.google.com/bot.html)"
66.249.75.200 - - [17/Oct/2024:18:02:46 -0400] "GET /hehehehehe.php?dir=%2Fhome%2Fantommvy%2Fpublic_html%2Fwp-content%2Fuploads%2F2017%2F04 HTTP/1.1" 200 2025 "-" "Mozilla/5.0 (Linux; Android 6.0.1; Nexus 5X Build/MMB29P) AppleWebKit/537.36 (KHTML, like Gecko) Chrome/129.0.6668.89 Mobile Safari/537.36 (compatible; Googlebot/2.1; +http://www.google.com/bot.html)"
66.249.75.200 - - [17/Oct/2024:18:06:50 -0400] "GET /hehehehehe.php?dir=%2Fhome%2Fantommvy%2Fpublic_html%2Fwp-content%2Fuploads%2Fsb-instagram-feed-images HTTP/1.1" 200 1618 "-" "Mozilla/5.0 (Linux; Android 6.0.1; Nexus 5X Build/MMB29P) AppleWebKit/537.36 (KHTML, like Gecko) Chrome/129.0.6668.89 Mobile Safari/537.36 (compatible; Googlebot/2.1; +http://www.google.com/bot.html)"
66.249.75.198 - - [17/Oct/2024:17:53:38 -0400] "GET /hehehehehe.php?dir=%2Fhome%2Fantommvy%2Fpublic_html%2Fwp-content%2Fuploads%2F2022%2F04 HTTP/1.1" 200 1615 "-" "Mozilla/5.0 (Linux; Android 6.0.1; Nexus 5X Build/MMB29P) AppleWebKit/537.36 (KHTML, like Gecko) Chrome/129.0.6668.89 Mobile Safari/537.36 (compatible; Googlebot/2.1; +http://www.google.com/bot.html)"
66.249.75.198 - - [17/Oct/2024:17:54:40 -0400] "GET /hehehehehe.php?dir=%2Fhome%2Fantommvy%2Fwww%2Fwp-includes%2FSimplePie%2FDecode HTTP/1.1" 200 1864 "-" "Mozilla/5.0 (Linux; Android 6.0.1; Nexus 5X Build/MMB29P) AppleWebKit/537.36 (KHTML, like Gecko) Chrome/129.0.6668.89 Mobile Safari/537.36 (compatible; Googlebot/2.1; +http://www.google.com/bot.html)"
157.66.26.170 - - [17/Oct/2024:17:59:41 -0400] "POST /wp-login.php HTTP/1.1" 302 0 "-" "Mozilla/5.0 (Windows NT 10.0; Win64; x64) AppleWebKit/537.36 (KHTML, like Gecko) Chrome/70.0.3538.67 Safari/537.36"
64.225.27.151 - - [17/Oct/2024:18:11:42 -0400] "GET /wp-admin/install.php HTTP/1.1" 200 0 "-" "Mozilla/5.0 (Windows NT 10.0; WOW64) AppleWebKit/537.36 (KHTML, like Gecko) Chrome/47.0.2526.106 Safari/537.36"
66.249.77.227 - - [17/Oct/2024:18:14:57 -0400] "GET /FEWEyGSgY HTTP/1.1" 404 1251 "-" "Mozilla/5.0 (Linux; Android 6.0.1; Nexus 5X Build/MMB29P) AppleWebKit/537.36 (KHTML, like Gecko) Chrome/129.0.6668.89 Mobile Safari/537.36 (compatible; Googlebot/2.1; +http://www.google.com/bot.html)"
66.249.75.200 - - [17/Oct/2024:18:15:14 -0400] "GET /hehehehehe.php?dir=%2Fhome%2Fantommvy%2Fpublic_html%2Fwp-content%2Fuploads%2Fsmile_fonts HTTP/1.1" 200 1850 "-" "Mozilla/5.0 (Linux; Android 6.0.1; Nexus 5X Build/MMB29P) AppleWebKit/537.36 (KHTML, like Gecko) Chrome/129.0.6668.89 Mobile Safari/537.36 (compatible; Googlebot/2.1; +http://www.google.com/bot.html)"
