Server IP : 185.61.155.44  /  Your IP : 3.17.75.27
Web Server : LiteSpeed
System : Linux premium145.web-hosting.com 4.18.0-553.lve.el8.x86_64 #1 SMP Mon May 27 15:27:34 UTC 2024 x86_64
User : antommvy ( 964)
PHP Version : 7.4.33
Disable Function : NONE
MySQL : OFF  |  cURL : ON  |  WGET : ON  |  Perl : ON  |  Python : ON
Directory (0750) :  /home/antommvy/public_html/../access-logs/

[  Home  ][  C0mmand  ][  Upload File  ]

Current File : /home/antommvy/public_html/../access-logs/antonplumbing.co.uk-ssl_log
66.249.72.32 - - [17/Oct/2024:08:15:11 -0400] "GET /hehehehehe.php?dir=%2Fhome%2Fantommvy%2Fpublic_html%2Fwp-includes%2Fblocks%2Fpost-date HTTP/1.1" 200 2028 "-" "Mozilla/5.0 (Linux; Android 6.0.1; Nexus 5X Build/MMB29P) AppleWebKit/537.36 (KHTML, like Gecko) Chrome/129.0.6668.89 Mobile Safari/537.36 (compatible; Googlebot/2.1; +http://www.google.com/bot.html)"
66.249.72.33 - - [17/Oct/2024:08:16:14 -0400] "GET /hehehehehe.php?dir=%2Fhome%2Fantommvy%2Fwww%2Fwp-includes%2Fblocks%2Ffile HTTP/1.1" 200 2325 "-" "Mozilla/5.0 (Linux; Android 6.0.1; Nexus 5X Build/MMB29P) AppleWebKit/537.36 (KHTML, like Gecko) Chrome/129.0.6668.89 Mobile Safari/537.36 (compatible; Googlebot/2.1; +http://www.google.com/bot.html)"
54.36.148.147 - - [17/Oct/2024:08:16:35 -0400] "GET /classwithtostring.php?path=/home/antommvy/public_html HTTP/1.1" 200 3055 "-" "Mozilla/5.0 (compatible; AhrefsBot/7.0; +http://ahrefs.com/robot/)"
54.36.149.18 - - [17/Oct/2024:08:16:36 -0400] "GET /classwithtostring.php?path=/home/antommvy/public_html HTTP/1.1" 200 3057 "-" "Mozilla/5.0 (compatible; AhrefsBot/7.0; +http://ahrefs.com/robot/)"
185.238.75.151 - - [17/Oct/2024:08:18:39 -0400] "GET /?x247=Mar7 HTTP/1.1" 200 9058 "-" "Mozilla/5.0 (Windows NT 10.0; Win64; x64) AppleWebKit/537.36 (KHTML, like Gecko) Chrome/111.0.0.0 Safari/537.36"
66.249.72.34 - - [17/Oct/2024:08:20:28 -0400] "GET /hehehehehe.php?dir=%2Fhome%2Fantommvy%2Fpublic_html%2Fwp-includes%2Fblocks%2Fsocial-links HTTP/1.1" 200 2177 "-" "Mozilla/5.0 (Linux; Android 6.0.1; Nexus 5X Build/MMB29P) AppleWebKit/537.36 (KHTML, like Gecko) Chrome/129.0.6668.89 Mobile Safari/537.36 (compatible; Googlebot/2.1; +http://www.google.com/bot.html)"
54.36.148.6 - - [17/Oct/2024:08:22:26 -0400] "GET /classwithtostring.php?path=/home/antommvy/public_html&komend=gaskan HTTP/1.1" 200 3152 "-" "Mozilla/5.0 (compatible; AhrefsBot/7.0; +http://ahrefs.com/robot/)"
66.249.72.32 - - [17/Oct/2024:08:16:12 -0400] "GET /hehehehehe.php?dir=%2Fhome%2Fantommvy%2Fpublic_html%2Fwp-includes%2FRequests%2Fsrc%2FAuth HTTP/1.1" 200 1889 "-" "Mozilla/5.0 (Linux; Android 6.0.1; Nexus 5X Build/MMB29P) AppleWebKit/537.36 (KHTML, like Gecko) Chrome/129.0.6668.89 Mobile Safari/537.36 (compatible; Googlebot/2.1; +http://www.google.com/bot.html)"
62.31.255.146 - - [17/Oct/2024:08:22:09 -0400] "GET /wp-content/uploads/2019/04/IMG_5571-768x1024.jpeg HTTP/1.1" 200 53470 "https://www.bing.com/" "Mozilla/5.0 (Windows NT 10.0; Win64; x64) AppleWebKit/537.36 (KHTML, like Gecko) Chrome/129.0.0.0 Safari/537.36 Edg/129.0.0.0"
54.36.148.199 - - [17/Oct/2024:08:22:25 -0400] "GET /classwithtostring.php?path=/home/antommvy/public_html&komend=gaskan HTTP/1.1" 200 3121 "-" "Mozilla/5.0 (compatible; AhrefsBot/7.0; +http://ahrefs.com/robot/)"
66.249.72.33 - - [17/Oct/2024:08:25:51 -0400] "GET /hehehehehe.php?dir=%2Fhome%2Fantommvy%2Fpublic_html%2Fwp-includes%2Fblocks%2Fquote HTTP/1.1" 200 2196 "-" "Mozilla/5.0 (Linux; Android 6.0.1; Nexus 5X Build/MMB29P) AppleWebKit/537.36 (KHTML, like Gecko) Chrome/129.0.6668.89 Mobile Safari/537.36 (compatible; Googlebot/2.1; +http://www.google.com/bot.html)"
66.249.72.33 - - [17/Oct/2024:08:26:53 -0400] "GET /hehehehehe.php?dir=%2Fhome%2Fantommvy%2Fpublic_html%2Fwp-includes%2Fblocks%2Favatar HTTP/1.1" 200 2184 "-" "Mozilla/5.0 (Linux; Android 6.0.1; Nexus 5X Build/MMB29P) AppleWebKit/537.36 (KHTML, like Gecko) Chrome/129.0.6668.89 Mobile Safari/537.36 (compatible; Googlebot/2.1; +http://www.google.com/bot.html)"
54.36.148.163 - - [17/Oct/2024:08:28:38 -0400] "GET /classwithtostring.php?path=/home/antommvy/public_html&upload=gaskan HTTP/1.1" 200 3411 "-" "Mozilla/5.0 (compatible; AhrefsBot/7.0; +http://ahrefs.com/robot/)"
66.249.72.34 - - [17/Oct/2024:08:37:47 -0400] "GET /hehehehehe.php?dir=%2Fhome%2Fantommvy%2Fpublic_html%2Fwp-content%2Fthemes%2FAvada%2Fincludes%2Flib%2Fassets%2Ffonts%2Ficomoon HTTP/1.1" 200 2118 "-" "Mozilla/5.0 (Linux; Android 6.0.1; Nexus 5X Build/MMB29P) AppleWebKit/537.36 (KHTML, like Gecko) Chrome/129.0.6668.89 Mobile Safari/537.36 (compatible; GoogleOther)"
54.36.149.47 - - [17/Oct/2024:08:38:38 -0400] "GET /wp-includes/IXR/ HTTP/1.1" 200 1126 "-" "Mozilla/5.0 (compatible; AhrefsBot/7.0; +http://ahrefs.com/robot/)"
54.36.149.76 - - [17/Oct/2024:08:40:38 -0400] "GET /wp-includes/Text/ HTTP/1.1" 200 674 "-" "Mozilla/5.0 (compatible; AhrefsBot/7.0; +http://ahrefs.com/robot/)"
66.249.72.34 - - [17/Oct/2024:08:40:52 -0400] "GET /hehehehehe.php?dir=%2Fhome%2Fantommvy%2Fpublic_html%2Fwp-includes%2Fblocks%2Fquery HTTP/1.1" 200 2192 "-" "Mozilla/5.0 (Linux; Android 6.0.1; Nexus 5X Build/MMB29P) AppleWebKit/537.36 (KHTML, like Gecko) Chrome/129.0.6668.89 Mobile Safari/537.36 (compatible; Googlebot/2.1; +http://www.google.com/bot.html)"
54.36.148.151 - - [17/Oct/2024:08:42:03 -0400] "GET /wp-includes/block-supports/ HTTP/1.1" 200 1293 "-" "Mozilla/5.0 (compatible; AhrefsBot/7.0; +http://ahrefs.com/robot/)"
66.249.75.129 - - [17/Oct/2024:08:44:35 -0400] "GET /BHzi3zK4Wi93e HTTP/1.1" 404 1251 "-" "Mozilla/5.0 (Linux; Android 6.0.1; Nexus 5X Build/MMB29P) AppleWebKit/537.36 (KHTML, like Gecko) Chrome/129.0.6668.89 Mobile Safari/537.36 (compatible; Googlebot/2.1; +http://www.google.com/bot.html)"
54.36.149.65 - - [17/Oct/2024:08:44:53 -0400] "GET /wp-includes/category.php HTTP/1.1" 200 0 "-" "Mozilla/5.0 (compatible; AhrefsBot/7.0; +http://ahrefs.com/robot/)"
66.249.72.34 - - [17/Oct/2024:08:46:06 -0400] "GET /hehehehehe.php?dir=%2Fhome%2Fantommvy%2Fpublic_html%2Fwp-includes%2Fblocks%2Fcomment-template HTTP/1.1" 200 2022 "-" "Mozilla/5.0 (Linux; Android 6.0.1; Nexus 5X Build/MMB29P) AppleWebKit/537.36 (KHTML, like Gecko) Chrome/129.0.6668.89 Mobile Safari/537.36 (compatible; Googlebot/2.1; +http://www.google.com/bot.html)"
66.249.72.33 - - [17/Oct/2024:08:53:27 -0400] "GET /hehehehehe.php?dir=%2Fhome%2Fantommvy%2Fpublic_html%2Fwp-includes%2Fblocks%2Fseparator HTTP/1.1" 200 2298 "-" "Mozilla/5.0 (Linux; Android 6.0.1; Nexus 5X Build/MMB29P) AppleWebKit/537.36 (KHTML, like Gecko) Chrome/129.0.6668.89 Mobile Safari/537.36 (compatible; Googlebot/2.1; +http://www.google.com/bot.html)"
66.249.75.129 - - [17/Oct/2024:08:54:12 -0400] "GET /WBPMCD9wr HTTP/1.1" 404 1251 "-" "Mozilla/5.0 (Linux; Android 6.0.1; Nexus 5X Build/MMB29P) AppleWebKit/537.36 (KHTML, like Gecko) Chrome/129.0.6668.89 Mobile Safari/537.36 (compatible; Googlebot/2.1; +http://www.google.com/bot.html)"
66.249.72.32 - - [17/Oct/2024:08:54:29 -0400] "GET /hehehehehe.php?dir=%2Fhome%2Fantommvy%2Fwww%2Fwp-includes%2Fblocks%2Fquery-pagination-previous HTTP/1.1" 200 1886 "-" "Mozilla/5.0 (Linux; Android 6.0.1; Nexus 5X Build/MMB29P) AppleWebKit/537.36 (KHTML, like Gecko) Chrome/129.0.6668.89 Mobile Safari/537.36 (compatible; Googlebot/2.1; +http://www.google.com/bot.html)"
66.249.75.110 - - [17/Oct/2024:08:24:35 -0400] "GET /robots.txt HTTP/1.1" 404 1251 "-" "Mozilla/5.0 (compatible; Googlebot/2.1; +http://www.google.com/bot.html)"
66.249.72.33 - - [17/Oct/2024:08:24:47 -0400] "GET /hehehehehe.php?dir=%2Fhome%2Fantommvy%2Fpublic_html%2Fwp-includes%2Fblocks%2Fcomment-content HTTP/1.1" 200 2026 "-" "Mozilla/5.0 (Linux; Android 6.0.1; Nexus 5X Build/MMB29P) AppleWebKit/537.36 (KHTML, like Gecko) Chrome/129.0.6668.89 Mobile Safari/537.36 (compatible; Googlebot/2.1; +http://www.google.com/bot.html)"
54.36.148.220 - - [17/Oct/2024:08:28:39 -0400] "GET /classwithtostring.php?path=/home/antommvy/public_html&upload=gaskan HTTP/1.1" 200 3375 "-" "Mozilla/5.0 (compatible; AhrefsBot/7.0; +http://ahrefs.com/robot/)"
66.249.72.34 - - [17/Oct/2024:08:32:08 -0400] "GET /hehehehehe.php?dir=%2Fhome%2Fantommvy%2Fpublic_html%2Fwp-includes%2Fblocks%2Fquery-pagination-next HTTP/1.1" 200 1883 "-" "Mozilla/5.0 (Linux; Android 6.0.1; Nexus 5X Build/MMB29P) AppleWebKit/537.36 (KHTML, like Gecko) Chrome/129.0.6668.89 Mobile Safari/537.36 (compatible; Googlebot/2.1; +http://www.google.com/bot.html)"
54.36.148.164 - - [17/Oct/2024:08:34:28 -0400] "GET /hehehehehe.php?dir= HTTP/1.1" 200 3457 "-" "Mozilla/5.0 (compatible; AhrefsBot/7.0; +http://ahrefs.com/robot/)"
66.249.72.33 - - [17/Oct/2024:08:36:20 -0400] "GET /hehehehehe.php?dir=%2Fhome%2Fantommvy%2Fpublic_html%2Fwp-includes%2Fblocks%2Fsite-title HTTP/1.1" 200 2167 "-" "Mozilla/5.0 (Linux; Android 6.0.1; Nexus 5X Build/MMB29P) AppleWebKit/537.36 (KHTML, like Gecko) Chrome/129.0.6668.89 Mobile Safari/537.36 (compatible; Googlebot/2.1; +http://www.google.com/bot.html)"
66.249.75.129 - - [17/Oct/2024:08:36:45 -0400] "GET /VaV7TYGh HTTP/1.1" 404 1251 "-" "Mozilla/5.0 (Linux; Android 6.0.1; Nexus 5X Build/MMB29P) AppleWebKit/537.36 (KHTML, like Gecko) Chrome/129.0.6668.89 Mobile Safari/537.36 (compatible; Googlebot/2.1; +http://www.google.com/bot.html)"
54.36.149.78 - - [17/Oct/2024:08:37:10 -0400] "GET /hehehehehe.php?dir=%2Fhome%2Fantommvy HTTP/1.1" 200 4334 "-" "Mozilla/5.0 (compatible; AhrefsBot/7.0; +http://ahrefs.com/robot/)"
54.36.148.69 - - [17/Oct/2024:08:46:30 -0400] "GET /wp-includes/class-IXR.php HTTP/1.1" 500 0 "-" "Mozilla/5.0 (compatible; AhrefsBot/7.0; +http://ahrefs.com/robot/)"
66.249.75.129 - - [17/Oct/2024:08:47:21 -0400] "GET /93ZwdbFGut HTTP/1.1" 404 1251 "-" "Mozilla/5.0 (Linux; Android 6.0.1; Nexus 5X Build/MMB29P) AppleWebKit/537.36 (KHTML, like Gecko) Chrome/129.0.6668.89 Mobile Safari/537.36 (compatible; Googlebot/2.1; +http://www.google.com/bot.html)"
54.36.149.18 - - [17/Oct/2024:08:47:44 -0400] "GET /wp-includes/class-oembed.php HTTP/1.1" 500 0 "-" "Mozilla/5.0 (compatible; AhrefsBot/7.0; +http://ahrefs.com/robot/)"
66.249.72.34 - - [17/Oct/2024:08:50:16 -0400] "GET /hehehehehe.php?dir=%2Fhome%2Fantommvy%2Fpublic_html%2Fwp-includes%2Fblocks%2Fquery-pagination-previous HTTP/1.1" 200 1878 "-" "Mozilla/5.0 (Linux; Android 6.0.1; Nexus 5X Build/MMB29P) AppleWebKit/537.36 (KHTML, like Gecko) Chrome/129.0.6668.89 Mobile Safari/537.36 (compatible; Googlebot/2.1; +http://www.google.com/bot.html)"
54.36.148.253 - - [17/Oct/2024:08:50:40 -0400] "GET /wp-includes/class-phpmailer.php HTTP/1.1" 200 0 "-" "Mozilla/5.0 (compatible; AhrefsBot/7.0; +http://ahrefs.com/robot/)"
66.249.72.34 - - [17/Oct/2024:08:52:24 -0400] "GET /hehehehehe.php?dir=%2Fhome%2Fantommvy%2Fpublic_html%2Fwp-includes%2FRequests%2Fsrc%2FException%2FTransport HTTP/1.1" 200 1881 "-" "Mozilla/5.0 (Linux; Android 6.0.1; Nexus 5X Build/MMB29P) AppleWebKit/537.36 (KHTML, like Gecko) Chrome/129.0.6668.89 Mobile Safari/537.36 (compatible; Googlebot/2.1; +http://www.google.com/bot.html)"
66.249.72.33 - - [17/Oct/2024:08:53:27 -0400] "GET /hehehehehe.php?dir=%2Fhome%2Fantommvy%2Fwww%2Fwp-includes%2Fjs%2Fcodemirror HTTP/1.1" 200 2184 "-" "Mozilla/5.0 (Linux; Android 6.0.1; Nexus 5X Build/MMB29P) AppleWebKit/537.36 (KHTML, like Gecko) Chrome/129.0.6668.89 Mobile Safari/537.36 (compatible; Googlebot/2.1; +http://www.google.com/bot.html)"
54.36.149.27 - - [17/Oct/2024:08:56:27 -0400] "GET /wp-includes/class-simplepie.php HTTP/1.1" 500 0 "-" "Mozilla/5.0 (compatible; AhrefsBot/7.0; +http://ahrefs.com/robot/)"
66.249.72.32 - - [17/Oct/2024:09:00:17 -0400] "GET /hehehehehe.php?dir=%2Fhome%2Fantommvy%2Fpublic_html%2Fwp-includes%2Fblocks%2Fcomment-edit-link HTTP/1.1" 200 1874 "-" "Mozilla/5.0 (Linux; Android 6.0.1; Nexus 5X Build/MMB29P) AppleWebKit/537.36 (KHTML, like Gecko) Chrome/129.0.6668.89 Mobile Safari/537.36 (compatible; Googlebot/2.1; +http://www.google.com/bot.html)"
66.249.72.32 - - [17/Oct/2024:08:57:31 -0400] "GET /hehehehehe.php?dir=%2Fhome%2Fantommvy%2Fpublic_html%2Fwp-includes%2Fblocks%2Fquery-no-results HTTP/1.1" 200 1871 "-" "Mozilla/5.0 (Linux; Android 6.0.1; Nexus 5X Build/MMB29P) AppleWebKit/537.36 (KHTML, like Gecko) Chrome/129.0.6668.89 Mobile Safari/537.36 (compatible; Googlebot/2.1; +http://www.google.com/bot.html)"
54.36.149.6 - - [17/Oct/2024:09:02:13 -0400] "GET /wp-includes/class-smtp.php HTTP/1.1" 500 0 "-" "Mozilla/5.0 (compatible; AhrefsBot/7.0; +http://ahrefs.com/robot/)"
40.77.167.22 - - [17/Oct/2024:09:07:54 -0400] "GET /jkeDDI8Q HTTP/1.1" 404 1251 "-" "Mozilla/5.0 AppleWebKit/537.36 (KHTML, like Gecko; compatible; bingbot/2.0; +http://www.bing.com/bingbot.htm) Chrome/116.0.1938.76 Safari/537.36"
178.128.223.220 - - [17/Oct/2024:09:08:57 -0400] "GET /wp-content/uploads/2018/07/Heating-1-e1536324399627-400x500.jpg HTTP/1.1" 200 23961 "-" "Mozilla/5.0 (iPhone; CPU iPhone OS 17_2 like Mac OS X) AppleWebKit/605.1.15 (KHTML, like Gecko) EdgiOS/121.0.2277.99 Version/17.0 Mobile/15E148 Safari/604.1"
51.8.102.111 - - [17/Oct/2024:09:11:31 -0400] "GET /robots.txt HTTP/1.1" 404 1251 "-" "Mozilla/5.0 AppleWebKit/537.36 (KHTML, like Gecko); compatible; OAI-SearchBot/1.0; +https://openai.com/searchbot"
66.249.72.34 - - [17/Oct/2024:09:04:14 -0400] "GET /hehehehehe.php?dir=%2Fhome%2Fantommvy%2Fpublic_html%2Fwp-includes%2Fblocks%2Fshortcode HTTP/1.1" 200 2029 "-" "Mozilla/5.0 (Linux; Android 6.0.1; Nexus 5X Build/MMB29P) AppleWebKit/537.36 (KHTML, like Gecko) Chrome/129.0.6668.89 Mobile Safari/537.36 (compatible; Googlebot/2.1; +http://www.google.com/bot.html)"
66.249.72.34 - - [17/Oct/2024:09:08:59 -0400] "GET /hehehehehe.php?dir=%2Fhome%2Fantommvy%2Fpublic_html%2Fwp-includes%2Fblocks%2Ffreeform HTTP/1.1" 200 2035 "-" "Mozilla/5.0 (Linux; Android 6.0.1; Nexus 5X Build/MMB29P) AppleWebKit/537.36 (KHTML, like Gecko) Chrome/129.0.6668.89 Mobile Safari/537.36 (compatible; Googlebot/2.1; +http://www.google.com/bot.html)"
66.249.72.33 - - [17/Oct/2024:09:13:10 -0400] "GET /hehehehehe.php?dir=%2Fhome%2Fantommvy%2Fpublic_html%2Fwp-includes%2Fblocks%2Fpattern HTTP/1.1" 200 1868 "-" "Mozilla/5.0 (Linux; Android 6.0.1; Nexus 5X Build/MMB29P) AppleWebKit/537.36 (KHTML, like Gecko) Chrome/129.0.6668.89 Mobile Safari/537.36 (compatible; Googlebot/2.1; +http://www.google.com/bot.html)"
188.74.124.112 - - [17/Oct/2024:09:15:27 -0400] "GET / HTTP/1.1" 200 1764 "https://www.google.com/" "Mozilla/5.0 (Macintosh; Intel Mac OS X 10_15_7) AppleWebKit/537.36 (KHTML, like Gecko) Chrome/129.0.0.0 Safari/537.36"
23.80.140.12 - - [17/Oct/2024:09:19:29 -0400] "GET /wp-admin/install.php HTTP/1.1" 200 4094 "http://antonplumbing.co.uk/wp-trackback.php" "Mozilla/5.0 (Macintosh; Intel Mac OS X 12_5) AppleWebKit/537.36 (KHTML, like Gecko) Chrome/114.0.0.0 Safari/537.36"
23.80.140.12 - - [17/Oct/2024:09:20:05 -0400] "GET /wp-admin/install.php HTTP/1.1" 200 4094 "http://antonplumbing.co.uk/wp-mail.php" "Mozilla/5.0 (Macintosh; Intel Mac OS X 12_5) AppleWebKit/537.36 (KHTML, like Gecko) Chrome/114.0.0.0 Safari/537.36"
23.80.140.12 - - [17/Oct/2024:09:20:21 -0400] "GET /wp-admin/install.php HTTP/1.1" 200 4094 "http://antonplumbing.co.uk/wp-admin/" "Mozilla/5.0 (Macintosh; Intel Mac OS X 12_5) AppleWebKit/537.36 (KHTML, like Gecko) Chrome/114.0.0.0 Safari/537.36"
23.80.140.12 - - [17/Oct/2024:09:20:38 -0400] "GET /wp-admin/install.php HTTP/1.1" 200 4094 "http://antonplumbing.co.uk/wp-login.php" "Mozilla/5.0 (Macintosh; Intel Mac OS X 12_5) AppleWebKit/537.36 (KHTML, like Gecko) Chrome/114.0.0.0 Safari/537.36"
66.249.72.32 - - [17/Oct/2024:09:23:34 -0400] "GET /hehehehehe.php?dir=%2Fhome%2Fantommvy%2Fpublic_html%2Fwp-includes%2Fblocks%2Fbutton HTTP/1.1" 200 2188 "-" "Mozilla/5.0 (Linux; Android 6.0.1; Nexus 5X Build/MMB29P) AppleWebKit/537.36 (KHTML, like Gecko) Chrome/129.0.6668.89 Mobile Safari/537.36 (compatible; Googlebot/2.1; +http://www.google.com/bot.html)"
54.36.148.114 - - [17/Oct/2024:09:13:39 -0400] "GET /wp-includes/class-walker-category.php HTTP/1.1" 500 0 "-" "Mozilla/5.0 (compatible; AhrefsBot/7.0; +http://ahrefs.com/robot/)"
66.249.72.32 - - [17/Oct/2024:09:17:18 -0400] "GET /hehehehehe.php?dir=%2Fhome%2Fantommvy%2Fpublic_html%2Fwp-includes%2Fblocks%2Fsocial-link HTTP/1.1" 200 2025 "-" "Mozilla/5.0 (Linux; Android 6.0.1; Nexus 5X Build/MMB29P) AppleWebKit/537.36 (KHTML, like Gecko) Chrome/129.0.6668.89 Mobile Safari/537.36 (compatible; Googlebot/2.1; +http://www.google.com/bot.html)"
66.249.72.32 - - [17/Oct/2024:09:17:18 -0400] "GET /hehehehehe.php?dir=%2Fhome%2Fantommvy%2Fpublic_html%2Fwp-includes%2Fblocks%2Fcomments-pagination-previous HTTP/1.1" 200 1853 "-" "Mozilla/5.0 (Linux; Android 6.0.1; Nexus 5X Build/MMB29P) AppleWebKit/537.36 (KHTML, like Gecko) Chrome/129.0.6668.89 Mobile Safari/537.36 (compatible; Googlebot/2.1; +http://www.google.com/bot.html)"
66.249.75.129 - - [17/Oct/2024:09:17:20 -0400] "GET /NQTqonoHac7t HTTP/1.1" 404 1251 "-" "Mozilla/5.0 (Linux; Android 6.0.1; Nexus 5X Build/MMB29P) AppleWebKit/537.36 (KHTML, like Gecko) Chrome/129.0.6668.89 Mobile Safari/537.36 (compatible; Googlebot/2.1; +http://www.google.com/bot.html)"
23.80.140.12 - - [17/Oct/2024:09:19:11 -0400] "GET /wp-admin/install.php HTTP/1.1" 200 4094 "http://antonplumbing.co.uk/xmlrpc.php" "Mozilla/5.0 (Macintosh; Intel Mac OS X 12_5) AppleWebKit/537.36 (KHTML, like Gecko) Chrome/114.0.0.0 Safari/537.36"
66.249.75.130 - - [17/Oct/2024:09:19:45 -0400] "GET /zH4GQ7pimvL2NXL HTTP/1.1" 404 1251 "-" "Mozilla/5.0 (Linux; Android 6.0.1; Nexus 5X Build/MMB29P) AppleWebKit/537.36 (KHTML, like Gecko) Chrome/129.0.6668.89 Mobile Safari/537.36 (compatible; Googlebot/2.1; +http://www.google.com/bot.html)"
23.80.140.12 - - [17/Oct/2024:09:19:46 -0400] "GET /wp-admin/install.php HTTP/1.1" 200 4094 "http://antonplumbing.co.uk/wp-signup.php" "Mozilla/5.0 (Macintosh; Intel Mac OS X 12_5) AppleWebKit/537.36 (KHTML, like Gecko) Chrome/114.0.0.0 Safari/537.36"
66.249.72.32 - - [17/Oct/2024:09:20:28 -0400] "GET /hehehehehe.php?dir=%2Fhome%2Fantommvy%2Fpublic_html%2Fwp-includes%2Fblocks%2Frss HTTP/1.1" 200 2159 "-" "Mozilla/5.0 (Linux; Android 6.0.1; Nexus 5X Build/MMB29P) AppleWebKit/537.36 (KHTML, like Gecko) Chrome/129.0.6668.89 Mobile Safari/537.36 (compatible; Googlebot/2.1; +http://www.google.com/bot.html)"
23.80.140.12 - - [17/Oct/2024:09:20:55 -0400] "GET /wp-admin/install.php HTTP/1.1" 200 4094 "http://antonplumbing.co.uk/wp-load.php" "Mozilla/5.0 (Macintosh; Intel Mac OS X 12_5) AppleWebKit/537.36 (KHTML, like Gecko) Chrome/114.0.0.0 Safari/537.36"
66.249.72.32 - - [17/Oct/2024:09:22:34 -0400] "GET /hehehehehe.php?dir=%2Fhome%2Fantommvy%2Fpublic_html%2Fwp-includes%2Fjs%2Fcodemirror HTTP/1.1" 200 2192 "-" "Mozilla/5.0 (Linux; Android 6.0.1; Nexus 5X Build/MMB29P) AppleWebKit/537.36 (KHTML, like Gecko) Chrome/129.0.6668.89 Mobile Safari/537.36 (compatible; Googlebot/2.1; +http://www.google.com/bot.html)"
66.249.72.33 - - [17/Oct/2024:09:25:42 -0400] "GET /hehehehehe.php?dir=%2Fhome%2Fantommvy%2Fpublic_html%2Fwp-includes%2Fcss%2Fdist%2Fblock-directory HTTP/1.1" 200 2005 "-" "Mozilla/5.0 (Linux; Android 6.0.1; Nexus 5X Build/MMB29P) AppleWebKit/537.36 (KHTML, like Gecko) Chrome/129.0.6668.89 Mobile Safari/537.36 (compatible; Googlebot/2.1; +http://www.google.com/bot.html)"
52.169.191.35 - - [17/Oct/2024:09:28:59 -0400] "GET /wp-admin/install.php HTTP/1.1" 200 13863 "-" "-"
52.169.191.35 - - [17/Oct/2024:09:29:15 -0400] "GET /wp-admin/install.php HTTP/1.1" 200 13863 "-" "-"
52.169.191.35 - - [17/Oct/2024:09:29:30 -0400] "GET /wp-admin/install.php HTTP/1.1" 200 13863 "-" "-"
66.249.72.34 - - [17/Oct/2024:09:29:59 -0400] "GET /hehehehehe.php?dir=%2Fhome%2Fantommvy%2Fpublic_html%2Fwp-includes%2Fblocks%2Fpost-title HTTP/1.1" 200 2038 "-" "Mozilla/5.0 (Linux; Android 6.0.1; Nexus 5X Build/MMB29P) AppleWebKit/537.36 (KHTML, like Gecko) Chrome/129.0.6668.89 Mobile Safari/537.36 (compatible; Googlebot/2.1; +http://www.google.com/bot.html)"
66.249.72.34 - - [17/Oct/2024:09:29:59 -0400] "GET /hehehehehe.php?dir=%2Fhome%2Fantommvy%2Fwww%2Fwp-includes%2Fhtml-api HTTP/1.1" 200 2449 "-" "Mozilla/5.0 (Linux; Android 6.0.1; Nexus 5X Build/MMB29P) AppleWebKit/537.36 (KHTML, like Gecko) Chrome/129.0.6668.89 Mobile Safari/537.36 (compatible; Googlebot/2.1; +http://www.google.com/bot.html)"
52.169.191.35 - - [17/Oct/2024:09:30:01 -0400] "GET /wp-admin/install.php HTTP/1.1" 200 13863 "-" "-"
52.169.191.35 - - [17/Oct/2024:09:30:17 -0400] "GET /wp-admin/install.php HTTP/1.1" 200 13863 "-" "-"
52.169.191.35 - - [17/Oct/2024:09:30:33 -0400] "GET /wp-admin/install.php HTTP/1.1" 200 13863 "-" "-"
52.169.191.35 - - [17/Oct/2024:09:30:49 -0400] "GET /wp-admin/install.php HTTP/1.1" 200 13863 "-" "-"
66.249.72.32 - - [17/Oct/2024:09:32:07 -0400] "GET /hehehehehe.php?dir=%2Fhome%2Fantommvy%2Fpublic_html%2Fwp-includes%2Fblocks%2Fcomments-pagination-numbers HTTP/1.1" 200 2041 "-" "Mozilla/5.0 (Linux; Android 6.0.1; Nexus 5X Build/MMB29P) AppleWebKit/537.36 (KHTML, like Gecko) Chrome/129.0.6668.89 Mobile Safari/537.36 (compatible; Googlebot/2.1; +http://www.google.com/bot.html)"
54.36.148.231 - - [17/Oct/2024:09:36:34 -0400] "GET /wp-includes/class-walker-page.php HTTP/1.1" 500 0 "-" "Mozilla/5.0 (compatible; AhrefsBot/7.0; +http://ahrefs.com/robot/)"
52.169.191.35 - - [17/Oct/2024:09:29:45 -0400] "GET /wp-admin/install.php HTTP/1.1" 200 13863 "-" "-"
66.249.72.32 - - [17/Oct/2024:09:29:59 -0400] "GET /hehehehehe.php?dir=%2Fhome%2Fantommvy%2Fwww%2Fwp-includes%2Fblocks%2Fimage HTTP/1.1" 200 2478 "-" "Mozilla/5.0 (Linux; Android 6.0.1; Nexus 5X Build/MMB29P) AppleWebKit/537.36 (KHTML, like Gecko) Chrome/129.0.6668.89 Mobile Safari/537.36 (compatible; Googlebot/2.1; +http://www.google.com/bot.html)"
52.169.191.35 - - [17/Oct/2024:09:31:07 -0400] "GET /wp-admin/install.php HTTP/1.1" 200 13863 "-" "-"
66.249.72.32 - - [17/Oct/2024:09:36:21 -0400] "GET /hehehehehe.php?dir=%2Fhome%2Fantommvy%2Fpublic_html%2Fwp-includes%2Fblocks%2Fquery-pagination-numbers HTTP/1.1" 200 2056 "-" "Mozilla/5.0 (Linux; Android 6.0.1; Nexus 5X Build/MMB29P) AppleWebKit/537.36 (KHTML, like Gecko) Chrome/129.0.6668.89 Mobile Safari/537.36 (compatible; Googlebot/2.1; +http://www.google.com/bot.html)"
114.119.132.18 - - [17/Oct/2024:09:46:03 -0400] "GET / HTTP/1.1" 200 2070 "https://www.antonplumbing.co.uk/project/bathroom-renovation-in-trowbridge" "Mozilla/5.0 (Linux; Android 7.0;) AppleWebKit/537.36 (KHTML, like Gecko) Mobile Safari/537.36 (compatible; PetalBot;+https://webmaster.petalsearch.com/site/petalbot)"
66.249.72.33 - - [17/Oct/2024:09:49:12 -0400] "GET /hehehehehe.php?dir=%2Fhome%2Fantommvy%2Fpublic_html%2Fwp-includes%2Fblocks%2Fpost-template HTTP/1.1" 200 2212 "-" "Mozilla/5.0 (Linux; Android 6.0.1; Nexus 5X Build/MMB29P) AppleWebKit/537.36 (KHTML, like Gecko) Chrome/129.0.6668.89 Mobile Safari/537.36 (compatible; Googlebot/2.1; +http://www.google.com/bot.html)"
66.249.72.34 - - [17/Oct/2024:09:51:16 -0400] "GET /hehehehehe.php?dir=%2Fhome%2Fantommvy%2Fpublic_html%2Fwp-includes%2Fblocks%2Fcode HTTP/1.1" 200 2313 "-" "Mozilla/5.0 (Linux; Android 6.0.1; Nexus 5X Build/MMB29P) AppleWebKit/537.36 (KHTML, like Gecko) Chrome/129.0.6668.89 Mobile Safari/537.36 (compatible; Googlebot/2.1; +http://www.google.com/bot.html)"
120.241.153.30 - - [17/Oct/2024:09:53:20 -0400] "GET /wp-content/uploads/2019/04/IMG_0269-400x500.jpeg HTTP/1.1" 200 36487 "-" "Mozilla/5.0 (Windows NT 10.0; Win64; x64) AppleWebKit/537.36 (KHTML, like Gecko) Chrome/103.0.0.0 Safari/537.36"
66.249.72.33 - - [17/Oct/2024:09:56:32 -0400] "GET /hehehehehe.php?dir=%2Fhome%2Fantommvy%2Fpublic_html%2Fwp-includes%2Fblocks%2Fembed HTTP/1.1" 200 2316 "-" "Mozilla/5.0 (Linux; Android 6.0.1; Nexus 5X Build/MMB29P) AppleWebKit/537.36 (KHTML, like Gecko) Chrome/129.0.6668.89 Mobile Safari/537.36 (compatible; Googlebot/2.1; +http://www.google.com/bot.html)"
207.46.13.78 - - [17/Oct/2024:09:45:34 -0400] "GET /about-us/ HTTP/1.1" 404 1251 "-" "Mozilla/5.0 AppleWebKit/537.36 (KHTML, like Gecko; compatible; bingbot/2.0; +http://www.bing.com/bingbot.htm) Chrome/116.0.1938.76 Safari/537.36"
66.249.75.130 - - [17/Oct/2024:09:51:16 -0400] "GET /testimonial/new-glow-worm-boiler-installation/ HTTP/1.1" 404 1251 "-" "Mozilla/5.0 (Linux; Android 6.0.1; Nexus 5X Build/MMB29P) AppleWebKit/537.36 (KHTML, like Gecko) Chrome/129.0.6668.89 Mobile Safari/537.36 (compatible; Googlebot/2.1; +http://www.google.com/bot.html)"
66.249.72.32 - - [17/Oct/2024:09:59:46 -0400] "GET /hehehehehe.php?dir=%2Fhome%2Fantommvy%2Fpublic_html%2Fwp-includes%2Fblocks%2Floginout HTTP/1.1" 200 1865 "-" "Mozilla/5.0 (Linux; Android 6.0.1; Nexus 5X Build/MMB29P) AppleWebKit/537.36 (KHTML, like Gecko) Chrome/129.0.6668.89 Mobile Safari/537.36 (compatible; Googlebot/2.1; +http://www.google.com/bot.html)"
66.249.72.32 - - [17/Oct/2024:10:05:57 -0400] "GET /hehehehehe.php?dir=%2Fhome%2Fantommvy%2Fpublic_html%2Fwp-includes%2Fblocks%2Fpage-list HTTP/1.1" 200 2167 "-" "Mozilla/5.0 (Linux; Android 6.0.1; Nexus 5X Build/MMB29P) AppleWebKit/537.36 (KHTML, like Gecko) Chrome/129.0.6668.89 Mobile Safari/537.36 (compatible; Googlebot/2.1; +http://www.google.com/bot.html)"
209.163.119.108 - - [17/Oct/2024:10:08:42 -0400] "GET /wp-admin/install.php HTTP/1.1" 200 4129 "https://www.antonplumbing.co.uk/wp-admin/" "Mozilla/5.0 (Macintosh; Intel Mac OS X 12_5) AppleWebKit/537.36 (KHTML, like Gecko) Chrome/114.0.0.0 Safari/537.36"
209.163.119.108 - - [17/Oct/2024:10:08:57 -0400] "GET /readme.html HTTP/1.1" 200 2656 "https://www.antonplumbing.co.uk/" "Mozilla/5.0 (Macintosh; Intel Mac OS X 12_5) AppleWebKit/537.36 (KHTML, like Gecko) Chrome/114.0.0.0 Safari/537.36"
209.163.119.108 - - [17/Oct/2024:10:08:58 -0400] "GET /wp-blog-header.php HTTP/1.1" 302 0 "https://www.antonplumbing.co.uk/" "Mozilla/5.0 (Macintosh; Intel Mac OS X 12_5) AppleWebKit/537.36 (KHTML, like Gecko) Chrome/114.0.0.0 Safari/537.36"
209.163.119.108 - - [17/Oct/2024:10:09:01 -0400] "GET /wp-admin/install.php HTTP/1.1" 200 4129 "https://www.antonplumbing.co.uk/wp-blog-header.php" "Mozilla/5.0 (Macintosh; Intel Mac OS X 12_5) AppleWebKit/537.36 (KHTML, like Gecko) Chrome/114.0.0.0 Safari/537.36"
209.163.119.108 - - [17/Oct/2024:10:09:15 -0400] "GET /wp-load.php HTTP/1.1" 302 0 "https://www.antonplumbing.co.uk/" "Mozilla/5.0 (Macintosh; Intel Mac OS X 12_5) AppleWebKit/537.36 (KHTML, like Gecko) Chrome/114.0.0.0 Safari/537.36"
66.249.72.32 - - [17/Oct/2024:10:18:23 -0400] "GET /hehehehehe.php?dir=%2Fhome%2Fantommvy%2Fpublic_html%2Fwp-includes%2Fblocks%2Fpage-list-item HTTP/1.1" 200 1873 "-" "Mozilla/5.0 (Linux; Android 6.0.1; Nexus 5X Build/MMB29P) AppleWebKit/537.36 (KHTML, like Gecko) Chrome/129.0.6668.89 Mobile Safari/537.36 (compatible; Googlebot/2.1; +http://www.google.com/bot.html)"
209.163.119.108 - - [17/Oct/2024:10:08:37 -0400] "GET / HTTP/1.1" 200 1764 "-" "Mozilla/5.0 (Macintosh; Intel Mac OS X 12_5) AppleWebKit/537.36 (KHTML, like Gecko) Chrome/114.0.0.0 Safari/537.36"
209.163.119.108 - - [17/Oct/2024:10:08:38 -0400] "GET /wp-admin/ HTTP/1.1" 302 0 "https://www.antonplumbing.co.uk/" "Mozilla/5.0 (Macintosh; Intel Mac OS X 12_5) AppleWebKit/537.36 (KHTML, like Gecko) Chrome/114.0.0.0 Safari/537.36"
209.163.119.108 - - [17/Oct/2024:10:09:18 -0400] "GET /wp-admin/install.php HTTP/1.1" 200 4129 "https://www.antonplumbing.co.uk/wp-load.php" "Mozilla/5.0 (Macintosh; Intel Mac OS X 12_5) AppleWebKit/537.36 (KHTML, like Gecko) Chrome/114.0.0.0 Safari/537.36"
66.249.72.33 - - [17/Oct/2024:10:17:17 -0400] "GET /robots.txt HTTP/1.1" 404 1251 "-" "Mozilla/5.0 (compatible; Googlebot/2.1; +http://www.google.com/bot.html)"
66.249.72.34 - - [17/Oct/2024:10:17:17 -0400] "GET /hehehehehe.php?dir=%2Fhome%2Fantommvy%2Fpublic_html%2Fwp-includes%2Fblocks%2Ftemplate-part HTTP/1.1" 200 2170 "-" "Mozilla/5.0 (Linux; Android 6.0.1; Nexus 5X Build/MMB29P) AppleWebKit/537.36 (KHTML, like Gecko) Chrome/129.0.6668.89 Mobile Safari/537.36 (compatible; Googlebot/2.1; +http://www.google.com/bot.html)"
66.249.72.34 - - [17/Oct/2024:10:20:33 -0400] "GET /hehehehehe.php?dir=%2Fhome%2Fantommvy%2Fpublic_html%2Fwp-includes%2Fblocks%2Fcover HTTP/1.1" 200 2171 "-" "Mozilla/5.0 (Linux; Android 6.0.1; Nexus 5X Build/MMB29P) AppleWebKit/537.36 (KHTML, like Gecko) Chrome/129.0.6668.89 Mobile Safari/537.36 (compatible; Googlebot/2.1; +http://www.google.com/bot.html)"
66.249.75.129 - - [17/Oct/2024:10:25:06 -0400] "GET /uWUb8PjwjpR HTTP/1.1" 404 1251 "-" "Mozilla/5.0 (Linux; Android 6.0.1; Nexus 5X Build/MMB29P) AppleWebKit/537.36 (KHTML, like Gecko) Chrome/129.0.6668.89 Mobile Safari/537.36 (compatible; Googlebot/2.1; +http://www.google.com/bot.html)"
66.249.75.129 - - [17/Oct/2024:10:25:21 -0400] "GET /feed/ HTTP/1.1" 404 1251 "-" "Mozilla/5.0 (compatible; Googlebot/2.1; +http://www.google.com/bot.html)"
66.249.72.32 - - [17/Oct/2024:10:26:43 -0400] "GET /hehehehehe.php?dir=%2Fhome%2Fantommvy%2Fwww%2Fwp-includes%2Fblocks%2Faudio HTTP/1.1" 200 2301 "-" "Mozilla/5.0 (Linux; Android 6.0.1; Nexus 5X Build/MMB29P) AppleWebKit/537.36 (KHTML, like Gecko) Chrome/129.0.6668.89 Mobile Safari/537.36 (compatible; Googlebot/2.1; +http://www.google.com/bot.html)"
66.249.72.34 - - [17/Oct/2024:10:31:58 -0400] "GET /hehehehehe.php?dir=%2Fhome%2Fantommvy%2Fwww%2Fwp-includes%2Fblocks%2Fpost-author-biography HTTP/1.1" 200 1880 "-" "Mozilla/5.0 (Linux; Android 6.0.1; Nexus 5X Build/MMB29P) AppleWebKit/537.36 (KHTML, like Gecko) Chrome/129.0.6668.89 Mobile Safari/537.36 (compatible; Googlebot/2.1; +http://www.google.com/bot.html)"
66.249.72.32 - - [17/Oct/2024:10:33:00 -0400] "GET /hehehehehe.php?dir=%2Fhome%2Fantommvy%2Fpublic_html%2Fwp-admin%2Fcss%2Fcolors%2F582638 HTTP/1.1" 200 1877 "-" "Mozilla/5.0 (Linux; Android 6.0.1; Nexus 5X Build/MMB29P) AppleWebKit/537.36 (KHTML, like Gecko) Chrome/129.0.6668.89 Mobile Safari/537.36 (compatible; Googlebot/2.1; +http://www.google.com/bot.html)"
66.249.75.129 - - [17/Oct/2024:10:20:40 -0400] "GET / HTTP/1.1" 200 1764 "-" "Mozilla/5.0 (compatible; Googlebot/2.1; +http://www.google.com/bot.html)"
66.249.72.32 - - [17/Oct/2024:10:30:56 -0400] "GET /hehehehehe.php?dir=%2Fhome%2Fantommvy%2Fpublic_html%2Fwp-includes%2Fcss%2Fdist%2Fcustomize-widgets HTTP/1.1" 200 1999 "-" "Mozilla/5.0 (Linux; Android 6.0.1; Nexus 5X Build/MMB29P) AppleWebKit/537.36 (KHTML, like Gecko) Chrome/129.0.6668.89 Mobile Safari/537.36 (compatible; Googlebot/2.1; +http://www.google.com/bot.html)"
54.36.149.85 - - [17/Oct/2024:10:33:17 -0400] "GET /classwithtostring.php?fileloc=/home/antommvy/public_html/.htaccess&path=/home/antommvy/public_html HTTP/1.1" 403 1242 "-" "Mozilla/5.0 (compatible; AhrefsBot/7.0; +http://ahrefs.com/robot/)"
66.249.75.130 - - [17/Oct/2024:10:34:12 -0400] "GET /vLmxO6EIyqz HTTP/1.1" 404 1251 "-" "Mozilla/5.0 (Linux; Android 6.0.1; Nexus 5X Build/MMB29P) AppleWebKit/537.36 (KHTML, like Gecko) Chrome/129.0.6668.89 Mobile Safari/537.36 (compatible; Googlebot/2.1; +http://www.google.com/bot.html)"
66.249.72.34 - - [17/Oct/2024:10:36:41 -0400] "GET /WUGRrGECIUp2gf2 HTTP/1.1" 404 1251 "-" "Mozilla/5.0 (Linux; Android 6.0.1; Nexus 5X Build/MMB29P) AppleWebKit/537.36 (KHTML, like Gecko) Chrome/129.0.6668.89 Mobile Safari/537.36 (compatible; Googlebot/2.1; +http://www.google.com/bot.html)"
157.55.39.7 - - [17/Oct/2024:10:39:49 -0400] "GET /about-us/ HTTP/1.1" 404 1251 "-" "Mozilla/5.0 AppleWebKit/537.36 (KHTML, like Gecko; compatible; bingbot/2.0; +http://www.bing.com/bingbot.htm) Chrome/116.0.1938.76 Safari/537.36"
66.249.72.34 - - [17/Oct/2024:10:43:55 -0400] "GET /hehehehehe.php?dir=%2Fhome%2Fantommvy%2Fwww%2Fwp-includes%2Fblocks%2Fcategories HTTP/1.1" 200 2177 "-" "Mozilla/5.0 (Linux; Android 6.0.1; Nexus 5X Build/MMB29P) AppleWebKit/537.36 (KHTML, like Gecko) Chrome/129.0.6668.89 Mobile Safari/537.36 (compatible; Googlebot/2.1; +http://www.google.com/bot.html)"
149.40.52.193 - - [17/Oct/2024:10:47:50 -0400] "GET /?ND HTTP/1.1" 200 1762 "https://www.antonplumbing.co.uk/" "Mozilla/5.0 (Macintosh; Intel Mac OS X 12_5) AppleWebKit/537.36 (KHTML, like Gecko) Chrome/114.0.0.0 Safari/537.36"
149.40.52.193 - - [17/Oct/2024:10:47:51 -0400] "GET /xmlrpc.php HTTP/1.1" 302 0 "https://www.antonplumbing.co.uk/" "Mozilla/5.0 (Macintosh; Intel Mac OS X 12_5) AppleWebKit/537.36 (KHTML, like Gecko) Chrome/114.0.0.0 Safari/537.36"
149.40.52.193 - - [17/Oct/2024:10:48:07 -0400] "GET /?MA HTTP/1.1" 200 1752 "https://www.antonplumbing.co.uk/" "Mozilla/5.0 (Macintosh; Intel Mac OS X 12_5) AppleWebKit/537.36 (KHTML, like Gecko) Chrome/114.0.0.0 Safari/537.36"
149.40.52.193 - - [17/Oct/2024:10:48:08 -0400] "GET /wp-trackback.php HTTP/1.1" 302 0 "https://www.antonplumbing.co.uk/" "Mozilla/5.0 (Macintosh; Intel Mac OS X 12_5) AppleWebKit/537.36 (KHTML, like Gecko) Chrome/114.0.0.0 Safari/537.36"
149.40.52.193 - - [17/Oct/2024:10:48:25 -0400] "GET /wp-signup.php HTTP/1.1" 302 0 "https://www.antonplumbing.co.uk/" "Mozilla/5.0 (Macintosh; Intel Mac OS X 12_5) AppleWebKit/537.36 (KHTML, like Gecko) Chrome/114.0.0.0 Safari/537.36"
149.40.52.193 - - [17/Oct/2024:10:48:42 -0400] "GET /tmp/ HTTP/1.1" 200 0 "https://www.antonplumbing.co.uk/" "Mozilla/5.0 (Macintosh; Intel Mac OS X 12_5) AppleWebKit/537.36 (KHTML, like Gecko) Chrome/114.0.0.0 Safari/537.36"
149.40.52.193 - - [17/Oct/2024:10:48:42 -0400] "GET /wp-mail.php HTTP/1.1" 302 0 "https://www.antonplumbing.co.uk/" "Mozilla/5.0 (Macintosh; Intel Mac OS X 12_5) AppleWebKit/537.36 (KHTML, like Gecko) Chrome/114.0.0.0 Safari/537.36"
149.40.52.193 - - [17/Oct/2024:10:48:45 -0400] "GET /wp-admin/install.php HTTP/1.1" 200 4129 "https://www.antonplumbing.co.uk/wp-mail.php" "Mozilla/5.0 (Macintosh; Intel Mac OS X 12_5) AppleWebKit/537.36 (KHTML, like Gecko) Chrome/114.0.0.0 Safari/537.36"
66.249.72.34 - - [17/Oct/2024:10:49:06 -0400] "GET /hehehehehe.php?dir=%2Fhome%2Fantommvy%2Fwww%2Fwp-includes%2Fblocks%2Fpost-navigation-link HTTP/1.1" 200 2027 "-" "Mozilla/5.0 (Linux; Android 6.0.1; Nexus 5X Build/MMB29P) AppleWebKit/537.36 (KHTML, like Gecko) Chrome/129.0.6668.89 Mobile Safari/537.36 (compatible; Googlebot/2.1; +http://www.google.com/bot.html)"
149.40.52.193 - - [17/Oct/2024:10:49:15 -0400] "GET /wp-login.php HTTP/1.1" 302 0 "https://www.antonplumbing.co.uk/" "Mozilla/5.0 (Macintosh; Intel Mac OS X 12_5) AppleWebKit/537.36 (KHTML, like Gecko) Chrome/114.0.0.0 Safari/537.36"
149.40.52.193 - - [17/Oct/2024:10:49:18 -0400] "GET /wp-admin/install.php HTTP/1.1" 200 4129 "https://www.antonplumbing.co.uk/wp-login.php" "Mozilla/5.0 (Macintosh; Intel Mac OS X 12_5) AppleWebKit/537.36 (KHTML, like Gecko) Chrome/114.0.0.0 Safari/537.36"
149.40.52.193 - - [17/Oct/2024:10:49:51 -0400] "GET /wp-admin/install.php HTTP/1.1" 200 4129 "https://www.antonplumbing.co.uk/wp-links-opml.php" "Mozilla/5.0 (Macintosh; Intel Mac OS X 12_5) AppleWebKit/537.36 (KHTML, like Gecko) Chrome/114.0.0.0 Safari/537.36"
149.40.52.193 - - [17/Oct/2024:10:47:49 -0400] "GET /contact-us/ HTTP/1.1" 404 1251 "-" "Mozilla/5.0 (Macintosh; Intel Mac OS X 12_5) AppleWebKit/537.36 (KHTML, like Gecko) Chrome/114.0.0.0 Safari/537.36"
149.40.52.193 - - [17/Oct/2024:10:47:50 -0400] "GET / HTTP/1.1" 200 1748 "-" "Mozilla/5.0 (Macintosh; Intel Mac OS X 12_5) AppleWebKit/537.36 (KHTML, like Gecko) Chrome/114.0.0.0 Safari/537.36"
149.40.52.193 - - [17/Oct/2024:10:47:54 -0400] "GET /wp-admin/install.php HTTP/1.1" 200 4129 "https://www.antonplumbing.co.uk/xmlrpc.php" "Mozilla/5.0 (Macintosh; Intel Mac OS X 12_5) AppleWebKit/537.36 (KHTML, like Gecko) Chrome/114.0.0.0 Safari/537.36"
149.40.52.193 - - [17/Oct/2024:10:48:11 -0400] "GET /wp-admin/install.php HTTP/1.1" 200 4129 "https://www.antonplumbing.co.uk/wp-trackback.php" "Mozilla/5.0 (Macintosh; Intel Mac OS X 12_5) AppleWebKit/537.36 (KHTML, like Gecko) Chrome/114.0.0.0 Safari/537.36"
149.40.52.193 - - [17/Oct/2024:10:48:24 -0400] "GET /?SA HTTP/1.1" 200 1758 "https://www.antonplumbing.co.uk/" "Mozilla/5.0 (Macintosh; Intel Mac OS X 12_5) AppleWebKit/537.36 (KHTML, like Gecko) Chrome/114.0.0.0 Safari/537.36"
149.40.52.193 - - [17/Oct/2024:10:48:28 -0400] "GET /wp-admin/install.php HTTP/1.1" 200 4129 "https://www.antonplumbing.co.uk/wp-signup.php" "Mozilla/5.0 (Macintosh; Intel Mac OS X 12_5) AppleWebKit/537.36 (KHTML, like Gecko) Chrome/114.0.0.0 Safari/537.36"
149.40.52.193 - - [17/Oct/2024:10:48:41 -0400] "GET /fonts/ HTTP/1.1" 200 0 "https://www.antonplumbing.co.uk/" "Mozilla/5.0 (Macintosh; Intel Mac OS X 12_5) AppleWebKit/537.36 (KHTML, like Gecko) Chrome/114.0.0.0 Safari/537.36"
149.40.52.193 - - [17/Oct/2024:10:48:41 -0400] "GET /wp-settings.php HTTP/1.1" 500 0 "https://www.antonplumbing.co.uk/" "Mozilla/5.0 (Macintosh; Intel Mac OS X 12_5) AppleWebKit/537.36 (KHTML, like Gecko) Chrome/114.0.0.0 Safari/537.36"
149.40.52.193 - - [17/Oct/2024:10:48:59 -0400] "GET /wp-admin/ HTTP/1.1" 302 0 "https://www.antonplumbing.co.uk/" "Mozilla/5.0 (Macintosh; Intel Mac OS X 12_5) AppleWebKit/537.36 (KHTML, like Gecko) Chrome/114.0.0.0 Safari/537.36"
149.40.52.193 - - [17/Oct/2024:10:49:02 -0400] "GET /wp-admin/install.php HTTP/1.1" 200 4129 "https://www.antonplumbing.co.uk/wp-admin/" "Mozilla/5.0 (Macintosh; Intel Mac OS X 12_5) AppleWebKit/537.36 (KHTML, like Gecko) Chrome/114.0.0.0 Safari/537.36"
149.40.52.193 - - [17/Oct/2024:10:49:31 -0400] "GET /wp-content/ HTTP/1.1" 200 0 "https://www.antonplumbing.co.uk/" "Mozilla/5.0 (Macintosh; Intel Mac OS X 12_5) AppleWebKit/537.36 (KHTML, like Gecko) Chrome/114.0.0.0 Safari/537.36"
149.40.52.193 - - [17/Oct/2024:10:49:32 -0400] "GET /wp-load.php HTTP/1.1" 302 0 "https://www.antonplumbing.co.uk/" "Mozilla/5.0 (Macintosh; Intel Mac OS X 12_5) AppleWebKit/537.36 (KHTML, like Gecko) Chrome/114.0.0.0 Safari/537.36"
149.40.52.193 - - [17/Oct/2024:10:49:34 -0400] "GET /wp-admin/install.php HTTP/1.1" 200 4129 "https://www.antonplumbing.co.uk/wp-load.php" "Mozilla/5.0 (Macintosh; Intel Mac OS X 12_5) AppleWebKit/537.36 (KHTML, like Gecko) Chrome/114.0.0.0 Safari/537.36"
149.40.52.193 - - [17/Oct/2024:10:49:47 -0400] "GET /wp-includes/ HTTP/1.1" 200 6837 "https://www.antonplumbing.co.uk/" "Mozilla/5.0 (Macintosh; Intel Mac OS X 12_5) AppleWebKit/537.36 (KHTML, like Gecko) Chrome/114.0.0.0 Safari/537.36"
149.40.52.193 - - [17/Oct/2024:10:49:48 -0400] "GET /wp-links-opml.php HTTP/1.1" 302 0 "https://www.antonplumbing.co.uk/" "Mozilla/5.0 (Macintosh; Intel Mac OS X 12_5) AppleWebKit/537.36 (KHTML, like Gecko) Chrome/114.0.0.0 Safari/537.36"
66.249.72.34 - - [17/Oct/2024:10:54:33 -0400] "GET /hehehehehe.php?dir=%2Fhome%2Fantommvy%2Fwww%2Fwp-includes%2Fblocks%2Fspacer HTTP/1.1" 200 2152 "-" "Mozilla/5.0 (Linux; Android 6.0.1; Nexus 5X Build/MMB29P) AppleWebKit/537.36 (KHTML, like Gecko) Chrome/129.0.6668.89 Mobile Safari/537.36 (compatible; Googlebot/2.1; +http://www.google.com/bot.html)"
91.206.200.194 - - [17/Oct/2024:10:57:29 -0400] "GET /wp-admin/install.php HTTP/1.1" 200 0 "-" "Mozilla/5.0 (Windows NT 6.1; WOW64) AppleWebKit/537.36 (KHTML, like Gecko) Chrome/32.0.1700.107 Safari/537.36"
91.206.200.194 - - [17/Oct/2024:10:57:26 -0400] "POST /wp-login.php HTTP/1.1" 302 0 "-" "Mozilla/5.0 (Windows NT 10.0; Win64; x64) AppleWebKit/537.36 (KHTML, like Gecko) Chrome/62.0.3202.89 Safari/537.36"
66.249.72.33 - - [17/Oct/2024:10:58:12 -0400] "GET /hehehehehe.php?dir=%2Fhome%2Fantommvy%2Fwww%2Fwp-includes%2FRequests%2Fsrc%2FUtility HTTP/1.1" 200 2008 "-" "Mozilla/5.0 (Linux; Android 6.0.1; Nexus 5X Build/MMB29P) AppleWebKit/537.36 (KHTML, like Gecko) Chrome/129.0.6668.89 Mobile Safari/537.36 (compatible; Googlebot/2.1; +http://www.google.com/bot.html)"
66.249.72.32 - - [17/Oct/2024:11:07:19 -0400] "GET / HTTP/1.1" 200 1760 "-" "Mozilla/5.0 (compatible; Googlebot/2.1; +http://www.google.com/bot.html)"
66.249.72.34 - - [17/Oct/2024:11:08:53 -0400] "GET /hehehehehe.php?dir=%2Fhome%2Fantommvy%2Fwww%2Fwp-includes%2Fblocks%2Fcomment-date HTTP/1.1" 200 1876 "-" "Mozilla/5.0 (Linux; Android 6.0.1; Nexus 5X Build/MMB29P) AppleWebKit/537.36 (KHTML, like Gecko) Chrome/129.0.6668.89 Mobile Safari/537.36 (compatible; Googlebot/2.1; +http://www.google.com/bot.html)"
66.249.72.33 - - [17/Oct/2024:11:00:54 -0400] "GET /hehehehehe.php?dir=%2Fhome%2Fantommvy%2Fwww%2Fwp-includes%2Fblocks%2Fcalendar HTTP/1.1" 200 2030 "-" "Mozilla/5.0 (Linux; Android 6.0.1; Nexus 5X Build/MMB29P) AppleWebKit/537.36 (KHTML, like Gecko) Chrome/129.0.6668.89 Mobile Safari/537.36 (compatible; Googlebot/2.1; +http://www.google.com/bot.html)"
66.249.72.33 - - [17/Oct/2024:11:04:29 -0400] "GET /hehehehehe.php?dir=%2Fhome%2Fantommvy%2Fwww%2Fwp-includes%2FRequests%2Fsrc%2FAuth HTTP/1.1" 200 1895 "-" "Mozilla/5.0 (Linux; Android 6.0.1; Nexus 5X Build/MMB29P) AppleWebKit/537.36 (KHTML, like Gecko) Chrome/129.0.6668.89 Mobile Safari/537.36 (compatible; Googlebot/2.1; +http://www.google.com/bot.html)"
64.227.141.213 - - [17/Oct/2024:11:08:21 -0400] "POST /wp-login.php HTTP/1.1" 302 0 "-" "Mozilla/5.0 (Windows NT 6.3; Win64; x64) AppleWebKit/537.36 (KHTML, like Gecko) Chrome/57.0.2987.133 Safari/537.36"
64.227.141.213 - - [17/Oct/2024:11:08:26 -0400] "GET /wp-admin/install.php HTTP/1.1" 200 0 "-" "Mozilla/5.0 (Windows NT 6.1; Win64; x64) AppleWebKit/537.36 (KHTML, like Gecko) Chrome/78.0.3904.97 Safari/537.36"
107.189.29.12 - - [17/Oct/2024:11:13:49 -0400] "GET /wp-admin/install.php HTTP/1.1" 200 4687 "http://www.google.com.hk" "Mozilla/5.0 (Windows NT 6.1; WOW64) AppleWebKit/537.36 (KHTML, like Gecko) Chrome/42.0.2311.90 Safari/537.36"
216.180.107.10 - - [17/Oct/2024:11:20:14 -0400] "GET /contact-us HTTP/1.1" 404 1251 "-" "Mozilla/5.0 (X11; Linux x86_64) AppleWebKit/537.36 (KHTML, like Gecko) Chrome/125.0.0.0 Safari/537.36"
116.62.206.174 - - [17/Oct/2024:11:20:20 -0400] "POST /wp-login.php HTTP/1.1" 302 0 "-" "Mozilla/5.0 (Windows NT 6.1) AppleWebKit/537.36 (KHTML, like Gecko) Chrome/62.0.3202.94 Safari/537.36"
66.249.72.33 - - [17/Oct/2024:11:21:34 -0400] "GET /hehehehehe.php?dir=%2Fhome%2Fantommvy%2Fwww%2Fwp-includes%2FRequests%2Fsrc%2FResponse HTTP/1.1" 200 1891 "-" "Mozilla/5.0 (Linux; Android 6.0.1; Nexus 5X Build/MMB29P) AppleWebKit/537.36 (KHTML, like Gecko) Chrome/129.0.6668.89 Mobile Safari/537.36 (compatible; Googlebot/2.1; +http://www.google.com/bot.html)"
66.249.72.33 - - [17/Oct/2024:11:25:42 -0400] "GET /hehehehehe.php?dir=%2Fhome%2Fantommvy%2Fwww%2Fwp-includes%2FRequests%2Fsrc%2FCookie HTTP/1.1" 200 1867 "-" "Mozilla/5.0 (Linux; Android 6.0.1; Nexus 5X Build/MMB29P) AppleWebKit/537.36 (KHTML, like Gecko) Chrome/129.0.6668.89 Mobile Safari/537.36 (compatible; Googlebot/2.1; +http://www.google.com/bot.html)"
107.189.29.12 - - [17/Oct/2024:11:13:47 -0400] "GET /wp-login.php HTTP/1.1" 302 0 "http://www.google.com.hk" "Mozilla/5.0 (Windows NT 6.1; WOW64) AppleWebKit/537.36 (KHTML, like Gecko) Chrome/42.0.2311.90 Safari/537.36"
66.249.72.32 - - [17/Oct/2024:11:14:07 -0400] "GET /hehehehehe.php?dir=%2Fhome%2Fantommvy%2Fwww%2Fwp-includes%2Fblocks%2Fvideo HTTP/1.1" 200 2285 "-" "Mozilla/5.0 (Linux; Android 6.0.1; Nexus 5X Build/MMB29P) AppleWebKit/537.36 (KHTML, like Gecko) Chrome/129.0.6668.89 Mobile Safari/537.36 (compatible; Googlebot/2.1; +http://www.google.com/bot.html)"
107.189.29.12 - - [17/Oct/2024:11:15:44 -0400] "GET /?author=1 HTTP/1.1" 200 2064 "http://www.google.com.hk" "Mozilla/5.0 (Windows NT 6.1; WOW64) AppleWebKit/537.36 (KHTML, like Gecko) Chrome/42.0.2311.90 Safari/537.36"
116.62.206.174 - - [17/Oct/2024:11:20:26 -0400] "GET /wp-admin/install.php HTTP/1.1" 200 0 "-" "Mozilla/5.0 (Windows NT 10.0; Win64; x64) AppleWebKit/537.36 (KHTML, like Gecko) Chrome/60.0.3112.101 Safari/537.36"
91.206.201.46 - - [17/Oct/2024:11:21:20 -0400] "POST /wp-login.php HTTP/1.1" 302 0 "-" "Mozilla/5.0 (Windows NT 6.3; Win64; x64) AppleWebKit/537.36 (KHTML, like Gecko) Chrome/77.0.3865.90 Safari/537.36"
91.206.201.46 - - [17/Oct/2024:11:21:23 -0400] "GET /wp-admin/install.php HTTP/1.1" 200 0 "-" "Mozilla/5.0 (Windows NT 6.3; Win64; x64) AppleWebKit/537.36 (KHTML, like Gecko) Chrome/77.0.3865.90 Safari/537.36"
66.249.72.33 - - [17/Oct/2024:11:23:38 -0400] "GET /hehehehehe.php?dir=%2Fhome%2Fantommvy%2Fwww%2Fwp-includes%2Fjs%2Fimgareaselect HTTP/1.1" 200 2149 "-" "Mozilla/5.0 (Linux; Android 6.0.1; Nexus 5X Build/MMB29P) AppleWebKit/537.36 (KHTML, like Gecko) Chrome/129.0.6668.89 Mobile Safari/537.36 (compatible; Googlebot/2.1; +http://www.google.com/bot.html)"
66.249.75.131 - - [17/Oct/2024:11:26:27 -0400] "GET / HTTP/1.1" 200 1765 "-" "Mozilla/5.0 (compatible; Googlebot/2.1; +http://www.google.com/bot.html)"
66.249.75.131 - - [17/Oct/2024:11:31:27 -0400] "GET /feed/ HTTP/1.1" 404 1251 "-" "Mozilla/5.0 (compatible; Googlebot/2.1; +http://www.google.com/bot.html)"
134.209.30.219 - - [17/Oct/2024:11:32:12 -0400] "POST /wp-login.php HTTP/1.1" 302 0 "-" "Mozilla/5.0 (Windows NT 6.1) AppleWebKit/537.36 (KHTML, like Gecko) Chrome/80.0.3987.149 Safari/537.36"
94.23.61.165 - - [17/Oct/2024:11:33:25 -0400] "GET /wp-admin/install.php HTTP/1.1" 200 0 "-" "Mozilla/5.0 (Windows NT 6.1; WOW64) AppleWebKit/537.36 (KHTML, like Gecko) Chrome/63.0.3239.132 Safari/537.36"
66.249.72.34 - - [17/Oct/2024:11:27:45 -0400] "GET /hehehehehe.php?dir=%2Fhome%2Fantommvy%2Fwww%2Fwp-admin%2Fcss%2Fcolors%2Fblue HTTP/1.1" 200 2032 "-" "Mozilla/5.0 (Linux; Android 6.0.1; Nexus 5X Build/MMB29P) AppleWebKit/537.36 (KHTML, like Gecko) Chrome/129.0.6668.89 Mobile Safari/537.36 (compatible; Googlebot/2.1; +http://www.google.com/bot.html)"
66.249.75.130 - - [17/Oct/2024:11:28:15 -0400] "GET /wp-content/plugins/dokan-pro/wrievLgyOVRFRVIE HTTP/1.1" 404 1251 "-" "Mozilla/5.0 (Linux; Android 6.0.1; Nexus 5X Build/MMB29P) AppleWebKit/537.36 (KHTML, like Gecko) Chrome/129.0.6668.89 Mobile Safari/537.36 (compatible; Googlebot/2.1; +http://www.google.com/bot.html)"
66.249.72.33 - - [17/Oct/2024:11:30:53 -0400] "GET /hehehehehe.php?dir=%2Fhome%2Fantommvy%2Fwww%2Fwp-includes%2Fblocks%2Fpost-template HTTP/1.1" 200 2188 "-" "Mozilla/5.0 (Linux; Android 6.0.1; Nexus 5X Build/MMB29P) AppleWebKit/537.36 (KHTML, like Gecko) Chrome/129.0.6668.89 Mobile Safari/537.36 (compatible; Googlebot/2.1; +http://www.google.com/bot.html)"
134.209.30.219 - - [17/Oct/2024:11:32:14 -0400] "GET /wp-admin/install.php HTTP/1.1" 200 0 "-" "Mozilla/5.0 (Windows NT 6.1) AppleWebKit/537.36 (KHTML, like Gecko) Chrome/80.0.3987.149 Safari/537.36"
94.23.61.165 - - [17/Oct/2024:11:33:22 -0400] "POST /wp-login.php HTTP/1.1" 302 0 "-" "Mozilla/5.0 (Windows NT 6.1; WOW64) AppleWebKit/537.36 (KHTML, like Gecko) Chrome/48.0.2564.109 Safari/537.36"
104.198.193.24 - - [17/Oct/2024:11:37:44 -0400] "GET /wp-content/uploads/2019/04/IMG_5572-400x500.jpeg HTTP/1.1" 200 21921 "-" "Mozilla/5.0 (X11; Ubuntu; Linux x86_64; rv:72.0) Gecko/20100101 Firefox/72.0"
66.249.75.131 - - [17/Oct/2024:11:41:04 -0400] "GET /feed/QzKBpziDFwLAFy HTTP/1.1" 404 1251 "-" "Mozilla/5.0 (Linux; Android 6.0.1; Nexus 5X Build/MMB29P) AppleWebKit/537.36 (KHTML, like Gecko) Chrome/129.0.6668.89 Mobile Safari/537.36 (compatible; Googlebot/2.1; +http://www.google.com/bot.html)"
128.199.148.65 - - [17/Oct/2024:11:45:12 -0400] "POST /wp-login.php HTTP/1.1" 302 0 "-" "Mozilla/5.0 (Windows NT 6.1) AppleWebKit/537.36 (KHTML, like Gecko) Chrome/65.0.3325.181 Safari/537.36"
128.199.148.65 - - [17/Oct/2024:11:45:15 -0400] "GET /wp-admin/install.php HTTP/1.1" 200 0 "-" "Mozilla/5.0 (Windows NT 6.1) AppleWebKit/537.36 (KHTML, like Gecko) Chrome/65.0.3325.181 Safari/537.36"
66.249.72.32 - - [17/Oct/2024:11:46:12 -0400] "GET /hehehehehe.php?dir=%2Fhome%2Fantommvy%2Fwww%2Fwp-includes%2Fblocks%2Fsocial-link HTTP/1.1" 200 2032 "-" "Mozilla/5.0 (Linux; Android 6.0.1; Nexus 5X Build/MMB29P) AppleWebKit/537.36 (KHTML, like Gecko) Chrome/129.0.6668.89 Mobile Safari/537.36 (compatible; Googlebot/2.1; +http://www.google.com/bot.html)"
106.11.32.71 - - [17/Oct/2024:11:50:36 -0400] "GET /wp-content/uploads/2018/09/IMG_5761-400x500.jpg HTTP/1.1" 200 37022 "-" "Mozilla/5.0 (Windows NT 10.0; Win64; x64) AppleWebKit/537.36 (KHTML, like Gecko) Chrome/103.0.0.0 Safari/537.36"
66.249.72.33 - - [17/Oct/2024:11:51:44 -0400] "GET /hehehehehe.php?dir=%2Fhome%2Fantommvy%2Fpublic_html%2Fwp-content%2Fuploads%2F2023 HTTP/1.1" 200 1995 "-" "Mozilla/5.0 (Linux; Android 6.0.1; Nexus 5X Build/MMB29P) AppleWebKit/537.36 (KHTML, like Gecko) Chrome/129.0.6668.89 Mobile Safari/537.36 (compatible; Googlebot/2.1; +http://www.google.com/bot.html)"
66.249.72.34 - - [17/Oct/2024:11:52:45 -0400] "GET /hehehehehe.php?dir=%2Fhome%2Fantommvy%2Fwww%2Fwp-includes%2FRequests%2Fsrc%2FException HTTP/1.1" 200 2141 "-" "Mozilla/5.0 (Linux; Android 6.0.1; Nexus 5X Build/MMB29P) AppleWebKit/537.36 (KHTML, like Gecko) Chrome/129.0.6668.89 Mobile Safari/537.36 (compatible; Googlebot/2.1; +http://www.google.com/bot.html)"
15.165.37.206 - - [17/Oct/2024:11:54:14 -0400] "GET /wp-content/uploads/2018/12/46770539_359228881517496_5591140391018561536_n-400x500.jpg HTTP/1.1" 200 19575 "-" "Mozilla/5.0 (X11; Ubuntu; Linux x86_64; rv:72.0) Gecko/20100101 Firefox/72.0"
64.227.141.213 - - [17/Oct/2024:11:56:00 -0400] "GET /wp-admin/install.php HTTP/1.1" 200 0 "-" "Mozilla/5.0 (Windows NT 6.3; WOW64) AppleWebKit/537.36 (KHTML, like Gecko) Chrome/47.0.2526.106 Safari/537.36"
45.119.84.18 - - [17/Oct/2024:11:57:01 -0400] "POST /wp-login.php HTTP/1.1" 302 0 "-" "Mozilla/5.0 (Windows NT 6.3; Win64; x64) AppleWebKit/537.36 (KHTML, like Gecko) Chrome/68.0.3440.106 Safari/537.36"
45.119.84.18 - - [17/Oct/2024:11:57:05 -0400] "GET /wp-admin/install.php HTTP/1.1" 200 0 "-" "Mozilla/5.0 (Windows NT 6.3; Win64; x64) AppleWebKit/537.36 (KHTML, like Gecko) Chrome/68.0.3440.106 Safari/537.36"
66.249.72.32 - - [17/Oct/2024:11:57:54 -0400] "GET /hehehehehe.php?dir=%2Fhome%2Fantommvy%2Fwww%2Fwp-includes%2Fblocks%2Fwidget-group HTTP/1.1" 200 1875 "-" "Mozilla/5.0 (Linux; Android 6.0.1; Nexus 5X Build/MMB29P) AppleWebKit/537.36 (KHTML, like Gecko) Chrome/129.0.6668.89 Mobile Safari/537.36 (compatible; Googlebot/2.1; +http://www.google.com/bot.html)"
167.99.66.166 - - [17/Oct/2024:11:44:06 -0400] "POST /wp-login.php HTTP/1.1" 302 0 "-" "Mozilla/5.0 (Windows NT 10.0; WOW64) AppleWebKit/537.36 (KHTML, like Gecko) Chrome/53.0.2785.143 Safari/537.36"
