66.249.77.228 - - [17/Oct/2024:18:15:58 -0400] "GET /rHDrw3QsUJP1c HTTP/1.1" 404 1251 "-" "Mozilla/5.0 (Linux; Android 6.0.1; Nexus 5X Build/MMB29P) AppleWebKit/537.36 (KHTML, like Gecko) Chrome/129.0.6668.89 Mobile Safari/537.36 (compatible; Googlebot/2.1; +http://www.google.com/bot.html)"
47.106.243.226 - - [17/Oct/2024:18:23:42 -0400] "POST /wp-login.php HTTP/1.1" 302 0 "-" "Mozilla/5.0 (Windows NT 6.1) AppleWebKit/537.36 (KHTML, like Gecko) Chrome/70.0.3538.102 Safari/537.36"
91.206.200.91 - - [17/Oct/2024:18:24:52 -0400] "POST /wp-login.php HTTP/1.1" 302 0 "-" "Mozilla/5.0 (Windows NT 10.0; WOW64) AppleWebKit/537.36 (KHTML, like Gecko) Chrome/56.0.2924.87 Safari/537.36"
64.225.27.151 - - [17/Oct/2024:18:11:40 -0400] "POST /wp-login.php HTTP/1.1" 302 0 "-" "Mozilla/5.0 (Windows NT 10.0; WOW64) AppleWebKit/537.36 (KHTML, like Gecko) Chrome/47.0.2526.106 Safari/537.36"
66.249.77.229 - - [17/Oct/2024:18:15:58 -0400] "GET /s1IasOGiXA3 HTTP/1.1" 404 1251 "-" "Mozilla/5.0 (Linux; Android 6.0.1; Nexus 5X Build/MMB29P) AppleWebKit/537.36 (KHTML, like Gecko) Chrome/129.0.6668.89 Mobile Safari/537.36 (compatible; Googlebot/2.1; +http://www.google.com/bot.html)"
66.249.75.200 - - [17/Oct/2024:18:19:29 -0400] "GET /hehehehehe.php?dir=%2Fhome%2Fantommvy%2Fpublic_html%2Fwp-content%2Fuploads%2F2021 HTTP/1.1" 200 2084 "-" "Mozilla/5.0 (Linux; Android 6.0.1; Nexus 5X Build/MMB29P) AppleWebKit/537.36 (KHTML, like Gecko) Chrome/129.0.6668.89 Mobile Safari/537.36 (compatible; Googlebot/2.1; +http://www.google.com/bot.html)"
66.249.75.199 - - [17/Oct/2024:18:21:32 -0400] "GET /hehehehehe.php?dir=%2Fhome%2Fantommvy%2Fpublic_html%2Fwp-content%2Fuploads%2Fwp-file-manager-pro HTTP/1.1" 200 1854 "-" "Mozilla/5.0 (Linux; Android 6.0.1; Nexus 5X Build/MMB29P) AppleWebKit/537.36 (KHTML, like Gecko) Chrome/129.0.6668.89 Mobile Safari/537.36 (compatible; Googlebot/2.1; +http://www.google.com/bot.html)"
47.106.243.226 - - [17/Oct/2024:18:23:45 -0400] "GET /wp-admin/install.php HTTP/1.1" 200 0 "-" "Mozilla/5.0 (Windows NT 6.1) AppleWebKit/537.36 (KHTML, like Gecko) Chrome/70.0.3538.102 Safari/537.36"
91.206.200.91 - - [17/Oct/2024:18:24:55 -0400] "GET /wp-admin/install.php HTTP/1.1" 200 0 "-" "Mozilla/5.0 (Windows NT 6.1; WOW64) AppleWebKit/537.36 (KHTML, like Gecko) Chrome/36.0.1985.125 Safari/537.36"
66.249.77.228 - - [17/Oct/2024:18:25:15 -0400] "GET /feed/EugMYlQL2LYQ9B HTTP/1.1" 404 1251 "-" "Mozilla/5.0 (Linux; Android 6.0.1; Nexus 5X Build/MMB29P) AppleWebKit/537.36 (KHTML, like Gecko) Chrome/129.0.6668.89 Mobile Safari/537.36 (compatible; Googlebot/2.1; +http://www.google.com/bot.html)"
66.249.75.199 - - [17/Oct/2024:18:25:46 -0400] "GET /hehehehehe.php?dir=%2Fhome%2Fantommvy%2Fpublic_html%2Fwp-content%2Fuploads%2Fwpcode HTTP/1.1" 200 1923 "-" "Mozilla/5.0 (Linux; Android 6.0.1; Nexus 5X Build/MMB29P) AppleWebKit/537.36 (KHTML, like Gecko) Chrome/129.0.6668.89 Mobile Safari/537.36 (compatible; Googlebot/2.1; +http://www.google.com/bot.html)"
66.249.77.228 - - [17/Oct/2024:18:26:17 -0400] "GET /LfyGrBoRMsm HTTP/1.1" 404 1251 "-" "Mozilla/5.0 (Linux; Android 6.0.1; Nexus 5X Build/MMB29P) AppleWebKit/537.36 (KHTML, like Gecko) Chrome/129.0.6668.89 Mobile Safari/537.36 (compatible; Googlebot/2.1; +http://www.google.com/bot.html)"
66.249.75.200 - - [17/Oct/2024:18:28:55 -0400] "GET /hehehehehe.php?dir=%2Fhome%2Fantommvy%2Fpublic_html%2Fwp-content%2Fuploads%2F2018 HTTP/1.1" 200 2037 "-" "Mozilla/5.0 (Linux; Android 6.0.1; Nexus 5X Build/MMB29P) AppleWebKit/537.36 (KHTML, like Gecko) Chrome/129.0.6668.89 Mobile Safari/537.36 (compatible; Googlebot/2.1; +http://www.google.com/bot.html)"
66.249.75.198 - - [17/Oct/2024:18:32:03 -0400] "GET /hehehehehe.php?dir=%2Fhome%2Fantommvy%2Fpublic_html%2Fwp-content%2Fuploads%2Fao_ccss HTTP/1.1" 200 1608 "-" "Mozilla/5.0 (Linux; Android 6.0.1; Nexus 5X Build/MMB29P) AppleWebKit/537.36 (KHTML, like Gecko) Chrome/129.0.6668.89 Mobile Safari/537.36 (compatible; Googlebot/2.1; +http://www.google.com/bot.html)"
68.178.165.200 - - [17/Oct/2024:18:35:42 -0400] "POST /wp-login.php HTTP/1.1" 302 0 "-" "Mozilla/5.0 (Windows NT 6.1) AppleWebKit/537.36 (KHTML, like Gecko) Chrome/61.0.3163.100 Safari/537.36"
68.178.165.200 - - [17/Oct/2024:18:35:45 -0400] "GET /wp-admin/install.php HTTP/1.1" 200 0 "-" "Mozilla/5.0 (Windows NT 6.1) AppleWebKit/537.36 (KHTML, like Gecko) Chrome/61.0.3163.100 Safari/537.36"
66.249.75.200 - - [17/Oct/2024:18:36:10 -0400] "GET /hehehehehe.php?dir=%2Fhome%2Fantommvy%2Fpublic_html%2Fwp-content%2Fuploads%2F2020 HTTP/1.1" 200 2084 "-" "Mozilla/5.0 (Linux; Android 6.0.1; Nexus 5X Build/MMB29P) AppleWebKit/537.36 (KHTML, like Gecko) Chrome/129.0.6668.89 Mobile Safari/537.36 (compatible; Googlebot/2.1; +http://www.google.com/bot.html)"
66.249.77.227 - - [17/Oct/2024:18:38:57 -0400] "GET /hqkImSUqm4b HTTP/1.1" 404 1251 "-" "Mozilla/5.0 (Linux; Android 6.0.1; Nexus 5X Build/MMB29P) AppleWebKit/537.36 (KHTML, like Gecko) Chrome/129.0.6668.89 Mobile Safari/537.36 (compatible; Googlebot/2.1; +http://www.google.com/bot.html)"
66.249.77.228 - - [17/Oct/2024:18:41:01 -0400] "GET /O5vFNx3JWAu HTTP/1.1" 404 1251 "-" "Mozilla/5.0 (Linux; Android 6.0.1; Nexus 5X Build/MMB29P) AppleWebKit/537.36 (KHTML, like Gecko) Chrome/129.0.6668.89 Mobile Safari/537.36 (compatible; Googlebot/2.1; +http://www.google.com/bot.html)"
66.249.77.227 - - [17/Oct/2024:18:29:26 -0400] "GET /TpW2t0VF2dOYrf HTTP/1.1" 404 1251 "-" "Mozilla/5.0 (Linux; Android 6.0.1; Nexus 5X Build/MMB29P) AppleWebKit/537.36 (KHTML, like Gecko) Chrome/129.0.6668.89 Mobile Safari/537.36 (compatible; Googlebot/2.1; +http://www.google.com/bot.html)"
31.13.168.78 - - [17/Oct/2024:18:31:17 -0400] "GET /wp-content/uploads/2018/12/IMG_0378-400x500.jpeg HTTP/1.1" 200 37601 "-" "Mozilla/5.0 (X11; Ubuntu; Linux x86_64; rv:72.0) Gecko/20100101 Firefox/72.0"
20.253.155.235 - - [17/Oct/2024:18:36:50 -0400] "POST /wp-login.php HTTP/1.1" 302 0 "-" "Mozilla/5.0 (Windows NT 6.1; WOW64) AppleWebKit/537.36 (KHTML, like Gecko) Chrome/47.0.2526.111 Safari/537.36"
20.253.155.235 - - [17/Oct/2024:18:36:54 -0400] "GET /wp-admin/install.php HTTP/1.1" 200 0 "-" "Mozilla/5.0 (Windows NT 6.1; WOW64) AppleWebKit/537.36 (KHTML, like Gecko) Chrome/32.0.1700.107 Safari/537.36"
66.249.75.199 - - [17/Oct/2024:18:38:15 -0400] "GET /hehehehehe.php?dir=%2Fhome%2Fantommvy%2Fpublic_html%2Fwp-content%2Fuploads%2Fwpseo-redirects HTTP/1.1" 200 1956 "-" "Mozilla/5.0 (Linux; Android 6.0.1; Nexus 5X Build/MMB29P) AppleWebKit/537.36 (KHTML, like Gecko) Chrome/129.0.6668.89 Mobile Safari/537.36 (compatible; Googlebot/2.1; +http://www.google.com/bot.html)"
66.249.75.198 - - [17/Oct/2024:18:46:13 -0400] "GET /hehehehehe.php?dir=%2Fhome%2Fantommvy%2Fpublic_html%2Fwp-content%2Fuploads%2Fsmush HTTP/1.1" 200 1859 "-" "Mozilla/5.0 (Linux; Android 6.0.1; Nexus 5X Build/MMB29P) AppleWebKit/537.36 (KHTML, like Gecko) Chrome/129.0.6668.89 Mobile Safari/537.36 (compatible; Googlebot/2.1; +http://www.google.com/bot.html)"
91.206.200.194 - - [17/Oct/2024:18:48:48 -0400] "POST /wp-login.php HTTP/1.1" 302 0 "-" "Mozilla/5.0 (Windows NT 10.0; Win64; x64) AppleWebKit/537.36 (KHTML, like Gecko) Chrome/62.0.3202.89 Safari/537.36"
91.206.200.194 - - [17/Oct/2024:18:48:50 -0400] "GET /wp-admin/install.php HTTP/1.1" 200 0 "-" "Mozilla/5.0 (Windows NT 10.0; Win64; x64) AppleWebKit/537.36 (KHTML, like Gecko) Chrome/62.0.3202.89 Safari/537.36"
66.249.75.200 - - [17/Oct/2024:18:50:24 -0400] "GET /hehehehehe.php?dir=%2Fhome%2Fantommvy%2Fpublic_html%2Fwp-content%2Fuploads%2Fcfdb7_uploads HTTP/1.1" 200 1835 "-" "Mozilla/5.0 (Linux; Android 6.0.1; Nexus 5X Build/MMB29P) AppleWebKit/537.36 (KHTML, like Gecko) Chrome/129.0.6668.89 Mobile Safari/537.36 (compatible; Googlebot/2.1; +http://www.google.com/bot.html)"
66.249.77.229 - - [17/Oct/2024:18:55:28 -0400] "GET /aUerRcJoGUkK HTTP/1.1" 404 1251 "-" "Mozilla/5.0 (Linux; Android 6.0.1; Nexus 5X Build/MMB29P) AppleWebKit/537.36 (KHTML, like Gecko) Chrome/129.0.6668.89 Mobile Safari/537.36 (compatible; Googlebot/2.1; +http://www.google.com/bot.html)"
66.249.75.200 - - [17/Oct/2024:18:59:53 -0400] "GET /hehehehehe.php?dir=%2Fhome%2Fantommvy%2Fpublic_html%2Fwp-content%2Fuploads%2F2013 HTTP/1.1" 200 1873 "-" "Mozilla/5.0 (Linux; Android 6.0.1; Nexus 5X Build/MMB29P) AppleWebKit/537.36 (KHTML, like Gecko) Chrome/129.0.6668.89 Mobile Safari/537.36 (compatible; Googlebot/2.1; +http://www.google.com/bot.html)"
64.23.129.165 - - [17/Oct/2024:18:59:45 -0400] "GET /wp-admin/install.php HTTP/1.1" 200 0 "-" "Mozilla/5.0 (Windows NT 6.3; WOW64) AppleWebKit/537.36 (KHTML, like Gecko) Chrome/46.0.2490.80 Safari/537.36"
66.249.75.198 - - [17/Oct/2024:18:45:12 -0400] "GET /hehehehehe.php?dir=%2Fhome%2Fantommvy%2Fpublic_html%2Fwp-content%2Fuploads%2F2021%2F08 HTTP/1.1" 200 1615 "-" "Mozilla/5.0 (Linux; Android 6.0.1; Nexus 5X Build/MMB29P) AppleWebKit/537.36 (KHTML, like Gecko) Chrome/129.0.6668.89 Mobile Safari/537.36 (compatible; Googlebot/2.1; +http://www.google.com/bot.html)"
66.249.75.199 - - [17/Oct/2024:18:47:14 -0400] "GET /hehehehehe.php?dir=%2Fhome%2Fantommvy%2Fpublic_html%2Fwp-content%2Fuploads%2F2021%2F06 HTTP/1.1" 200 1615 "-" "Mozilla/5.0 (Linux; Android 6.0.1; Nexus 5X Build/MMB29P) AppleWebKit/537.36 (KHTML, like Gecko) Chrome/129.0.6668.89 Mobile Safari/537.36 (compatible; Googlebot/2.1; +http://www.google.com/bot.html)"
66.249.75.200 - - [17/Oct/2024:18:52:31 -0400] "GET /hehehehehe.php?dir=%2Fhome%2Fantommvy%2Fpublic_html%2Fwp-content%2Fuploads%2F2015 HTTP/1.1" 200 1911 "-" "Mozilla/5.0 (Linux; Android 6.0.1; Nexus 5X Build/MMB29P) AppleWebKit/537.36 (KHTML, like Gecko) Chrome/129.0.6668.89 Mobile Safari/537.36 (compatible; Googlebot/2.1; +http://www.google.com/bot.html)"
66.249.75.198 - - [17/Oct/2024:18:56:45 -0400] "GET /hehehehehe.php?dir=%2Fhome%2Fantommvy%2Fpublic_html%2Fwp-content%2Fuploads%2Frevslider HTTP/1.1" 200 2125 "-" "Mozilla/5.0 (Linux; Android 6.0.1; Nexus 5X Build/MMB29P) AppleWebKit/537.36 (KHTML, like Gecko) Chrome/129.0.6668.89 Mobile Safari/537.36 (compatible; Googlebot/2.1; +http://www.google.com/bot.html)"
172.203.190.141 - - [17/Oct/2024:18:58:11 -0400] "GET /robots.txt HTTP/1.1" 404 1251 "-" "Mozilla/5.0 AppleWebKit/537.36 (KHTML, like Gecko); compatible; OAI-SearchBot/1.0; +https://openai.com/searchbot"
64.23.129.165 - - [17/Oct/2024:18:59:42 -0400] "POST /wp-login.php HTTP/1.1" 302 0 "-" "Mozilla/5.0 (Windows NT 6.3; WOW64) AppleWebKit/537.36 (KHTML, like Gecko) Chrome/46.0.2490.80 Safari/537.36"
66.249.75.200 - - [17/Oct/2024:19:03:05 -0400] "GET /hehehehehe.php?dir=%2Fhome%2Fantommvy%2Ftmp%2Fwebalizerftp HTTP/1.1" 200 1573 "-" "Mozilla/5.0 (Linux; Android 6.0.1; Nexus 5X Build/MMB29P) AppleWebKit/537.36 (KHTML, like Gecko) Chrome/129.0.6668.89 Mobile Safari/537.36 (compatible; Googlebot/2.1; +http://www.google.com/bot.html)"
66.249.77.228 - - [17/Oct/2024:19:07:01 -0400] "GET /wp-includes/random_compat/dQow0AqWmEIeuI HTTP/1.1" 404 1251 "-" "Mozilla/5.0 (Linux; Android 6.0.1; Nexus 5X Build/MMB29P) AppleWebKit/537.36 (KHTML, like Gecko) Chrome/129.0.6668.89 Mobile Safari/537.36 (compatible; Googlebot/2.1; +http://www.google.com/bot.html)"
185.104.44.64 - - [17/Oct/2024:19:00:48 -0400] "POST /wp-login.php HTTP/1.1" 302 0 "-" "Mozilla/5.0 (Windows NT 10.0; Win64; x64) AppleWebKit/537.36 (KHTML, like Gecko) Chrome/73.0.3683.75 Safari/537.36"
185.104.44.64 - - [17/Oct/2024:19:00:50 -0400] "GET /wp-admin/install.php HTTP/1.1" 200 0 "-" "Mozilla/5.0 (Windows NT 10.0; Win64; x64) AppleWebKit/537.36 (KHTML, like Gecko) Chrome/73.0.3683.75 Safari/537.36"
66.249.77.227 - - [17/Oct/2024:19:10:16 -0400] "GET /aT4ZrlCor HTTP/1.1" 404 1251 "-" "Mozilla/5.0 (Linux; Android 6.0.1; Nexus 5X Build/MMB29P) AppleWebKit/537.36 (KHTML, like Gecko) Chrome/129.0.6668.89 Mobile Safari/537.36 (compatible; Googlebot/2.1; +http://www.google.com/bot.html)"
66.249.75.199 - - [17/Oct/2024:19:11:17 -0400] "GET /_autoindex/assets/icons/folder-fill.svg HTTP/1.1" 200 333 "https://antonplumbing.co.uk/" "Mozilla/5.0 AppleWebKit/537.36 (KHTML, like Gecko; compatible; Googlebot/2.1; +http://www.google.com/bot.html) Chrome/129.0.6668.70 Safari/537.36"
66.249.75.198 - - [17/Oct/2024:19:11:31 -0400] "GET / HTTP/1.1" 200 1757 "-" "Mozilla/5.0 (compatible; Googlebot/2.1; +http://www.google.com/bot.html)"
45.119.84.18 - - [17/Oct/2024:19:11:49 -0400] "GET /wp-admin/install.php HTTP/1.1" 200 0 "-" "Mozilla/5.0 (Windows NT 10.0; Win64; x64) AppleWebKit/537.36 (KHTML, like Gecko) Chrome/86.0.4240.193 Safari/537.36"
66.249.75.199 - - [17/Oct/2024:19:16:17 -0400] "GET /hehehehehe.php?dir=%2Fhome%2Fantommvy%2Fpublic_html%2Fwp-content%2Fuploads%2Fwp-file-manager-pro%2Ffm_backup HTTP/1.1" 200 1938 "-" "Mozilla/5.0 (Linux; Android 6.0.1; Nexus 5X Build/MMB29P) AppleWebKit/537.36 (KHTML, like Gecko) Chrome/129.0.6668.89 Mobile Safari/537.36 (compatible; Googlebot/2.1; +http://www.google.com/bot.html)"
66.249.75.200 - - [17/Oct/2024:19:10:02 -0400] "GET /hehehehehe.php?dir=%2Fhome%2Fantommvy%2Fpublic_html%2Fwp-content%2Fuploads%2F2015%2F12 HTTP/1.1" 200 1861 "-" "Mozilla/5.0 (Linux; Android 6.0.1; Nexus 5X Build/MMB29P) AppleWebKit/537.36 (KHTML, like Gecko) Chrome/129.0.6668.89 Mobile Safari/537.36 (compatible; Googlebot/2.1; +http://www.google.com/bot.html)"
66.249.75.199 - - [17/Oct/2024:19:11:05 -0400] "GET / HTTP/1.1" 200 1742 "-" "Mozilla/5.0 (compatible; Googlebot/2.1; +http://www.google.com/bot.html)"
66.249.75.200 - - [17/Oct/2024:19:11:05 -0400] "GET /hehehehehe.php?dir=%2Fhome%2Fantommvy%2Ftmp%2Fwebalizer HTTP/1.1" 200 1569 "-" "Mozilla/5.0 (Linux; Android 6.0.1; Nexus 5X Build/MMB29P) AppleWebKit/537.36 (KHTML, like Gecko) Chrome/129.0.6668.89 Mobile Safari/537.36 (compatible; Googlebot/2.1; +http://www.google.com/bot.html)"
66.249.75.198 - - [17/Oct/2024:19:11:29 -0400] "GET / HTTP/1.1" 200 1757 "-" "Mozilla/5.0 (Linux; Android 6.0.1; Nexus 5X Build/MMB29P) AppleWebKit/537.36 (KHTML, like Gecko) Chrome/129.0.6668.89 Mobile Safari/537.36 (compatible; Googlebot/2.1; +http://www.google.com/bot.html)"
45.119.84.18 - - [17/Oct/2024:19:11:46 -0400] "POST /wp-login.php HTTP/1.1" 302 0 "-" "Mozilla/5.0 (Windows NT 10.0; Win64; x64) AppleWebKit/537.36 (KHTML, like Gecko) Chrome/86.0.4240.193 Safari/537.36"
147.135.255.8 - - [17/Oct/2024:19:12:50 -0400] "POST /wp-login.php HTTP/1.1" 302 0 "-" "Mozilla/5.0 (Windows NT 6.1) AppleWebKit/537.36 (KHTML, like Gecko) Chrome/59.0.3071.115 Safari/537.36"
147.135.255.8 - - [17/Oct/2024:19:12:53 -0400] "GET /wp-admin/install.php HTTP/1.1" 200 0 "-" "Mozilla/5.0 (Windows NT 6.1) AppleWebKit/537.36 (KHTML, like Gecko) Chrome/59.0.3071.115 Safari/537.36"
66.249.75.199 - - [17/Oct/2024:19:14:12 -0400] "GET /hehehehehe.php?dir=%2Fhome%2Fantommvy%2Ftmp%2Fpma_template_compiles_antommvy HTTP/1.1" 200 1837 "-" "Mozilla/5.0 (Linux; Android 6.0.1; Nexus 5X Build/MMB29P) AppleWebKit/537.36 (KHTML, like Gecko) Chrome/129.0.6668.89 Mobile Safari/537.36 (compatible; Googlebot/2.1; +http://www.google.com/bot.html)"
66.249.75.198 - - [17/Oct/2024:19:14:12 -0400] "GET /hehehehehe.php?dir=%2Fhome%2Fantommvy%2Fpublic_html%2Fwp-content%2Fuploads%2F2020%2F08 HTTP/1.1" 200 1615 "-" "Mozilla/5.0 (Linux; Android 6.0.1; Nexus 5X Build/MMB29P) AppleWebKit/537.36 (KHTML, like Gecko) Chrome/129.0.6668.89 Mobile Safari/537.36 (compatible; Googlebot/2.1; +http://www.google.com/bot.html)"
66.249.75.200 - - [17/Oct/2024:19:17:19 -0400] "GET /hehehehehe.php?dir=%2Fhome%2Fantommvy%2Fpublic_html%2Ftmp%2F633106 HTTP/1.1" 200 1905 "-" "Mozilla/5.0 (Linux; Android 6.0.1; Nexus 5X Build/MMB29P) AppleWebKit/537.36 (KHTML, like Gecko) Chrome/129.0.6668.89 Mobile Safari/537.36 (compatible; Googlebot/2.1; +http://www.google.com/bot.html)"
182.43.230.63 - - [17/Oct/2024:19:23:55 -0400] "POST /wp-login.php HTTP/1.1" 302 0 "-" "Mozilla/5.0 (Windows NT 6.3; WOW64) AppleWebKit/537.36 (KHTML, like Gecko) Chrome/47.0.2526.106 Safari/537.36"
182.43.230.63 - - [17/Oct/2024:19:23:58 -0400] "GET /wp-admin/install.php HTTP/1.1" 200 0 "-" "Mozilla/5.0 (Windows NT 5.1) AppleWebKit/537.36 (KHTML, like Gecko) Chrome/47.0.2526.106 Safari/537.36"
103.237.145.122 - - [17/Oct/2024:19:25:00 -0400] "GET /wp-admin/install.php HTTP/1.1" 200 0 "-" "Mozilla/5.0 (Windows NT 10.0; Win64; x64) AppleWebKit/537.36 (KHTML, like Gecko) Chrome/73.0.3683.86 Safari/537.36"
66.249.75.198 - - [17/Oct/2024:19:27:00 -0400] "GET /hehehehehe.php?dir=%2Fhome%2Fantommvy%2Fpublic_html%2Fwp-content%2Fuploads%2Frevslider%2Fbuild-layout-hero1 HTTP/1.1" 200 2247 "-" "Mozilla/5.0 (Linux; Android 6.0.1; Nexus 5X Build/MMB29P) AppleWebKit/537.36 (KHTML, like Gecko) Chrome/129.0.6668.89 Mobile Safari/537.36 (compatible; Googlebot/2.1; +http://www.google.com/bot.html)"
66.249.75.198 - - [17/Oct/2024:19:27:00 -0400] "GET /hehehehehe.php?dir=%2Fhome%2Fantommvy%2Fpublic_html%2Fwp-content%2Fthemes%2Fplumberx%2Fvc_templates HTTP/1.1" 200 2508 "-" "Mozilla/5.0 (Linux; Android 6.0.1; Nexus 5X Build/MMB29P) AppleWebKit/537.36 (KHTML, like Gecko) Chrome/129.0.6668.89 Mobile Safari/537.36 (compatible; Googlebot/2.1; +http://www.google.com/bot.html)"
66.249.77.228 - - [17/Oct/2024:19:31:06 -0400] "GET /s2zPGy0hdiCZCiIg HTTP/1.1" 404 1251 "-" "Mozilla/5.0 (Linux; Android 6.0.1; Nexus 5X Build/MMB29P) AppleWebKit/537.36 (KHTML, like Gecko) Chrome/129.0.6668.89 Mobile Safari/537.36 (compatible; Googlebot/2.1; +http://www.google.com/bot.html)"
66.249.77.227 - - [17/Oct/2024:19:33:19 -0400] "GET /z9PWt6EKOm HTTP/1.1" 404 1251 "-" "Mozilla/5.0 (Linux; Android 6.0.1; Nexus 5X Build/MMB29P) AppleWebKit/537.36 (KHTML, like Gecko) Chrome/129.0.6668.89 Mobile Safari/537.36 (compatible; Googlebot/2.1; +http://www.google.com/bot.html)"
66.249.77.227 - - [17/Oct/2024:19:33:20 -0400] "GET /MXfdm1bI HTTP/1.1" 404 1251 "-" "Mozilla/5.0 (Linux; Android 6.0.1; Nexus 5X Build/MMB29P) AppleWebKit/537.36 (KHTML, like Gecko) Chrome/129.0.6668.89 Mobile Safari/537.36 (compatible; Googlebot/2.1; +http://www.google.com/bot.html)"
66.249.75.200 - - [17/Oct/2024:19:18:23 -0400] "GET /hehehehehe.php?dir=%2Fhome%2Fantommvy%2Fpublic_html%2Fwp-content%2Fuploads%2Frevslider%2Fhome-slider-4 HTTP/1.1" 200 1886 "-" "Mozilla/5.0 (Linux; Android 6.0.1; Nexus 5X Build/MMB29P) AppleWebKit/537.36 (KHTML, like Gecko) Chrome/129.0.6668.89 Mobile Safari/537.36 (compatible; Googlebot/2.1; +http://www.google.com/bot.html)"
66.249.75.199 - - [17/Oct/2024:19:20:42 -0400] "GET /hehehehehe.php?dir=%2Fhome%2Fantommvy%2Fpublic_html%2Fwp-content%2Fthemes%2Fplumberx%2Finc%2Ftemplates HTTP/1.1" 200 2014 "-" "Mozilla/5.0 (Linux; Android 6.0.1; Nexus 5X Build/MMB29P) AppleWebKit/537.36 (KHTML, like Gecko) Chrome/129.0.6668.89 Mobile Safari/537.36 (compatible; Googlebot/2.1; +http://www.google.com/bot.html)"
66.249.75.198 - - [17/Oct/2024:19:22:47 -0400] "GET /hehehehehe.php?dir=%2Fhome%2Fantommvy%2Fpublic_html%2Fwp-content%2Fthemes%2Fplumberx%2Fgenericons HTTP/1.1" 200 2172 "-" "Mozilla/5.0 (Linux; Android 6.0.1; Nexus 5X Build/MMB29P) AppleWebKit/537.36 (KHTML, like Gecko) Chrome/129.0.6668.89 Mobile Safari/537.36 (compatible; Googlebot/2.1; +http://www.google.com/bot.html)"
103.237.145.122 - - [17/Oct/2024:19:24:56 -0400] "POST /wp-login.php HTTP/1.1" 302 0 "-" "Mozilla/5.0 (Windows NT 6.1; WOW64) AppleWebKit/537.36 (KHTML, like Gecko) Chrome/32.0.1700.107 Safari/537.36"
207.46.13.7 - - [17/Oct/2024:19:25:22 -0400] "GET /wp-content/uploads/2020/12/IMG_3335-768x1024.jpeg HTTP/1.1" 200 107846 "-" "Mozilla/5.0 AppleWebKit/537.36 (KHTML, like Gecko; compatible; bingbot/2.0; +http://www.bing.com/bingbot.htm) Chrome/116.0.1938.76 Safari/537.36"
66.249.75.198 - - [17/Oct/2024:19:30:08 -0400] "GET /hehehehehe.php?dir=%2Fhome%2Fantommvy%2Fpublic_html%2Fwp-content%2Fthemes%2Fplumberx%2Flanguages HTTP/1.1" 200 1857 "-" "Mozilla/5.0 (Linux; Android 6.0.1; Nexus 5X Build/MMB29P) AppleWebKit/537.36 (KHTML, like Gecko) Chrome/129.0.6668.89 Mobile Safari/537.36 (compatible; Googlebot/2.1; +http://www.google.com/bot.html)"
66.249.75.198 - - [17/Oct/2024:19:33:16 -0400] "GET /hehehehehe.php?dir=%2Fhome%2Fantommvy%2Fpublic_html%2Fwp-content%2Fuploads%2F2018%2F12 HTTP/1.1" 200 52515 "-" "Mozilla/5.0 (Linux; Android 6.0.1; Nexus 5X Build/MMB29P) AppleWebKit/537.36 (KHTML, like Gecko) Chrome/129.0.6668.89 Mobile Safari/537.36 (compatible; Googlebot/2.1; +http://www.google.com/bot.html)"
66.249.77.229 - - [17/Oct/2024:19:33:16 -0400] "GET /QH9A7xU15e HTTP/1.1" 404 1251 "-" "Mozilla/5.0 (Linux; Android 6.0.1; Nexus 5X Build/MMB29P) AppleWebKit/537.36 (KHTML, like Gecko) Chrome/129.0.6668.89 Mobile Safari/537.36 (compatible; Googlebot/2.1; +http://www.google.com/bot.html)"
66.249.75.198 - - [17/Oct/2024:19:34:18 -0400] "GET /hehehehehe.php?dir=%2Fhome%2Fantommvy%2Fpublic_html%2Fwp-content%2Fthemes%2Fplumberx%2Ffonts HTTP/1.1" 200 2559 "-" "Mozilla/5.0 (Linux; Android 6.0.1; Nexus 5X Build/MMB29P) AppleWebKit/537.36 (KHTML, like Gecko) Chrome/129.0.6668.89 Mobile Safari/537.36 (compatible; Googlebot/2.1; +http://www.google.com/bot.html)"
66.249.75.199 - - [17/Oct/2024:19:35:52 -0400] "GET /hehehehehe.php?dir=%2Fhome%2Fantommvy%2Fpublic_html%2Fwp-content%2Fthemes%2Fplumberx%2Fwoocommerce HTTP/1.1" 200 2147 "-" "Mozilla/5.0 (Linux; Android 6.0.1; Nexus 5X Build/MMB29P) AppleWebKit/537.36 (KHTML, like Gecko) Chrome/129.0.6668.89 Mobile Safari/537.36 (compatible; Googlebot/2.1; +http://www.google.com/bot.html)"
47.111.116.44 - - [17/Oct/2024:19:35:52 -0400] "POST /wp-login.php HTTP/1.1" 302 0 "-" "Mozilla/5.0 (Windows NT 6.1; WOW64) AppleWebKit/537.36 (KHTML, like Gecko) Chrome/36.0.1985.125 Safari/537.36"
47.111.116.44 - - [17/Oct/2024:19:35:55 -0400] "GET /wp-admin/install.php HTTP/1.1" 200 0 "-" "Mozilla/5.0 (Windows NT 6.1; WOW64) AppleWebKit/537.36 (KHTML, like Gecko) Chrome/36.0.1985.125 Safari/537.36"
54.37.224.64 - - [17/Oct/2024:19:37:00 -0400] "GET /wp-admin/install.php HTTP/1.1" 200 0 "-" "Mozilla/5.0 (Windows NT 10.0; WOW64) AppleWebKit/537.36 (KHTML, like Gecko) Chrome/79.0.3945.130 Safari/537.36"
54.36.149.57 - - [17/Oct/2024:19:41:38 -0400] "GET /classwithtostring.php?fileloc=/home/antommvy/public_html/hehehehehe.php&path=/home/antommvy/public_html HTTP/1.1" 200 5009 "-" "Mozilla/5.0 (compatible; AhrefsBot/7.0; +http://ahrefs.com/robot/)"
54.36.148.190 - - [17/Oct/2024:19:41:40 -0400] "GET /classwithtostring.php?fileloc=/home/antommvy/public_html/hehehehehe.php&path=/home/antommvy/public_html HTTP/1.1" 200 5009 "-" "Mozilla/5.0 (compatible; AhrefsBot/7.0; +http://ahrefs.com/robot/)"
20.101.95.92 - - [17/Oct/2024:19:48:59 -0400] "POST /wp-login.php HTTP/1.1" 302 0 "-" "Mozilla/5.0 (Windows NT 10.0; Win64; x64) AppleWebKit/537.36 (KHTML, like Gecko) Chrome/62.0.3202.89 Safari/537.36"
54.37.224.64 - - [17/Oct/2024:19:36:58 -0400] "POST /wp-login.php HTTP/1.1" 302 0 "-" "Mozilla/5.0 (Windows NT 10.0; WOW64) AppleWebKit/537.36 (KHTML, like Gecko) Chrome/79.0.3945.130 Safari/537.36"
66.249.75.200 - - [17/Oct/2024:19:39:50 -0400] "GET /do-i-need-a-powerflush-of-central-heating/ HTTP/1.1" 404 1251 "-" "Mozilla/5.0 (Linux; Android 6.0.1; Nexus 5X Build/MMB29P) AppleWebKit/537.36 (KHTML, like Gecko) Chrome/129.0.6668.89 Mobile Safari/537.36 (compatible; GoogleOther)"
47.105.43.240 - - [17/Oct/2024:19:47:54 -0400] "POST /wp-login.php HTTP/1.1" 302 0 "-" "Mozilla/5.0 (Windows NT 10.0; WOW64) AppleWebKit/537.36 (KHTML, like Gecko) Chrome/55.0.2883.87 Safari/537.36"
47.105.43.240 - - [17/Oct/2024:19:47:57 -0400] "GET /wp-admin/install.php HTTP/1.1" 200 0 "-" "Mozilla/5.0 (Windows NT 10.0; WOW64) AppleWebKit/537.36 (KHTML, like Gecko) Chrome/55.0.2883.87 Safari/537.36"
66.249.75.199 - - [17/Oct/2024:19:49:07 -0400] "GET /hehehehehe.php?dir=%2Fhome%2Fantommvy%2Fpublic_html%2Fwp-content%2Fuploads%2F2015%2F06 HTTP/1.1" 200 1984 "-" "Mozilla/5.0 (Linux; Android 6.0.1; Nexus 5X Build/MMB29P) AppleWebKit/537.36 (KHTML, like Gecko) Chrome/129.0.6668.89 Mobile Safari/537.36 (compatible; Googlebot/2.1; +http://www.google.com/bot.html)"
20.101.95.92 - - [17/Oct/2024:19:49:01 -0400] "GET /wp-admin/install.php HTTP/1.1" 200 0 "-" "Mozilla/5.0 (Windows NT 10.0; Win64; x64) AppleWebKit/537.36 (KHTML, like Gecko) Chrome/62.0.3202.89 Safari/537.36"
66.249.75.200 - - [17/Oct/2024:19:50:07 -0400] "GET /hehehehehe.php?dir=%2Fhome%2Fantommvy%2Fpublic_html%2Fwp-content%2Fuploads%2F2021%2F04 HTTP/1.1" 200 1615 "-" "Mozilla/5.0 (Linux; Android 6.0.1; Nexus 5X Build/MMB29P) AppleWebKit/537.36 (KHTML, like Gecko) Chrome/129.0.6668.89 Mobile Safari/537.36 (compatible; Googlebot/2.1; +http://www.google.com/bot.html)"
66.249.75.200 - - [17/Oct/2024:19:56:19 -0400] "GET /hehehehehe.php?dir=%2Fhome%2Fantommvy%2Fpublic_html%2Fwp-content%2Fplugins HTTP/1.1" 200 2742 "-" "Mozilla/5.0 (Linux; Android 6.0.1; Nexus 5X Build/MMB29P) AppleWebKit/537.36 (KHTML, like Gecko) Chrome/129.0.6668.89 Mobile Safari/537.36 (compatible; Googlebot/2.1; +http://www.google.com/bot.html)"
47.244.50.243 - - [17/Oct/2024:19:59:59 -0400] "GET /wp-admin/install.php HTTP/1.1" 200 0 "-" "Mozilla/5.0 (Windows NT 6.0) AppleWebKit/537.36 (KHTML, like Gecko) Chrome/49.0.2623.112 Safari/537.36"
66.249.75.200 - - [17/Oct/2024:20:00:36 -0400] "GET /hehehehehe.php?dir=%2Fhome%2Fantommvy%2Fpublic_html%2Fwp-content%2Fthemes%2FAvada%2Fassets%2Fcss HTTP/1.1" 200 2347 "-" "Mozilla/5.0 (Linux; Android 6.0.1; Nexus 5X Build/MMB29P) AppleWebKit/537.36 (KHTML, like Gecko) Chrome/129.0.6668.89 Mobile Safari/537.36 (compatible; Googlebot/2.1; +http://www.google.com/bot.html)"
45.81.232.20 - - [17/Oct/2024:20:01:04 -0400] "POST /wp-login.php HTTP/1.1" 302 0 "-" "Mozilla/5.0 (Windows NT 10.0; Win64; x64) AppleWebKit/537.36 (KHTML, like Gecko) Chrome/73.0.3683.86 Safari/537.36"
52.167.144.167 - - [17/Oct/2024:20:01:15 -0400] "GET /css/kixyBPw2s38gBxH HTTP/1.1" 404 1251 "-" "Mozilla/5.0 AppleWebKit/537.36 (KHTML, like Gecko; compatible; bingbot/2.0; +http://www.bing.com/bingbot.htm) Chrome/116.0.1938.76 Safari/537.36"
66.249.75.200 - - [17/Oct/2024:20:02:42 -0400] "GET /hehehehehe.php?dir=%2Fhome%2Fantommvy%2Fpublic_html%2Fwp-content%2Fthemes%2FAvada%2Fassets%2Fadmin HTTP/1.1" 200 2005 "-" "Mozilla/5.0 (Linux; Android 6.0.1; Nexus 5X Build/MMB29P) AppleWebKit/537.36 (KHTML, like Gecko) Chrome/129.0.6668.89 Mobile Safari/537.36 (compatible; Googlebot/2.1; +http://www.google.com/bot.html)"
66.249.77.227 - - [17/Oct/2024:20:05:50 -0400] "GET /NmMRMgN7G HTTP/1.1" 404 1251 "-" "Mozilla/5.0 (Linux; Android 6.0.1; Nexus 5X Build/MMB29P) AppleWebKit/537.36 (KHTML, like Gecko) Chrome/129.0.6668.89 Mobile Safari/537.36 (compatible; Googlebot/2.1; +http://www.google.com/bot.html)"
66.249.75.200 - - [17/Oct/2024:19:51:09 -0400] "GET /hehehehehe.php?dir=%2Fhome%2Fantommvy%2Fpublic_html%2Fwp-content%2Fthemes%2Fplumberx%2Fimg HTTP/1.1" 200 2879 "-" "Mozilla/5.0 (Linux; Android 6.0.1; Nexus 5X Build/MMB29P) AppleWebKit/537.36 (KHTML, like Gecko) Chrome/129.0.6668.89 Mobile Safari/537.36 (compatible; Googlebot/2.1; +http://www.google.com/bot.html)"
66.249.75.198 - - [17/Oct/2024:19:53:13 -0400] "GET /hehehehehe.php?dir=%2Fhome%2Fantommvy%2Fpublic_html%2Fwp-content%2Fthemes%2Fplumberx%2Fjs HTTP/1.1" 200 2527 "-" "Mozilla/5.0 (Linux; Android 6.0.1; Nexus 5X Build/MMB29P) AppleWebKit/537.36 (KHTML, like Gecko) Chrome/129.0.6668.89 Mobile Safari/537.36 (compatible; Googlebot/2.1; +http://www.google.com/bot.html)"
66.249.75.198 - - [17/Oct/2024:19:54:50 -0400] "GET /hehehehehe.php?dir=%2Fhome%2Fantommvy%2Fpublic_html%2Fwp-content%2Fthemes%2FAvada%2Fincludes%2Flib%2Finc%2Fimporter HTTP/1.1" 200 2051 "-" "Mozilla/5.0 (Linux; Android 6.0.1; Nexus 5X Build/MMB29P) AppleWebKit/537.36 (KHTML, like Gecko) Chrome/129.0.6668.89 Mobile Safari/537.36 (compatible; GoogleOther)"
66.249.75.200 - - [17/Oct/2024:19:55:16 -0400] "GET /hehehehehe.php?dir=%2Fhome%2Fantommvy%2Fpublic_html%2Fwp-content%2Fuploads%2F2021%2F10 HTTP/1.1" 200 39068 "-" "Mozilla/5.0 (Linux; Android 6.0.1; Nexus 5X Build/MMB29P) AppleWebKit/537.36 (KHTML, like Gecko) Chrome/129.0.6668.89 Mobile Safari/537.36 (compatible; Googlebot/2.1; +http://www.google.com/bot.html)"
66.249.77.227 - - [17/Oct/2024:19:57:32 -0400] "GET /4x2ki3SqVtNi1h HTTP/1.1" 404 1251 "-" "Mozilla/5.0 (Linux; Android 6.0.1; Nexus 5X Build/MMB29P) AppleWebKit/537.36 (KHTML, like Gecko) Chrome/129.0.6668.89 Mobile Safari/537.36 (compatible; Googlebot/2.1; +http://www.google.com/bot.html)"
66.249.75.199 - - [17/Oct/2024:19:59:32 -0400] "GET /hehehehehe.php?dir=%2Fhome%2Fantommvy%2Fwww%2Fwp-includes%2FSimplePie%2FXML HTTP/1.1" 200 1887 "-" "Mozilla/5.0 (Linux; Android 6.0.1; Nexus 5X Build/MMB29P) AppleWebKit/537.36 (KHTML, like Gecko) Chrome/129.0.6668.89 Mobile Safari/537.36 (compatible; Googlebot/2.1; +http://www.google.com/bot.html)"
47.244.50.243 - - [17/Oct/2024:19:59:56 -0400] "POST /wp-login.php HTTP/1.1" 302 0 "-" "Mozilla/5.0 (Windows NT 6.0) AppleWebKit/537.36 (KHTML, like Gecko) Chrome/49.0.2623.112 Safari/537.36"
45.81.232.20 - - [17/Oct/2024:20:01:06 -0400] "GET /wp-admin/install.php HTTP/1.1" 200 0 "-" "Mozilla/5.0 (Windows NT 10.0; Win64; x64) AppleWebKit/537.36 (KHTML, like Gecko) Chrome/73.0.3683.86 Safari/537.36"
66.249.75.199 - - [17/Oct/2024:20:06:50 -0400] "GET /hehehehehe.php?dir=%2Fhome%2Fantommvy%2Fpublic_html%2Fwp-content%2Fthemes%2Fplumberx%2Fwoocommerce%2Fcheckout HTTP/1.1" 200 1907 "-" "Mozilla/5.0 (Linux; Android 6.0.1; Nexus 5X Build/MMB29P) AppleWebKit/537.36 (KHTML, like Gecko) Chrome/129.0.6668.89 Mobile Safari/537.36 (compatible; Googlebot/2.1; +http://www.google.com/bot.html)"
66.249.75.199 - - [17/Oct/2024:20:10:00 -0400] "GET /hehehehehe.php?dir=%2Fhome%2Fantommvy%2Fpublic_html%2Fwp-content%2Fthemes%2Fplumberx%2Fimg%2Fcontact-page HTTP/1.1" 200 1913 "-" "Mozilla/5.0 (Linux; Android 6.0.1; Nexus 5X Build/MMB29P) AppleWebKit/537.36 (KHTML, like Gecko) Chrome/129.0.6668.89 Mobile Safari/537.36 (compatible; Googlebot/2.1; +http://www.google.com/bot.html)"
37.187.76.186 - - [17/Oct/2024:20:12:12 -0400] "GET /wp-admin/install.php HTTP/1.1" 200 0 "-" "Mozilla/5.0 (Windows NT 6.1; WOW64) AppleWebKit/537.36 (KHTML, like Gecko) Chrome/48.0.2564.109 Safari/537.36"
148.72.214.194 - - [17/Oct/2024:20:13:18 -0400] "POST /wp-login.php HTTP/1.1" 302 0 "-" "Mozilla/5.0 (Windows NT 10.0; WOW64) AppleWebKit/537.36 (KHTML, like Gecko) Chrome/55.0.2883.87 Safari/537.36"
148.72.214.194 - - [17/Oct/2024:20:13:20 -0400] "GET /wp-admin/install.php HTTP/1.1" 200 0 "-" "Mozilla/5.0 (Windows NT 10.0; WOW64) AppleWebKit/537.36 (KHTML, like Gecko) Chrome/55.0.2883.87 Safari/537.36"
66.249.75.200 - - [17/Oct/2024:20:15:10 -0400] "GET /hehehehehe.php?dir=%2Fhome%2Fantommvy%2F.htpasswds HTTP/1.1" 403 1242 "-" "Mozilla/5.0 (Linux; Android 6.0.1; Nexus 5X Build/MMB29P) AppleWebKit/537.36 (KHTML, like Gecko) Chrome/129.0.6668.89 Mobile Safari/537.36 (compatible; Googlebot/2.1; +http://www.google.com/bot.html)"
66.249.77.227 - - [17/Oct/2024:20:15:54 -0400] "GET /E9jagHFS HTTP/1.1" 404 1251 "-" "Mozilla/5.0 (Linux; Android 6.0.1; Nexus 5X Build/MMB29P) AppleWebKit/537.36 (KHTML, like Gecko) Chrome/129.0.6668.89 Mobile Safari/537.36 (compatible; Googlebot/2.1; +http://www.google.com/bot.html)"
66.249.75.200 - - [17/Oct/2024:20:17:20 -0400] "GET /hehehehehe.php?dir=%2Fhome%2Fantommvy%2Fpublic_html%2Fwp-content%2Fplugins%2Fwp-reviews-plugin-for-google HTTP/1.1" 200 2332 "-" "Mozilla/5.0 (Linux; Android 6.0.1; Nexus 5X Build/MMB29P) AppleWebKit/537.36 (KHTML, like Gecko) Chrome/129.0.6668.89 Mobile Safari/537.36 (compatible; GoogleOther)"
66.249.75.198 - - [17/Oct/2024:20:18:23 -0400] "GET /hehehehehe.php?dir=%2Fhome%2Fantommvy%2Fwww%2Fwp-includes%2FSimplePie%2FXML%2FDeclaration HTTP/1.1" 200 1901 "-" "Mozilla/5.0 (Linux; Android 6.0.1; Nexus 5X Build/MMB29P) AppleWebKit/537.36 (KHTML, like Gecko) Chrome/129.0.6668.89 Mobile Safari/537.36 (compatible; Googlebot/2.1; +http://www.google.com/bot.html)"
66.249.75.198 - - [17/Oct/2024:20:19:28 -0400] "GET /hehehehehe.php?dir=%2Fhome%2Fantommvy%2F.cpanel HTTP/1.1" 200 2376 "-" "Mozilla/5.0 (Linux; Android 6.0.1; Nexus 5X Build/MMB29P) AppleWebKit/537.36 (KHTML, like Gecko) Chrome/129.0.6668.89 Mobile Safari/537.36 (compatible; Googlebot/2.1; +http://www.google.com/bot.html)"
66.249.75.198 - - [17/Oct/2024:20:19:28 -0400] "GET /hehehehehe.php?dir=%2Fhome%2Fantommvy%2Fpublic_html%2Fwp-content%2Fthemes%2FAvada%2Fassets%2Fadmin%2Fimages HTTP/1.1" 200 1886 "-" "Mozilla/5.0 (Linux; Android 6.0.1; Nexus 5X Build/MMB29P) AppleWebKit/537.36 (KHTML, like Gecko) Chrome/129.0.6668.89 Mobile Safari/537.36 (compatible; Googlebot/2.1; +http://www.google.com/bot.html)"
138.68.82.23 - - [17/Oct/2024:20:20:43 -0400] "GET / HTTP/1.1" 200 9058 "-" "-"
138.68.82.23 - - [17/Oct/2024:20:20:43 -0400] "GET /server HTTP/1.1" 404 1251 "-" "Go-http-client/1.1"
138.68.82.23 - - [17/Oct/2024:20:20:43 -0400] "GET /about HTTP/1.1" 404 1251 "-" "Go-http-client/1.1"
138.68.82.23 - - [17/Oct/2024:20:20:43 -0400] "GET /debug/default/view?panel=config HTTP/1.1" 404 1251 "-" "Go-http-client/1.1"
138.68.82.23 - - [17/Oct/2024:20:20:43 -0400] "GET /v2/_catalog HTTP/1.1" 404 1251 "-" "Go-http-client/1.1"
138.68.82.23 - - [17/Oct/2024:20:20:44 -0400] "GET /login.action HTTP/1.1" 404 1251 "-" "Go-http-client/1.1"
138.68.82.23 - - [17/Oct/2024:20:20:44 -0400] "GET /_all_dbs HTTP/1.1" 404 1251 "-" "Mozilla/5.0 (l9scan/2.0.4343e2535313e21363e2538313; +https://leakix.net)"
138.68.82.23 - - [17/Oct/2024:20:20:44 -0400] "GET /.git/config HTTP/1.1" 403 1242 "-" "Go-http-client/1.1"
138.68.82.23 - - [17/Oct/2024:20:20:44 -0400] "GET /s/4343e2535313e21363e2538313/_/;/META-INF/maven/com.atlassian.jira/jira-webapp-dist/pom.properties HTTP/1.1" 404 1251 "-" "Go-http-client/1.1"
138.68.82.23 - - [17/Oct/2024:20:20:44 -0400] "GET /telescope/requests HTTP/1.1" 404 1251 "-" "Go-http-client/1.1"
66.249.75.200 - - [17/Oct/2024:20:08:59 -0400] "GET /hehehehehe.php?dir=%2Fhome%2Fantommvy%2Fpublic_html%2Fwp-content%2Fthemes%2Fplumberx%2Fimg%2Ffancybox HTTP/1.1" 200 2143 "-" "Mozilla/5.0 (Linux; Android 6.0.1; Nexus 5X Build/MMB29P) AppleWebKit/537.36 (KHTML, like Gecko) Chrome/129.0.6668.89 Mobile Safari/537.36 (compatible; Googlebot/2.1; +http://www.google.com/bot.html)"
66.249.75.199 - - [17/Oct/2024:20:11:04 -0400] "GET /hehehehehe.php?dir=%2Fhome%2Fantommvy%2F.cl.selector HTTP/1.1" 200 1888 "-" "Mozilla/5.0 (Linux; Android 6.0.1; Nexus 5X Build/MMB29P) AppleWebKit/537.36 (KHTML, like Gecko) Chrome/129.0.6668.89 Mobile Safari/537.36 (compatible; Googlebot/2.1; +http://www.google.com/bot.html)"
37.187.76.186 - - [17/Oct/2024:20:12:10 -0400] "POST /wp-login.php HTTP/1.1" 302 0 "-" "Mozilla/5.0 (Windows NT 6.1; WOW64) AppleWebKit/537.36 (KHTML, like Gecko) Chrome/48.0.2564.109 Safari/537.36"
66.249.75.199 - - [17/Oct/2024:20:20:41 -0400] "GET /hehehehehe.php?dir=%2Fhome%2Fantommvy%2Fpublic_html%2Fwp-content%2Fplugins%2Fwp-super-cache HTTP/1.1" 200 2937 "-" "Mozilla/5.0 (Linux; Android 6.0.1; Nexus 5X Build/MMB29P) AppleWebKit/537.36 (KHTML, like Gecko) Chrome/129.0.6668.89 Mobile Safari/537.36 (compatible; Googlebot/2.1; +http://www.google.com/bot.html)"
138.68.82.23 - - [17/Oct/2024:20:20:43 -0400] "GET / HTTP/1.1" 200 9058 "-" "Mozilla/5.0 (Linux; Android 6.0; HTC One M9 Build/MRA825814) AppleWebKit/537.36 (KHTML, like Gecko) Chrome/52.0.3107.98 Mobile Safari/537.3"
138.68.82.23 - - [17/Oct/2024:20:20:43 -0400] "GET /.vscode/sftp.json HTTP/1.1" 404 1251 "-" "Go-http-client/1.1"
138.68.82.23 - - [17/Oct/2024:20:20:44 -0400] "GET /ecp/Current/exporttool/microsoft.exchange.ediscovery.exporttool.application HTTP/1.1" 404 1251 "-" "Go-http-client/1.1"
138.68.82.23 - - [17/Oct/2024:20:20:44 -0400] "GET /.DS_Store HTTP/1.1" 404 1251 "-" "Go-http-client/1.1"
138.68.82.23 - - [17/Oct/2024:20:20:44 -0400] "GET /.env HTTP/1.1" 404 1251 "-" "Go-http-client/1.1"
138.68.82.23 - - [17/Oct/2024:20:20:44 -0400] "GET /config.json HTTP/1.1" 404 1251 "-" "Go-http-client/1.1"
138.68.82.23 - - [17/Oct/2024:20:20:44 -0400] "GET /?rest_route=/wp/v2/users/ HTTP/1.1" 200 2057 "-" "Go-http-client/1.1"
66.249.75.199 - - [17/Oct/2024:20:22:43 -0400] "GET /hehehehehe.php?dir=%2Fhome%2Fantommvy%2F.nc_plugin HTTP/1.1" 200 1562 "-" "Mozilla/5.0 (Linux; Android 6.0.1; Nexus 5X Build/MMB29P) AppleWebKit/537.36 (KHTML, like Gecko) Chrome/129.0.6668.89 Mobile Safari/537.36 (compatible; Googlebot/2.1; +http://www.google.com/bot.html)"
66.249.77.227 - - [17/Oct/2024:20:23:44 -0400] "GET /llp37Ct3 HTTP/1.1" 404 1251 "-" "Mozilla/5.0 (Linux; Android 6.0.1; Nexus 5X Build/MMB29P) AppleWebKit/537.36 (KHTML, like Gecko) Chrome/129.0.6668.89 Mobile Safari/537.36 (compatible; Googlebot/2.1; +http://www.google.com/bot.html)"
206.72.195.91 - - [17/Oct/2024:20:24:22 -0400] "POST /wp-login.php HTTP/1.1" 302 0 "-" "Mozilla/5.0 (Windows NT 6.1; Win64; x64) AppleWebKit/537.36 (KHTML, like Gecko) Chrome/70.0.3538.67 Safari/537.36"
66.249.75.198 - - [17/Oct/2024:20:30:03 -0400] "GET /hehehehehe.php?dir=%2Fhome%2Fantommvy%2F.system-php HTTP/1.1" 200 1838 "-" "Mozilla/5.0 (Linux; Android 6.0.1; Nexus 5X Build/MMB29P) AppleWebKit/537.36 (KHTML, like Gecko) Chrome/129.0.6668.89 Mobile Safari/537.36 (compatible; Googlebot/2.1; +http://www.google.com/bot.html)"
66.249.75.198 - - [17/Oct/2024:20:32:09 -0400] "GET /hehehehehe.php?dir=%2Fhome%2Fantommvy%2Faccess-logs HTTP/1.1" 200 2128 "-" "Mozilla/5.0 (Linux; Android 6.0.1; Nexus 5X Build/MMB29P) AppleWebKit/537.36 (KHTML, like Gecko) Chrome/129.0.6668.89 Mobile Safari/537.36 (compatible; Googlebot/2.1; +http://www.google.com/bot.html)"
66.249.77.229 - - [17/Oct/2024:20:36:07 -0400] "GET /F8OyD9chSPQT1 HTTP/1.1" 404 1251 "-" "Mozilla/5.0 (Linux; Android 6.0.1; Nexus 5X Build/MMB29P) AppleWebKit/537.36 (KHTML, like Gecko) Chrome/129.0.6668.89 Mobile Safari/537.36 (compatible; Googlebot/2.1; +http://www.google.com/bot.html)"
31.184.209.12 - - [17/Oct/2024:20:36:34 -0400] "GET /wp-admin/install.php HTTP/1.1" 200 0 "-" "Mozilla/5.0 (Windows NT 10.0; Win64; x64) AppleWebKit/537.36 (KHTML, like Gecko) Chrome/73.0.3683.86 Safari/537.36"
66.249.77.229 - - [17/Oct/2024:20:39:04 -0400] "GET /WuBmp4DouGq HTTP/1.1" 404 1251 "-" "Mozilla/5.0 (Linux; Android 6.0.1; Nexus 5X Build/MMB29P) AppleWebKit/537.36 (KHTML, like Gecko) Chrome/129.0.6668.89 Mobile Safari/537.36 (compatible; Googlebot/2.1; +http://www.google.com/bot.html)"
66.249.77.228 - - [17/Oct/2024:20:39:04 -0400] "GET /c8vfA4vMB2fVA HTTP/1.1" 404 1251 "-" "Mozilla/5.0 (Linux; Android 6.0.1; Nexus 5X Build/MMB29P) AppleWebKit/537.36 (KHTML, like Gecko) Chrome/129.0.6668.89 Mobile Safari/537.36 (compatible; Googlebot/2.1; +http://www.google.com/bot.html)"
66.249.77.227 - - [17/Oct/2024:20:39:08 -0400] "GET /1Eaf8MoRLC5AOo HTTP/1.1" 404 1251 "-" "Mozilla/5.0 (Linux; Android 6.0.1; Nexus 5X Build/MMB29P) AppleWebKit/537.36 (KHTML, like Gecko) Chrome/129.0.6668.89 Mobile Safari/537.36 (compatible; Googlebot/2.1; +http://www.google.com/bot.html)"
66.249.77.227 - - [17/Oct/2024:20:40:15 -0400] "GET /MSAAxshvgoo HTTP/1.1" 404 1251 "-" "Mozilla/5.0 (Linux; Android 6.0.1; Nexus 5X Build/MMB29P) AppleWebKit/537.36 (KHTML, like Gecko) Chrome/129.0.6668.89 Mobile Safari/537.36 (compatible; Googlebot/2.1; +http://www.google.com/bot.html)"
206.72.195.91 - - [17/Oct/2024:20:24:25 -0400] "GET /wp-admin/install.php HTTP/1.1" 200 0 "-" "Mozilla/5.0 (Windows NT 6.1; Win64; x64) AppleWebKit/537.36 (KHTML, like Gecko) Chrome/70.0.3538.67 Safari/537.36"
66.249.75.199 - - [17/Oct/2024:20:25:52 -0400] "GET /hehehehehe.php?dir=%2Fhome%2Fantommvy%2Fsoftaculous_backups HTTP/1.1" 200 1799 "-" "Mozilla/5.0 (Linux; Android 6.0.1; Nexus 5X Build/MMB29P) AppleWebKit/537.36 (KHTML, like Gecko) Chrome/129.0.6668.89 Mobile Safari/537.36 (compatible; Googlebot/2.1; +http://www.google.com/bot.html)"
31.184.209.12 - - [17/Oct/2024:20:36:31 -0400] "POST /wp-login.php HTTP/1.1" 302 0 "-" "Mozilla/5.0 (Windows NT 10.0; Win64; x64) AppleWebKit/537.36 (KHTML, like Gecko) Chrome/73.0.3683.86 Safari/537.36"
200.234.226.20 - - [17/Oct/2024:20:37:37 -0400] "POST /wp-login.php HTTP/1.1" 302 0 "-" "Mozilla/5.0 (Windows NT 6.3; Win64; x64) AppleWebKit/537.36 (KHTML, like Gecko) Chrome/77.0.3865.90 Safari/537.36"
200.234.226.20 - - [17/Oct/2024:20:37:40 -0400] "GET /wp-admin/install.php HTTP/1.1" 200 0 "-" "Mozilla/5.0 (Windows NT 6.3; Win64; x64) AppleWebKit/537.36 (KHTML, like Gecko) Chrome/77.0.3865.90 Safari/537.36"
66.249.75.200 - - [17/Oct/2024:20:39:05 -0400] "GET /hehehehehe.php?dir=%2Fusr%2Flocal%2Fapache HTTP/1.1" 200 1869 "-" "Mozilla/5.0 (Linux; Android 6.0.1; Nexus 5X Build/MMB29P) AppleWebKit/537.36 (KHTML, like Gecko) Chrome/129.0.6668.89 Mobile Safari/537.36 (compatible; Googlebot/2.1; +http://www.google.com/bot.html)"
66.249.75.199 - - [17/Oct/2024:20:39:50 -0400] "GET /hehehehehe.php?dir=%2Fhome%2Fantommvy%2Fpublic_html%2Fwp-content%2Fplugins%2Fduplicate-post HTTP/1.1" 200 2391 "-" "Mozilla/5.0 (Linux; Android 6.0.1; Nexus 5X Build/MMB29P) AppleWebKit/537.36 (KHTML, like Gecko) Chrome/129.0.6668.89 Mobile Safari/537.36 (compatible; GoogleOther)"
66.249.75.198 - - [17/Oct/2024:20:42:10 -0400] "GET /hehehehehe.php?dir=%2Fhome%2Fantommvy%2F.clwpos HTTP/1.1" 200 1779 "-" "Mozilla/5.0 (Linux; Android 6.0.1; Nexus 5X Build/MMB29P) AppleWebKit/537.36 (KHTML, like Gecko) Chrome/129.0.6668.89 Mobile Safari/537.36 (compatible; Googlebot/2.1; +http://www.google.com/bot.html)"
66.249.75.199 - - [17/Oct/2024:20:48:44 -0400] "GET /hehehehehe.php?dir=%2Fhome%2Fantommvy%2Fpublic_html%2Fwp-content%2Fthemes%2Fplumberx%2Fimg%2Fabout HTTP/1.1" 200 1906 "-" "Mozilla/5.0 (Linux; Android 6.0.1; Nexus 5X Build/MMB29P) AppleWebKit/537.36 (KHTML, like Gecko) Chrome/129.0.6668.89 Mobile Safari/537.36 (compatible; Googlebot/2.1; +http://www.google.com/bot.html)"
66.249.75.199 - - [17/Oct/2024:20:51:53 -0400] "GET /hehehehehe.php?dir=%2Fusr%2Flocal HTTP/1.1" 200 2134 "-" "Mozilla/5.0 (Linux; Android 6.0.1; Nexus 5X Build/MMB29P) AppleWebKit/537.36 (KHTML, like Gecko) Chrome/129.0.6668.89 Mobile Safari/537.36 (compatible; Googlebot/2.1; +http://www.google.com/bot.html)"
87.120.117.242 - - [17/Oct/2024:20:53:01 -0400] "GET /wp-login.php HTTP/1.1" 302 0 "-" "Mozilla/5.0"
66.249.75.198 - - [17/Oct/2024:20:55:03 -0400] "GET /hehehehehe.php?dir=%2Fhome%2Fantommvy%2F.system-php%2Fconf HTTP/1.1" 200 1815 "-" "Mozilla/5.0 (Linux; Android 6.0.1; Nexus 5X Build/MMB29P) AppleWebKit/537.36 (KHTML, like Gecko) Chrome/129.0.6668.89 Mobile Safari/537.36 (compatible; Googlebot/2.1; +http://www.google.com/bot.html)"
66.249.75.199 - - [17/Oct/2024:20:44:18 -0400] "GET /hehehehehe.php?dir=%2Fhome%2Fantommvy%2Flogs HTTP/1.1" 200 2147 "-" "Mozilla/5.0 (Linux; Android 6.0.1; Nexus 5X Build/MMB29P) AppleWebKit/537.36 (KHTML, like Gecko) Chrome/129.0.6668.89 Mobile Safari/537.36 (compatible; Googlebot/2.1; +http://www.google.com/bot.html)"
66.249.75.200 - - [17/Oct/2024:20:46:40 -0400] "GET /hehehehehe.php?dir=%2Fhome%2Fantommvy%2Fperl5 HTTP/1.1" 200 1853 "-" "Mozilla/5.0 (Linux; Android 6.0.1; Nexus 5X Build/MMB29P) AppleWebKit/537.36 (KHTML, like Gecko) Chrome/129.0.6668.89 Mobile Safari/537.36 (compatible; Googlebot/2.1; +http://www.google.com/bot.html)"
217.182.158.226 - - [17/Oct/2024:20:48:40 -0400] "POST /wp-login.php HTTP/1.1" 302 0 "-" "Mozilla/5.0 (Windows; U; Windows NT 5.1; en-US) AppleWebKit/533.4 (KHTML, like Gecko) Chrome/5.0.375.99 Safari/533.4"
217.182.158.226 - - [17/Oct/2024:20:48:42 -0400] "GET /wp-admin/install.php HTTP/1.1" 200 2686 "-" "Mozilla/5.0 (Windows; U; Windows NT 5.1; en-US) AppleWebKit/533.4 (KHTML, like Gecko) Chrome/5.0.375.99 Safari/533.4"
139.59.43.165 - - [17/Oct/2024:20:49:45 -0400] "POST /wp-login.php HTTP/1.1" 302 0 "-" "Mozilla/5.0 (Windows NT 10.0; Win64; x64) AppleWebKit/537.36 (KHTML, like Gecko) Chrome/70.0.3538.67 Safari/537.36"
139.59.43.165 - - [17/Oct/2024:20:49:48 -0400] "GET /wp-admin/install.php HTTP/1.1" 200 0 "-" "Mozilla/5.0 (Windows NT 10.0; Win64; x64) AppleWebKit/537.36 (KHTML, like Gecko) Chrome/70.0.3538.67 Safari/537.36"
66.249.75.198 - - [17/Oct/2024:20:50:51 -0400] "GET /hehehehehe.php?dir=%2Fhome%2Fantommvy%2F.cphorde HTTP/1.1" 200 1990 "-" "Mozilla/5.0 (Linux; Android 6.0.1; Nexus 5X Build/MMB29P) AppleWebKit/537.36 (KHTML, like Gecko) Chrome/129.0.6668.89 Mobile Safari/537.36 (compatible; Googlebot/2.1; +http://www.google.com/bot.html)"
66.249.75.199 - - [17/Oct/2024:20:52:57 -0400] "GET /hehehehehe.php?dir=%2Fhome%2Fantommvy%2F.softaculous HTTP/1.1" 200 2331 "-" "Mozilla/5.0 (Linux; Android 6.0.1; Nexus 5X Build/MMB29P) AppleWebKit/537.36 (KHTML, like Gecko) Chrome/129.0.6668.89 Mobile Safari/537.36 (compatible; Googlebot/2.1; +http://www.google.com/bot.html)"
87.120.117.242 - - [17/Oct/2024:20:52:56 -0400] "GET /wp-login.php HTTP/1.1" 302 0 "-" "Mozilla/5.0"
66.249.75.200 - - [17/Oct/2024:20:53:59 -0400] "GET /hehehehehe.php?dir=%2Fusr%2Flocal%2Fapache%2Fdomlogs%2Fantommvy HTTP/1.1" 200 2120 "-" "Mozilla/5.0 (Linux; Android 6.0.1; Nexus 5X Build/MMB29P) AppleWebKit/537.36 (KHTML, like Gecko) Chrome/129.0.6668.89 Mobile Safari/537.36 (compatible; Googlebot/2.1; +http://www.google.com/bot.html)"
66.249.75.199 - - [17/Oct/2024:20:57:06 -0400] "GET /hehehehehe.php?dir=%2Fhome%2Fantommvy%2Flscache HTTP/1.1" 200 2228 "-" "Mozilla/5.0 (Linux; Android 6.0.1; Nexus 5X Build/MMB29P) AppleWebKit/537.36 (KHTML, like Gecko) Chrome/129.0.6668.89 Mobile Safari/537.36 (compatible; Googlebot/2.1; +http://www.google.com/bot.html)"
52.230.86.139 - - [17/Oct/2024:21:00:48 -0400] "POST /wp-login.php HTTP/1.1" 302 0 "-" "Mozilla/5.0 (Windows NT 6.1; WOW64) AppleWebKit/537.36 (KHTML, like Gecko) Chrome/36.0.1985.125 Safari/537.36"
51.38.235.150 - - [17/Oct/2024:21:01:54 -0400] "GET /wp-admin/install.php HTTP/1.1" 200 0 "-" "Mozilla/5.0 (Windows NT 10.0; Win64; x64) AppleWebKit/537.36 (KHTML, like Gecko) Chrome/72.0.3626.109 Safari/537.36"
66.249.75.198 - - [17/Oct/2024:21:04:19 -0400] "GET /hehehehehe.php?dir=%2Fhome%2Fantommvy%2Fpublic_html%2Fwp-content%2Fplugins%2Fwp-super-cache%2Fjs HTTP/1.1" 200 1943 "-" "Mozilla/5.0 (Linux; Android 6.0.1; Nexus 5X Build/MMB29P) AppleWebKit/537.36 (KHTML, like Gecko) Chrome/129.0.6668.89 Mobile Safari/537.36 (compatible; Googlebot/2.1; +http://www.google.com/bot.html)"
66.249.75.198 - - [17/Oct/2024:20:59:07 -0400] "GET /hehehehehe.php?dir=%2Fhome%2Fantommvy%2Fmail HTTP/1.1" 200 2873 "-" "Mozilla/5.0 (Linux; Android 6.0.1; Nexus 5X Build/MMB29P) AppleWebKit/537.36 (KHTML, like Gecko) Chrome/129.0.6668.89 Mobile Safari/537.36 (compatible; Googlebot/2.1; +http://www.google.com/bot.html)"
52.230.86.139 - - [17/Oct/2024:21:00:53 -0400] "GET /wp-admin/install.php HTTP/1.1" 200 0 "-" "Mozilla/5.0 (Windows NT 6.1; Win64; x64) AppleWebKit/537.36 (KHTML, like Gecko) Chrome/67.0.3396.87 Safari/537.36"
66.249.75.198 - - [17/Oct/2024:21:01:11 -0400] "GET /hehehehehe.php?dir=%2Fhome%2Fantommvy%2Fpublic_html%2Fwp-content%2Fplugins%2Fwp-super-cache%2Fstyling HTTP/1.1" 200 1895 "-" "Mozilla/5.0 (Linux; Android 6.0.1; Nexus 5X Build/MMB29P) AppleWebKit/537.36 (KHTML, like Gecko) Chrome/129.0.6668.89 Mobile Safari/537.36 (compatible; Googlebot/2.1; +http://www.google.com/bot.html)"
51.38.235.150 - - [17/Oct/2024:21:01:51 -0400] "POST /wp-login.php HTTP/1.1" 302 0 "-" "Mozilla/5.0 (Windows NT 10.0; Win64; x64) AppleWebKit/537.36 (KHTML, like Gecko) Chrome/72.0.3626.109 Safari/537.36"
66.249.75.200 - - [17/Oct/2024:21:02:20 -0400] "GET /hehehehehe.php?dir=%2Fhome%2Fantommvy%2Fpublic_html%2Fwp-content%2Fplugins%2Fwordpress-seo HTTP/1.1" 200 2660 "-" "Mozilla/5.0 (Linux; Android 6.0.1; Nexus 5X Build/MMB29P) AppleWebKit/537.36 (KHTML, like Gecko) Chrome/129.0.6668.89 Mobile Safari/537.36 (compatible; GoogleOther)"
66.249.75.199 - - [17/Oct/2024:21:04:19 -0400] "GET /hehehehehe.php?dir=%2Fhome%2Fantommvy%2F.trash HTTP/1.1" 200 1785 "-" "Mozilla/5.0 (Linux; Android 6.0.1; Nexus 5X Build/MMB29P) AppleWebKit/537.36 (KHTML, like Gecko) Chrome/129.0.6668.89 Mobile Safari/537.36 (compatible; Googlebot/2.1; +http://www.google.com/bot.html)"
66.249.75.199 - - [17/Oct/2024:21:05:20 -0400] "GET /hehehehehe.php?dir=%2Fhome%2Fantommvy%2Fpublic_html%2Ffonts HTTP/1.1" 200 2158 "-" "Mozilla/5.0 (Linux; Android 6.0.1; Nexus 5X Build/MMB29P) AppleWebKit/537.36 (KHTML, like Gecko) Chrome/129.0.6668.89 Mobile Safari/537.36 (compatible; Googlebot/2.1; +http://www.google.com/bot.html)"
66.249.75.198 - - [17/Oct/2024:21:05:54 -0400] "GET /hehehehehe.php?dir=%2Fhome%2Fantommvy%2Flscache%2F0 HTTP/1.1" 200 1565 "-" "Mozilla/5.0 (Linux; Android 6.0.1; Nexus 5X Build/MMB29P) AppleWebKit/537.36 (KHTML, like Gecko) Chrome/129.0.6668.89 Mobile Safari/537.36 (compatible; Googlebot/2.1; +http://www.google.com/bot.html)"
66.249.75.200 - - [17/Oct/2024:21:11:18 -0400] "GET /hehehehehe.php?dir=%2Fhome%2Fantommvy%2Fpublic_html%2Fwp-snapshots HTTP/1.1" 200 1978 "-" "Mozilla/5.0 (Linux; Android 6.0.1; Nexus 5X Build/MMB29P) AppleWebKit/537.36 (KHTML, like Gecko) Chrome/129.0.6668.89 Mobile Safari/537.36 (compatible; Googlebot/2.1; +http://www.google.com/bot.html)"
91.206.200.101 - - [17/Oct/2024:21:14:00 -0400] "POST /wp-login.php HTTP/1.1" 302 0 "-" "Mozilla/5.0 (Windows NT 6.1; Win64; x64) AppleWebKit/537.36 (KHTML, like Gecko) Chrome/81.0.4044.122 Safari/537.36"
91.206.200.101 - - [17/Oct/2024:21:14:03 -0400] "GET /wp-admin/install.php HTTP/1.1" 200 0 "-" "Mozilla/5.0 (Windows NT 6.1; Win64; x64) AppleWebKit/537.36 (KHTML, like Gecko) Chrome/81.0.4044.122 Safari/537.36"
66.249.75.198 - - [17/Oct/2024:21:06:33 -0400] "GET /hehehehehe.php?dir=%2Fhome%2Fantommvy%2Fmail%2F.Sent HTTP/1.1" 200 2012 "-" "Mozilla/5.0 (Linux; Android 6.0.1; Nexus 5X Build/MMB29P) AppleWebKit/537.36 (KHTML, like Gecko) Chrome/129.0.6668.89 Mobile Safari/537.36 (compatible; Googlebot/2.1; +http://www.google.com/bot.html)"
66.249.75.198 - - [17/Oct/2024:21:06:55 -0400] "GET /3qcxWu6RJqM0awF HTTP/1.1" 404 1251 "-" "Mozilla/5.0 (Linux; Android 6.0.1; Nexus 5X Build/MMB29P) AppleWebKit/537.36 (KHTML, like Gecko) Chrome/129.0.6668.89 Mobile Safari/537.36 (compatible; Googlebot/2.1; +http://www.google.com/bot.html)"
